{"id":78861,"date":"2023-12-13T21:54:41","date_gmt":"2023-12-13T20:54:41","guid":{"rendered":"https:\/\/www.soanam.de\/?post_type=product&#038;p=78861"},"modified":"2023-12-13T21:56:32","modified_gmt":"2023-12-13T20:56:32","slug":"s-oliver-daunenjacke-steppjacke-mit-schalkragen-in-schwarz-gr-40","status":"publish","type":"product","link":"https:\/\/www.soanam.de\/it\/produkt\/s-oliver-daunenjacke-steppjacke-mit-schalkragen-in-schwarz-gr-40\/","title":{"rendered":"S.Oliver Daunenjacke, Steppjacke, mit Schalkragen in schwarz Gr. 40"},"content":{"rendered":"<h3>Descrizione del<\/h3>\n<p>Produktinformation<\/p>\n<p>lange Steppjacke in seidenmatter Optik<br \/>\ntoniger, abkn\u00f6pfbarer Schalkragen<br \/>\nRei\u00dfverschluss mit zus\u00e4tzlicher Druckknopfleiste<br \/>\ndekorative Rei\u00dfverschluss-Details an den Seiten<br \/>\nzwei Eingrifftaschen mit softem Fleecefutter<br \/>\nfigurnahe Passform; R\u00fcckenl\u00e4nge bei Gr\u00f6\u00dfe 36 ca. 79 cm<br \/>\nhochwertige, glatte Nylon-Qualit\u00e4t mit w\u00e4rmeregulierender Daunen- und Federf\u00fcllung; hoher W\u00e4rmegrad f\u00fcr kalte Tage<br \/>\nObermaterial 100% Polyester; Futter: 100% Polyester; F\u00fcllmaterial 90% Daunen, 10% Federn; enth\u00e4lt nicht textile Teile tierischen Ursprungs (Daunen und Federn)<\/p>","protected":false},"excerpt":{"rendered":"<p>Caratteristiche dell'articolo<\/p>\n<p>Condizione dell'articolo: Nuovo con etichetta: articolo nuovo, non usato e non indossato nella sua confezione originale.<\/p>\n<table style=\"height: 647px;\" border=\"0\" width=\"370\" frame=\"VOID\" rules=\"NONE\" cellspacing=\"0\">\n<colgroup>\n<col width=\"137\" \/>\n<col width=\"138\" \/><\/colgroup>\n<tbody>\n<tr>\n<td align=\"LEFT\" width=\"137\" height=\"17\">Abteilung:<\/td>\n<td align=\"LEFT\" width=\"138\">Damen<\/td>\n<\/tr>\n<tr>\n<td align=\"LEFT\" height=\"17\">Akzente:<\/td>\n<td align=\"LEFT\">Gesteppt<\/td>\n<\/tr>\n<tr>\n<td align=\"LEFT\" height=\"17\">Anlass:<\/td>\n<td align=\"LEFT\">Outdoor<\/td>\n<\/tr>\n<tr>\n<td align=\"LEFT\" height=\"17\">Au\u00dfenmaterial:<\/td>\n<td align=\"LEFT\">Poliestere<\/td>\n<\/tr>\n<tr>\n<td align=\"LEFT\" height=\"17\">Caratteristiche speciali:<\/td>\n<td align=\"LEFT\">Abnehmbare Kapuze<\/td>\n<\/tr>\n<tr>\n<td align=\"LEFT\" height=\"17\">Charakter:<\/td>\n<td align=\"LEFT\">ohne<\/td>\n<\/tr>\n<tr>\n<td align=\"LEFT\" height=\"17\">EAN:<\/td>\n<td align=\"LEFT\">Nicht zutreffend<\/td>\n<\/tr>\n<tr>\n<td align=\"LEFT\" height=\"17\">Colore:<\/td>\n<td align=\"LEFT\">Mauve<\/td>\n<\/tr>\n<tr>\n<td align=\"LEFT\" height=\"17\">Futtermaterial:<\/td>\n<td align=\"LEFT\">Poliestere<\/td>\n<\/tr>\n<tr>\n<td align=\"LEFT\" height=\"17\">Gewebeart:<\/td>\n<td align=\"LEFT\">ohne Angabe<\/td>\n<\/tr>\n<tr>\n<td align=\"LEFT\" height=\"17\">Gr\u00f6\u00dfe:<\/td>\n<td align=\"LEFT\">40<\/td>\n<\/tr>\n<tr>\n<td align=\"LEFT\" height=\"17\">Gr\u00f6\u00dfenkategorie:<\/td>\n<td align=\"LEFT\">Normalgr\u00f6\u00dfe<\/td>\n<\/tr>\n<tr>\n<td align=\"LEFT\" height=\"17\">Isoliermaterial:<\/td>\n<td align=\"LEFT\">Poliestere<\/td>\n<\/tr>\n<tr>\n<td align=\"LEFT\" height=\"17\">Jacken-\/Mantell\u00e4nge:<\/td>\n<td align=\"LEFT\">Halblang<\/td>\n<\/tr>\n<tr>\n<td align=\"LEFT\" height=\"17\">Jahreszeit:<\/td>\n<td align=\"LEFT\">Herbst, Winter<\/td>\n<\/tr>\n<tr>\n<td align=\"LEFT\" height=\"17\">Marke:<\/td>\n<td align=\"LEFT\">Sealand<\/td>\n<\/tr>\n<tr>\n<td align=\"LEFT\" height=\"17\">Modell:<\/td>\n<td align=\"LEFT\">ohne Angabe<\/td>\n<\/tr>\n<tr>\n<td align=\"LEFT\" height=\"17\">Modello:<\/td>\n<td align=\"LEFT\">Ohne Muster<\/td>\n<\/tr>\n<tr>\n<td align=\"LEFT\" height=\"17\">Produktart:<\/td>\n<td align=\"LEFT\">Jacke<\/td>\n<\/tr>\n<tr>\n<td align=\"LEFT\" height=\"17\">Stil:<\/td>\n<td align=\"LEFT\">Steppjacke<\/td>\n<\/tr>\n<tr>\n<td align=\"LEFT\" height=\"17\">Thema:<\/td>\n<td align=\"LEFT\">Outdoor<\/td>\n<\/tr>\n<tr>\n<td align=\"LEFT\" height=\"17\">Verschluss:<\/td>\n<td align=\"LEFT\">Chiusura a zip<\/td>\n<\/tr>\n<tr>\n<td align=\"LEFT\" height=\"17\">Vintage:<\/td>\n<td align=\"LEFT\">Nein<\/td>\n<\/tr>\n<\/tbody>\n<\/table>","protected":false},"featured_media":78948,"comment_status":"open","ping_status":"closed","template":"","meta":{"_seopress_robots_primary_cat":"","_seopress_titles_title":"","_seopress_titles_desc":"","_seopress_robots_index":""},"product_brand":[],"product_cat":[1348,1354,1375,1376],"product_tag":[],"class_list":{"0":"post-78861","1":"product","2":"type-product","3":"status-publish","4":"has-post-thumbnail","6":"product_cat-damen-mode","7":"product_cat-jacken-maentel","8":"product_cat-winterjacken","9":"product_cat-daunenjacken-steppjacken","10":"product_shipping_class-standard-versand","12":"first","13":"instock","14":"sale","15":"taxable","16":"shipping-taxable","17":"purchasable","18":"product-type-simple"},"_links":{"self":[{"href":"https:\/\/www.soanam.de\/it\/wp-json\/wp\/v2\/product\/78861","targetHints":{"allow":["GET"]}}],"collection":[{"href":"https:\/\/www.soanam.de\/it\/wp-json\/wp\/v2\/product"}],"about":[{"href":"https:\/\/www.soanam.de\/it\/wp-json\/wp\/v2\/types\/product"}],"replies":[{"embeddable":true,"href":"https:\/\/www.soanam.de\/it\/wp-json\/wp\/v2\/comments?post=78861"}],"wp:featuredmedia":[{"embeddable":true,"href":"https:\/\/www.soanam.de\/it\/wp-json\/wp\/v2\/media\/78948"}],"wp:attachment":[{"href":"https:\/\/www.soanam.de\/it\/wp-json\/wp\/v2\/media?parent=78861"}],"wp:term":[{"taxonomy":"product_brand","embeddable":true,"href":"https:\/\/www.soanam.de\/it\/wp-json\/wp\/v2\/product_brand?post=78861"},{"taxonomy":"product_cat","embeddable":true,"href":"https:\/\/www.soanam.de\/it\/wp-json\/wp\/v2\/product_cat?post=78861"},{"taxonomy":"product_tag","embeddable":true,"href":"https:\/\/www.soanam.de\/it\/wp-json\/wp\/v2\/product_tag?post=78861"}],"curies":[{"name":"wp","href":"https:\/\/api.w.org\/{rel}","templated":true}]}}

<h3>Descrizione del</h3>
<p>Produktinformation</p>
<p>lange Steppjacke in seidenmatter Optik<br />
toniger, abknöpfbarer Schalkragen<br />
Reißverschluss mit zusätzlicher Druckknopfleiste<br />
dekorative Reißverschluss-Details an den Seiten<br />
zwei Eingrifftaschen mit softem Fleecefutter<br />
figurnahe Passform; Rückenlänge bei Größe 36 ca. 79 cm<br />
hochwertige, glatte Nylon-Qualität mit wärmeregulierender Daunen- und Federfüllung; hoher Wärmegrad für kalte Tage<br />
Obermaterial 100% Polyester; Futter: 100% Polyester; Füllmaterial 90% Daunen, 10% Federn; enthält nicht textile Teile tierischen Ursprungs (Daunen und Federn)</p>

<p>Caratteristiche dell'articolo</p>
<p>Condizione dell'articolo: Nuovo con etichetta: articolo nuovo, non usato e non indossato nella sua confezione originale.</p>
<table style="height: 647px;" border="0" width="370" frame="VOID" rules="NONE" cellspacing="0">
<colgroup>
<col width="137" />
<col width="138" /></colgroup>
<tbody>
<tr>
<td align="LEFT" width="137" height="17">Abteilung:</td>
<td align="LEFT" width="138">Damen</td>
</tr>
<tr>
<td align="LEFT" height="17">Akzente:</td>
<td align="LEFT">Gesteppt</td>
</tr>
<tr>
<td align="LEFT" height="17">Anlass:</td>
<td align="LEFT">Outdoor</td>
</tr>
<tr>
<td align="LEFT" height="17">Außenmaterial:</td>
<td align="LEFT">Poliestere</td>
</tr>
<tr>
<td align="LEFT" height="17">Caratteristiche speciali:</td>
<td align="LEFT">Abnehmbare Kapuze</td>
</tr>
<tr>
<td align="LEFT" height="17">Charakter:</td>
<td align="LEFT">ohne</td>
</tr>
<tr>
<td align="LEFT" height="17">EAN:</td>
<td align="LEFT">Nicht zutreffend</td>
</tr>
<tr>
<td align="LEFT" height="17">Colore:</td>
<td align="LEFT">Mauve</td>
</tr>
<tr>
<td align="LEFT" height="17">Futtermaterial:</td>
<td align="LEFT">Poliestere</td>
</tr>
<tr>
<td align="LEFT" height="17">Gewebeart:</td>
<td align="LEFT">ohne Angabe</td>
</tr>
<tr>
<td align="LEFT" height="17">Größe:</td>
<td align="LEFT">40</td>
</tr>
<tr>
<td align="LEFT" height="17">Größenkategorie:</td>
<td align="LEFT">Normalgröße</td>
</tr>
<tr>
<td align="LEFT" height="17">Isoliermaterial:</td>
<td align="LEFT">Poliestere</td>
</tr>
<tr>
<td align="LEFT" height="17">Jacken-/Mantellänge:</td>
<td align="LEFT">Halblang</td>
</tr>
<tr>
<td align="LEFT" height="17">Jahreszeit:</td>
<td align="LEFT">Herbst, Winter</td>
</tr>
<tr>
<td align="LEFT" height="17">Marke:</td>
<td align="LEFT">Sealand</td>
</tr>
<tr>
<td align="LEFT" height="17">Modell:</td>
<td align="LEFT">ohne Angabe</td>
</tr>
<tr>
<td align="LEFT" height="17">Modello:</td>
<td align="LEFT">Ohne Muster</td>
</tr>
<tr>
<td align="LEFT" height="17">Produktart:</td>
<td align="LEFT">Jacke</td>
</tr>
<tr>
<td align="LEFT" height="17">Stil:</td>
<td align="LEFT">Steppjacke</td>
</tr>
<tr>
<td align="LEFT" height="17">Thema:</td>
<td align="LEFT">Outdoor</td>
</tr>
<tr>
<td align="LEFT" height="17">Verschluss:</td>
<td align="LEFT">Chiusura a zip</td>
</tr>
<tr>
<td align="LEFT" height="17">Vintage:</td>
<td align="LEFT">Nein</td>
</tr>
</tbody>
</table>
