{"id":78693,"date":"2023-12-13T21:24:35","date_gmt":"2023-12-13T20:24:35","guid":{"rendered":"https:\/\/www.soanam.de\/?post_type=product&#038;p=78693"},"modified":"2023-12-13T21:26:54","modified_gmt":"2023-12-13T20:26:54","slug":"tommy-hilfiger-herren-peached-soft-poplin-shirt-herrenhemd-in-weiss-groesse-xl","status":"publish","type":"product","link":"https:\/\/www.soanam.de\/it\/produkt\/tommy-hilfiger-herren-peached-soft-poplin-shirt-herrenhemd-in-weiss-groesse-xl\/","title":{"rendered":"Tommy Hilfiger Uomo Peached Soft Poplin Shirt, camicia da uomo, in bianco, taglia XL"},"content":{"rendered":"<p>Gepeachtes weiches Popelin-Shirt<br \/>\nStandardgr\u00f6\u00dfe, Regular Fit<br \/>\nManica lunga<br \/>\nButton-down-Kragen<\/p>\n<p>Logo Flag auf der Brust<\/p>\n<p>Der Button-down-Kragen kommt ohne Kragenst\u00e4bchen und gest\u00e4rkte Krageneinlage aus, denn kleine Kn\u00f6pfe fixieren die Kragenspitzen und sorgen f\u00fcr guten Halt bei jeder Bewegung. Die langen \u00c4rmel enden in einer gekn\u00f6pften Manschette.<br \/>\nIl top \u00e8 termoregolatore grazie al cotone ed \u00e8 morbido sulla pelle.<\/p>\n<p>Materiale: cotone 100%<br \/>\nIstruzioni per la cura: Lavare in lavatrice<\/p>\n<p>Colore: bianco<br \/>\nMuster: Logo Flag<br \/>\nTaglia: XL<\/p>\n<p>Larghezza della spalla: 50 cm<br \/>\nLarghezza del petto: 110 cm<br \/>\nLunghezza delle maniche: 69 cm<br \/>\nLunghezza totale: 80 cm<\/p>","protected":false},"excerpt":{"rendered":"<table class=\"dv_characteristicsTable\">\n<tbody>\n<tr>\n<td class=\"left\">Dimensione<\/td>\n<td>XL<\/td>\n<\/tr>\n<tr>\n<td class=\"left\">Gr\u00f6\u00dfentyp<\/td>\n<td>Normalgr\u00f6\u00dfen<\/td>\n<\/tr>\n<tr>\n<td class=\"left\">Composizione del materiale<\/td>\n<td>Obermaterial: 100% Baumwolle<\/td>\n<\/tr>\n<tr>\n<td class=\"left\">Istruzioni per la cura<\/td>\n<td>Lavaggio in lavatrice<\/td>\n<\/tr>\n<tr>\n<td class=\"left\">Colore<\/td>\n<td>white<\/td>\n<\/tr>\n<tr>\n<td class=\"left\">Kragen<\/td>\n<td>Button-down-Kragen<\/td>\n<\/tr>\n<tr>\n<td class=\"left\">\u00c4rmel<\/td>\n<td>Manica lunga<\/td>\n<\/tr>\n<tr>\n<td class=\"left\">\u00c4rmelabschluss<\/td>\n<td>2-Knopf-Manschette<\/td>\n<\/tr>\n<tr>\n<td class=\"left\">Rumpfabschluss<\/td>\n<td>abgerundeter Saum<\/td>\n<\/tr>\n<tr>\n<td class=\"left\">In forma<\/td>\n<td>normal<\/td>\n<\/tr>\n<tr>\n<td class=\"left\">Verschluss<\/td>\n<td>Abbottonatura<\/td>\n<\/tr>\n<tr>\n<td class=\"left\">Verschlussdetails<\/td>\n<td>durchgehend<\/td>\n<\/tr>\n<\/tbody>\n<\/table>","protected":false},"featured_media":78782,"comment_status":"open","ping_status":"closed","template":"","meta":{"_seopress_robots_primary_cat":"","_seopress_titles_title":"","_seopress_titles_desc":"","_seopress_robots_index":""},"product_brand":[],"product_cat":[1345,1497,1532],"product_tag":[],"class_list":{"0":"post-78693","1":"product","2":"type-product","3":"status-publish","4":"has-post-thumbnail","6":"product_cat-herrenmode","7":"product_cat-hemden","8":"product_cat-langarm-hemden","9":"product_shipping_class-standard-versand","11":"first","12":"instock","13":"sale","14":"taxable","15":"shipping-taxable","16":"purchasable","17":"product-type-simple"},"_links":{"self":[{"href":"https:\/\/www.soanam.de\/it\/wp-json\/wp\/v2\/product\/78693","targetHints":{"allow":["GET"]}}],"collection":[{"href":"https:\/\/www.soanam.de\/it\/wp-json\/wp\/v2\/product"}],"about":[{"href":"https:\/\/www.soanam.de\/it\/wp-json\/wp\/v2\/types\/product"}],"replies":[{"embeddable":true,"href":"https:\/\/www.soanam.de\/it\/wp-json\/wp\/v2\/comments?post=78693"}],"wp:featuredmedia":[{"embeddable":true,"href":"https:\/\/www.soanam.de\/it\/wp-json\/wp\/v2\/media\/78782"}],"wp:attachment":[{"href":"https:\/\/www.soanam.de\/it\/wp-json\/wp\/v2\/media?parent=78693"}],"wp:term":[{"taxonomy":"product_brand","embeddable":true,"href":"https:\/\/www.soanam.de\/it\/wp-json\/wp\/v2\/product_brand?post=78693"},{"taxonomy":"product_cat","embeddable":true,"href":"https:\/\/www.soanam.de\/it\/wp-json\/wp\/v2\/product_cat?post=78693"},{"taxonomy":"product_tag","embeddable":true,"href":"https:\/\/www.soanam.de\/it\/wp-json\/wp\/v2\/product_tag?post=78693"}],"curies":[{"name":"wp","href":"https:\/\/api.w.org\/{rel}","templated":true}]}}

<p>Gepeachtes weiches Popelin-Shirt<br />
Standardgröße, Regular Fit<br />
Manica lunga<br />
Button-down-Kragen</p>
<p>Logo Flag auf der Brust</p>
<p>Der Button-down-Kragen kommt ohne Kragenstäbchen und gestärkte Krageneinlage aus, denn kleine Knöpfe fixieren die Kragenspitzen und sorgen für guten Halt bei jeder Bewegung. Die langen Ärmel enden in einer geknöpften Manschette.<br />
Il top è termoregolatore grazie al cotone ed è morbido sulla pelle.</p>
<p>Materiale: cotone 100%<br />
Istruzioni per la cura: Lavare in lavatrice</p>
<p>Colore: bianco<br />
Muster: Logo Flag<br />
Taglia: XL</p>
<p>Larghezza della spalla: 50 cm<br />
Larghezza del petto: 110 cm<br />
Lunghezza delle maniche: 69 cm<br />
Lunghezza totale: 80 cm</p>

<table class="dv_characteristicsTable">
<tbody>
<tr>
<td class="left">Dimensione</td>
<td>XL</td>
</tr>
<tr>
<td class="left">Größentyp</td>
<td>Normalgrößen</td>
</tr>
<tr>
<td class="left">Composizione del materiale</td>
<td>Obermaterial: 100% Baumwolle</td>
</tr>
<tr>
<td class="left">Istruzioni per la cura</td>
<td>Lavaggio in lavatrice</td>
</tr>
<tr>
<td class="left">Colore</td>
<td>white</td>
</tr>
<tr>
<td class="left">Kragen</td>
<td>Button-down-Kragen</td>
</tr>
<tr>
<td class="left">Ärmel</td>
<td>Manica lunga</td>
</tr>
<tr>
<td class="left">Ärmelabschluss</td>
<td>2-Knopf-Manschette</td>
</tr>
<tr>
<td class="left">Rumpfabschluss</td>
<td>abgerundeter Saum</td>
</tr>
<tr>
<td class="left">In forma</td>
<td>normal</td>
</tr>
<tr>
<td class="left">Verschluss</td>
<td>Abbottonatura</td>
</tr>
<tr>
<td class="left">Verschlussdetails</td>
<td>durchgehend</td>
</tr>
</tbody>
</table>
