{"id":78306,"date":"2023-12-13T21:16:07","date_gmt":"2023-12-13T20:16:07","guid":{"rendered":"https:\/\/www.soanam.de\/?post_type=product&#038;p=78306"},"modified":"2023-12-13T21:19:09","modified_gmt":"2023-12-13T20:19:09","slug":"baby-muetze-aus-weichem-rippenstrick-glitzerfaeden-zierschleife-rosa-gr-92-104","status":"publish","type":"product","link":"https:\/\/www.soanam.de\/it\/produkt\/baby-muetze-aus-weichem-rippenstrick-glitzerfaeden-zierschleife-rosa-gr-92-104\/","title":{"rendered":"Cappello per beb\u00e8 in morbida maglia a coste, fili glitterati, fiocco decorativo, rosa, taglia 92\/104"},"content":{"rendered":"<h3>Descrizione del prodotto<\/h3>\n<p>M\u00fctze aus weichem Rippenstrick mit Glitzerf\u00e4den. Die M\u00fctze hat unten eine Zierschleife.<\/p>\n<p><strong>Composizione<\/strong><br \/>\nPolyacryl 96%, Polyester 3%, Metallisierte Faser 1%<\/p>\n<p><strong>Istruzioni per la cura<\/strong><br \/>\nLavaggio in lavatrice a 40\u00b0<\/p>\n<p><strong>Descrizione del<\/strong><br \/>\nRosa chiaro<br \/>\nUnicolore<\/p>","protected":false},"excerpt":{"rendered":"<h3>Caratteristiche dell'articolo<\/h3>\n<p>Artikelzustand: Neu mit Etikett - Neuer, unbenutzter und nicht getragener Artikel in der Originalverpackung<\/p>\n<table dir=\"ltr\" style=\"height: 314px;\" border=\"1\" width=\"583\" cellspacing=\"0\" cellpadding=\"0\">\n<colgroup>\n<col width=\"203\" \/>\n<col width=\"365\" \/><\/colgroup>\n<tbody>\n<tr>\n<td data-sheets-value=\"{&quot;1&quot;:2,&quot;2&quot;:&quot;Abteilung:&quot;}\">Abteilung:<\/td>\n<td data-sheets-value=\"{&quot;1&quot;:2,&quot;2&quot;:&quot;M\u00e4dchen&quot;}\">M\u00e4dchen<\/td>\n<\/tr>\n<tr>\n<td data-sheets-value=\"{&quot;1&quot;:2,&quot;2&quot;:&quot;Anlass:&quot;}\">Anlass:<\/td>\n<td data-sheets-value=\"{&quot;1&quot;:2,&quot;2&quot;:&quot;Freizeit&quot;}\">Freizeit<\/td>\n<\/tr>\n<tr>\n<td data-sheets-value=\"{&quot;1&quot;:2,&quot;2&quot;:&quot;Farbe:&quot;}\">Colore:<\/td>\n<td data-sheets-value=\"{&quot;1&quot;:2,&quot;2&quot;:&quot;Rosa&quot;}\">Rosa<\/td>\n<\/tr>\n<tr>\n<td data-sheets-value=\"{&quot;1&quot;:2,&quot;2&quot;:&quot;Gewebeart:&quot;}\">Gewebeart:<\/td>\n<td data-sheets-value=\"{&quot;1&quot;:2,&quot;2&quot;:&quot;Strick&quot;}\">Strick<\/td>\n<\/tr>\n<tr>\n<td data-sheets-value=\"{&quot;1&quot;:2,&quot;2&quot;:&quot;Gr\u00f6\u00dfe:&quot;}\">Gr\u00f6\u00dfe:<\/td>\n<td data-sheets-value=\"{&quot;1&quot;:2,&quot;2&quot;:&quot;92\/104&quot;}\">92\/104<\/td>\n<\/tr>\n<tr>\n<td data-sheets-value=\"{&quot;1&quot;:2,&quot;2&quot;:&quot;Marke:&quot;}\">Marke:<\/td>\n<td data-sheets-value=\"{&quot;1&quot;:2,&quot;2&quot;:&quot;H&amp;M&quot;}\">H&amp;M<\/td>\n<\/tr>\n<tr>\n<td data-sheets-value=\"{&quot;1&quot;:2,&quot;2&quot;:&quot;Material:&quot;}\">Materiale:<\/td>\n<td data-sheets-value=\"{&quot;1&quot;:2,&quot;2&quot;:&quot;Polyacryl 96%, Polyester 3%, Metallisierte Faser 1&quot;}\">Polyacryl 96%, Polyester 3%, Metallisierte Faser 1%<\/td>\n<\/tr>\n<tr>\n<td data-sheets-value=\"{&quot;1&quot;:2,&quot;2&quot;:&quot;Modifizierter Artikel:&quot;}\">Modifizierter Artikel:<\/td>\n<td data-sheets-value=\"{&quot;1&quot;:2,&quot;2&quot;:&quot;Nein&quot;}\">Nein<\/td>\n<\/tr>\n<tr>\n<td data-sheets-value=\"{&quot;1&quot;:2,&quot;2&quot;:&quot;Muster:&quot;}\">Modello:<\/td>\n<td data-sheets-value=\"{&quot;1&quot;:2,&quot;2&quot;:&quot;Ohne Muster&quot;}\">Ohne Muster<\/td>\n<\/tr>\n<tr>\n<td data-sheets-value=\"{&quot;1&quot;:2,&quot;2&quot;:&quot;Stil:&quot;}\">Stil:<\/td>\n<td data-sheets-value=\"{&quot;1&quot;:2,&quot;2&quot;:&quot;Strickm\u00fctze&quot;}\">Strickm\u00fctze<\/td>\n<\/tr>\n<tr>\n<td data-sheets-value=\"{&quot;1&quot;:2,&quot;2&quot;:&quot;Vintage:&quot;}\">Vintage:<\/td>\n<td data-sheets-value=\"{&quot;1&quot;:2,&quot;2&quot;:&quot;Nein&quot;}\">Nein<\/td>\n<\/tr>\n<\/tbody>\n<\/table>","protected":false},"featured_media":78416,"comment_status":"open","ping_status":"closed","template":"","meta":{"_seopress_robots_primary_cat":"","_seopress_titles_title":"","_seopress_titles_desc":"","_seopress_robots_index":""},"product_brand":[],"product_cat":[1351,1460,1494],"product_tag":[],"class_list":{"0":"post-78306","1":"product","2":"type-product","3":"status-publish","4":"has-post-thumbnail","6":"product_cat-kindermode","7":"product_cat-accessories","8":"product_cat-muetzen","9":"product_shipping_class-standard-versand","11":"first","12":"instock","13":"sale","14":"taxable","15":"shipping-taxable","16":"purchasable","17":"product-type-simple"},"_links":{"self":[{"href":"https:\/\/www.soanam.de\/it\/wp-json\/wp\/v2\/product\/78306","targetHints":{"allow":["GET"]}}],"collection":[{"href":"https:\/\/www.soanam.de\/it\/wp-json\/wp\/v2\/product"}],"about":[{"href":"https:\/\/www.soanam.de\/it\/wp-json\/wp\/v2\/types\/product"}],"replies":[{"embeddable":true,"href":"https:\/\/www.soanam.de\/it\/wp-json\/wp\/v2\/comments?post=78306"}],"wp:featuredmedia":[{"embeddable":true,"href":"https:\/\/www.soanam.de\/it\/wp-json\/wp\/v2\/media\/78416"}],"wp:attachment":[{"href":"https:\/\/www.soanam.de\/it\/wp-json\/wp\/v2\/media?parent=78306"}],"wp:term":[{"taxonomy":"product_brand","embeddable":true,"href":"https:\/\/www.soanam.de\/it\/wp-json\/wp\/v2\/product_brand?post=78306"},{"taxonomy":"product_cat","embeddable":true,"href":"https:\/\/www.soanam.de\/it\/wp-json\/wp\/v2\/product_cat?post=78306"},{"taxonomy":"product_tag","embeddable":true,"href":"https:\/\/www.soanam.de\/it\/wp-json\/wp\/v2\/product_tag?post=78306"}],"curies":[{"name":"wp","href":"https:\/\/api.w.org\/{rel}","templated":true}]}}

Cappello per bebè in morbida maglia a coste, fili glitterati, fiocco decorativo, rosa, taglia 92/104

<h3>Descrizione del prodotto</h3>
<p>Mütze aus weichem Rippenstrick mit Glitzerfäden. Die Mütze hat unten eine Zierschleife.</p>
<p><strong>Composizione</strong><br />
Polyacryl 96%, Polyester 3%, Metallisierte Faser 1%</p>
<p><strong>Istruzioni per la cura</strong><br />
Lavaggio in lavatrice a 40°</p>
<p><strong>Descrizione del</strong><br />
Rosa chiaro<br />
Unicolore</p>

<h3>Caratteristiche dell'articolo</h3>
<p>Artikelzustand: Neu mit Etikett - Neuer, unbenutzter und nicht getragener Artikel in der Originalverpackung</p>
<table dir="ltr" style="height: 314px;" border="1" width="583" cellspacing="0" cellpadding="0">
<colgroup>
<col width="203" />
<col width="365" /></colgroup>
<tbody>
<tr>
<td data-sheets-value="{&quot;1&quot;:2,&quot;2&quot;:&quot;Abteilung:&quot;}">Abteilung:</td>
<td data-sheets-value="{&quot;1&quot;:2,&quot;2&quot;:&quot;Mädchen&quot;}">Mädchen</td>
</tr>
<tr>
<td data-sheets-value="{&quot;1&quot;:2,&quot;2&quot;:&quot;Anlass:&quot;}">Anlass:</td>
<td data-sheets-value="{&quot;1&quot;:2,&quot;2&quot;:&quot;Freizeit&quot;}">Freizeit</td>
</tr>
<tr>
<td data-sheets-value="{&quot;1&quot;:2,&quot;2&quot;:&quot;Farbe:&quot;}">Colore:</td>
<td data-sheets-value="{&quot;1&quot;:2,&quot;2&quot;:&quot;Rosa&quot;}">Rosa</td>
</tr>
<tr>
<td data-sheets-value="{&quot;1&quot;:2,&quot;2&quot;:&quot;Gewebeart:&quot;}">Gewebeart:</td>
<td data-sheets-value="{&quot;1&quot;:2,&quot;2&quot;:&quot;Strick&quot;}">Strick</td>
</tr>
<tr>
<td data-sheets-value="{&quot;1&quot;:2,&quot;2&quot;:&quot;Größe:&quot;}">Größe:</td>
<td data-sheets-value="{&quot;1&quot;:2,&quot;2&quot;:&quot;92/104&quot;}">92/104</td>
</tr>
<tr>
<td data-sheets-value="{&quot;1&quot;:2,&quot;2&quot;:&quot;Marke:&quot;}">Marke:</td>
<td data-sheets-value="{&quot;1&quot;:2,&quot;2&quot;:&quot;H&amp;M&quot;}">H&amp;M</td>
</tr>
<tr>
<td data-sheets-value="{&quot;1&quot;:2,&quot;2&quot;:&quot;Material:&quot;}">Materiale:</td>
<td data-sheets-value="{&quot;1&quot;:2,&quot;2&quot;:&quot;Polyacryl 96%, Polyester 3%, Metallisierte Faser 1&quot;}">Polyacryl 96%, Polyester 3%, Metallisierte Faser 1%</td>
</tr>
<tr>
<td data-sheets-value="{&quot;1&quot;:2,&quot;2&quot;:&quot;Modifizierter Artikel:&quot;}">Modifizierter Artikel:</td>
<td data-sheets-value="{&quot;1&quot;:2,&quot;2&quot;:&quot;Nein&quot;}">Nein</td>
</tr>
<tr>
<td data-sheets-value="{&quot;1&quot;:2,&quot;2&quot;:&quot;Muster:&quot;}">Modello:</td>
<td data-sheets-value="{&quot;1&quot;:2,&quot;2&quot;:&quot;Ohne Muster&quot;}">Ohne Muster</td>
</tr>
<tr>
<td data-sheets-value="{&quot;1&quot;:2,&quot;2&quot;:&quot;Stil:&quot;}">Stil:</td>
<td data-sheets-value="{&quot;1&quot;:2,&quot;2&quot;:&quot;Strickmütze&quot;}">Strickmütze</td>
</tr>
<tr>
<td data-sheets-value="{&quot;1&quot;:2,&quot;2&quot;:&quot;Vintage:&quot;}">Vintage:</td>
<td data-sheets-value="{&quot;1&quot;:2,&quot;2&quot;:&quot;Nein&quot;}">Nein</td>
</tr>
</tbody>
</table>
