{"id":78166,"date":"2023-12-13T21:12:43","date_gmt":"2023-12-13T20:12:43","guid":{"rendered":"https:\/\/www.soanam.de\/?post_type=product&#038;p=78166"},"modified":"2023-12-13T21:15:45","modified_gmt":"2023-12-13T20:15:45","slug":"val-mcdermid-das-moor-des-vergessens-softcover-deutsch-2007","status":"publish","type":"product","link":"https:\/\/www.soanam.de\/it\/produkt\/val-mcdermid-das-moor-des-vergessens-softcover-deutsch-2007\/","title":{"rendered":"Val McDermid \" Il moro dell'oblio \" Copertina morbida, tedesco, 2007"},"content":{"rendered":"<h3>Descrizione del prodotto<\/h3>\n<p>In der Idylle des Lake District wird eine zweihundert Jahre alte Moorleiche entdeckt. Der Tote weist bizarre T\u00e4towierungen aus der S\u00fcdsee auf und best\u00e4rkt einen Verdacht, den die junge Literaturwissenschaftlerin Jane Gresham schon l\u00e4nger hegt: K\u00f6nnte es sich um die sterblichen \u00dcberreste von Fletcher Christian handeln, jenem legend\u00e4ren Anf\u00fchrer der Meuterei auf der Bounty? Ist er damals vielleicht heimlich zur\u00fcckgekehrt und hat mit seiner abenteuerlichen Geschichte William Wordsworth, dem ber\u00fchmten Dichter und Jugendfreund, den Stoff f\u00fcr ein verschollenes Meisterwerk geliefert?<br \/>\nJane scheint nicht die Einzige zu sein, die auf der Suche nach dem wertvollen Manuskript ist. Denn pl\u00f6tzlich geht der Tod um. Innerhalb kurzer Zeit verlieren alle, bei denen man das Epos vermutet, auf mysteri\u00f6se Weise ihr Leben ...<\/p>\n<p><strong>dettagli<\/strong><br \/>\nISBN: 9783828988033, 3828988032<br \/>\nSeitenzahl: 537<br \/>\nErschienen: 2007<br \/>\nVerlag: Weltbild<br \/>\nSprache: German<br \/>\nAutor: Val McDermid<\/p>","protected":false},"excerpt":{"rendered":"<h3>Caratteristiche dell'articolo<\/h3>\n<p>Artikelzustand: Neu - Neues, ungelesenes, ungebrauchtes Buch in makellosem Zustand<\/p>\n<table dir=\"ltr\" border=\"1\" cellspacing=\"0\" cellpadding=\"0\">\n<colgroup>\n<col width=\"203\" \/>\n<col width=\"345\" \/><\/colgroup>\n<tbody>\n<tr>\n<td data-sheets-value=\"{&quot;1&quot;:2,&quot;2&quot;:&quot;Autor:&quot;}\">Autor:<\/td>\n<td data-sheets-value=\"{&quot;1&quot;:2,&quot;2&quot;:&quot;Val Mcdermid&quot;}\">Val McDermid<\/td>\n<\/tr>\n<tr>\n<td data-sheets-value=\"{&quot;1&quot;:2,&quot;2&quot;:&quot;Besonderheiten:&quot;}\">Caratteristiche speciali:<\/td>\n<td data-sheets-value=\"{&quot;1&quot;:2,&quot;2&quot;:&quot;Softcover&quot;}\">Softcover<\/td>\n<\/tr>\n<tr>\n<td data-sheets-value=\"{&quot;1&quot;:2,&quot;2&quot;:&quot;Buchtitel:&quot;}\">Buchtitel:<\/td>\n<td data-sheets-value=\"{&quot;1&quot;:2,&quot;2&quot;:&quot;Das Moor des Vergessens&quot;}\">Das Moor des Vergessens<\/td>\n<\/tr>\n<tr>\n<td data-sheets-value=\"{&quot;1&quot;:2,&quot;2&quot;:&quot;Erscheinungsjahr:&quot;}\">Erscheinungsjahr:<\/td>\n<td data-sheets-value=\"{&quot;1&quot;:3,&quot;3&quot;:2007}\">2007<\/td>\n<\/tr>\n<tr>\n<td data-sheets-value=\"{&quot;1&quot;:2,&quot;2&quot;:&quot;Format:&quot;}\">Format:<\/td>\n<td data-sheets-value=\"{&quot;1&quot;:2,&quot;2&quot;:&quot;Taschenbuch&quot;}\">In brossura<\/td>\n<\/tr>\n<tr>\n<td data-sheets-value=\"{&quot;1&quot;:2,&quot;2&quot;:&quot;Genre:&quot;}\">Genre:<\/td>\n<td data-sheets-value=\"{&quot;1&quot;:2,&quot;2&quot;:&quot;Krimis &amp; Thriller&quot;}\">Krimis &amp; Thriller<\/td>\n<\/tr>\n<tr>\n<td data-sheets-value=\"{&quot;1&quot;:2,&quot;2&quot;:&quot;Herstellungsland und -region:&quot;}\">Herstellungsland und -region:<\/td>\n<td data-sheets-value=\"{&quot;1&quot;:2,&quot;2&quot;:&quot;Deutschland&quot;}\">Germania<\/td>\n<\/tr>\n<tr>\n<td data-sheets-value=\"{&quot;1&quot;:2,&quot;2&quot;:&quot;ISBN:&quot;}\">ISBN:<\/td>\n<td data-sheets-value=\"{&quot;1&quot;:3,&quot;3&quot;:9783828988033}\">9783828988033<\/td>\n<\/tr>\n<tr>\n<td data-sheets-value=\"{&quot;1&quot;:2,&quot;2&quot;:&quot;Literarische Gattung:&quot;}\">Literarische Gattung:<\/td>\n<td data-sheets-value=\"{&quot;1&quot;:2,&quot;2&quot;:&quot;Belletristik&quot;}\">Belletristik<\/td>\n<\/tr>\n<tr>\n<td data-sheets-value=\"{&quot;1&quot;:2,&quot;2&quot;:&quot;Produktart:&quot;}\">Produktart:<\/td>\n<td data-sheets-value=\"{&quot;1&quot;:2,&quot;2&quot;:&quot;Roman&quot;}\">Roman<\/td>\n<\/tr>\n<tr>\n<td data-sheets-value=\"{&quot;1&quot;:2,&quot;2&quot;:&quot;Sprache:&quot;}\">Sprache:<\/td>\n<td data-sheets-value=\"{&quot;1&quot;:2,&quot;2&quot;:&quot;Deutsch&quot;}\">Tedesco<\/td>\n<\/tr>\n<tr>\n<td data-sheets-value=\"{&quot;1&quot;:2,&quot;2&quot;:&quot;Thematik:&quot;}\">Thematik:<\/td>\n<td data-sheets-value=\"{&quot;1&quot;:2,&quot;2&quot;:&quot;Historischer Kriminalroman&quot;}\">Historischer Kriminalroman<\/td>\n<\/tr>\n<tr>\n<td data-sheets-value=\"{&quot;1&quot;:2,&quot;2&quot;:&quot;Verlag:&quot;}\">Verlag:<\/td>\n<td data-sheets-value=\"{&quot;1&quot;:2,&quot;2&quot;:&quot;Weltbild&quot;}\">Visione del mondo<\/td>\n<\/tr>\n<tr>\n<td data-sheets-value=\"{&quot;1&quot;:2,&quot;2&quot;:&quot;Zielgruppe:&quot;}\">Zielgruppe:<\/td>\n<td data-sheets-value=\"{&quot;1&quot;:2,&quot;2&quot;:&quot;Jugendliche, Erwachsene&quot;}\">Jugendliche, Erwachsene<\/td>\n<\/tr>\n<\/tbody>\n<\/table>","protected":false},"featured_media":78292,"comment_status":"open","ping_status":"closed","template":"","meta":{"_seopress_robots_primary_cat":"","_seopress_titles_title":"","_seopress_titles_desc":"","_seopress_robots_index":""},"product_brand":[],"product_cat":[1428,1429,1434,1451,1452],"product_tag":[],"class_list":{"0":"post-78166","1":"product","2":"type-product","3":"status-publish","4":"has-post-thumbnail","6":"product_cat-buecher","7":"product_cat-jugend","8":"product_cat-erwachsene","9":"product_cat-romane","10":"product_cat-romane-jugend","11":"product_shipping_class-standard-versand","13":"first","14":"instock","15":"taxable","16":"shipping-taxable","17":"purchasable","18":"product-type-simple"},"_links":{"self":[{"href":"https:\/\/www.soanam.de\/it\/wp-json\/wp\/v2\/product\/78166","targetHints":{"allow":["GET"]}}],"collection":[{"href":"https:\/\/www.soanam.de\/it\/wp-json\/wp\/v2\/product"}],"about":[{"href":"https:\/\/www.soanam.de\/it\/wp-json\/wp\/v2\/types\/product"}],"replies":[{"embeddable":true,"href":"https:\/\/www.soanam.de\/it\/wp-json\/wp\/v2\/comments?post=78166"}],"wp:featuredmedia":[{"embeddable":true,"href":"https:\/\/www.soanam.de\/it\/wp-json\/wp\/v2\/media\/78292"}],"wp:attachment":[{"href":"https:\/\/www.soanam.de\/it\/wp-json\/wp\/v2\/media?parent=78166"}],"wp:term":[{"taxonomy":"product_brand","embeddable":true,"href":"https:\/\/www.soanam.de\/it\/wp-json\/wp\/v2\/product_brand?post=78166"},{"taxonomy":"product_cat","embeddable":true,"href":"https:\/\/www.soanam.de\/it\/wp-json\/wp\/v2\/product_cat?post=78166"},{"taxonomy":"product_tag","embeddable":true,"href":"https:\/\/www.soanam.de\/it\/wp-json\/wp\/v2\/product_tag?post=78166"}],"curies":[{"name":"wp","href":"https:\/\/api.w.org\/{rel}","templated":true}]}}

<h3>Descrizione del prodotto</h3>
<p>In der Idylle des Lake District wird eine zweihundert Jahre alte Moorleiche entdeckt. Der Tote weist bizarre Tätowierungen aus der Südsee auf und bestärkt einen Verdacht, den die junge Literaturwissenschaftlerin Jane Gresham schon länger hegt: Könnte es sich um die sterblichen Überreste von Fletcher Christian handeln, jenem legendären Anführer der Meuterei auf der Bounty? Ist er damals vielleicht heimlich zurückgekehrt und hat mit seiner abenteuerlichen Geschichte William Wordsworth, dem berühmten Dichter und Jugendfreund, den Stoff für ein verschollenes Meisterwerk geliefert?<br />
Jane scheint nicht die Einzige zu sein, die auf der Suche nach dem wertvollen Manuskript ist. Denn plötzlich geht der Tod um. Innerhalb kurzer Zeit verlieren alle, bei denen man das Epos vermutet, auf mysteriöse Weise ihr Leben ...</p>
<p><strong>dettagli</strong><br />
ISBN: 9783828988033, 3828988032<br />
Seitenzahl: 537<br />
Erschienen: 2007<br />
Verlag: Weltbild<br />
Sprache: German<br />
Autor: Val McDermid</p>
