{"id":77466,"date":"2023-12-13T20:52:55","date_gmt":"2023-12-13T19:52:55","guid":{"rendered":"https:\/\/www.soanam.de\/?post_type=product&#038;p=77466"},"modified":"2023-12-13T20:56:51","modified_gmt":"2023-12-13T19:56:51","slug":"jeans-ltb-skinny-fit-amy-in-nero-w33","status":"publish","type":"product","link":"https:\/\/www.soanam.de\/it\/produkt\/ltb-skinny-fit-jeans-amy-in-schwarz-w33\/","title":{"rendered":"LTB jeans skinny AMY, in nero, W33"},"content":{"rendered":"<p>Jeans a vita alta AMY di LTB nella migliore qualit\u00e0 del marchio<br \/>\nCon gambe lunghe e aderenti in una vestibilit\u00e0 skinny<br \/>\nCon passanti per cintura, chiusura con zip, stile 5 tasche<br \/>\nIn misto cotone elasticizzato ed elasticizzato<\/p>\n<p>La vestibilit\u00e0 extra-aderente con cintura alta alla moda mette in risalto le gambe e conferisce a questi jeans a 5 tasche una grande classe.<br \/>\nQuesti jeans skinny calzano come una seconda pelle e sono comunque molto comodi grazie al denim di alta qualit\u00e0 elasticizzato.<\/p>\n<p>Materiale: 93% cotone, 5% poliestere, 2% elastan<br \/>\nIstruzioni per la cura: Lavabile in lavatrice a 30\u00b0<\/p>\n<p>Colore: SAVENA WASH 51584<br \/>\nDimensione: W33<\/p>\n<p>Misura della vita: 84 cm<br \/>\nCirconferenza dell'anca: 94 cm<br \/>\nLunghezza del gradino: 77 cm<br \/>\nLunghezza totale: 112 cm<\/p>","protected":false},"excerpt":{"rendered":"<table class=\"dv_characteristicsTable\">\n<tbody>\n<tr>\n<td class=\"left\">Dimensione<\/td>\n<td>33<\/td>\n<\/tr>\n<tr>\n<td class=\"left\">Gr\u00f6\u00dfentyp<\/td>\n<td>Normalgr\u00f6\u00dfen<\/td>\n<\/tr>\n<tr>\n<td class=\"left\">Composizione del materiale<\/td>\n<td>Obermaterial: 93% Baumwolle, 5% Polyester, 2% Elasthan<\/td>\n<\/tr>\n<tr>\n<td class=\"left\">Materialhinweis<\/td>\n<td>enth\u00e4lt nichttextile Teile tierischen Ursprungs<\/td>\n<\/tr>\n<tr>\n<td class=\"left\">Materialart<\/td>\n<td>Denim<\/td>\n<\/tr>\n<tr>\n<td class=\"left\">Materialeigenschaften<\/td>\n<td>Stretch, elastisch, pflegeleicht<\/td>\n<\/tr>\n<tr>\n<td class=\"left\">Istruzioni per la cura<\/td>\n<td>Lavaggio in lavatrice<\/td>\n<\/tr>\n<tr>\n<td class=\"left\">Stil<\/td>\n<td>casual<\/td>\n<\/tr>\n<tr>\n<td class=\"left\">Herstellerfarbbezeichnung<\/td>\n<td>SAVENA WASH 51584<\/td>\n<\/tr>\n<tr>\n<td class=\"left\">Colore<\/td>\n<td>black<\/td>\n<\/tr>\n<tr>\n<td class=\"left\">Leibh\u00f6he<\/td>\n<td>hoch<\/td>\n<\/tr>\n<tr>\n<td class=\"left\">Bundabschluss<\/td>\n<td>normaler Saum<\/td>\n<\/tr>\n<tr>\n<td class=\"left\">Beinform<\/td>\n<td>extra-eng<\/td>\n<\/tr>\n<tr>\n<td class=\"left\">In forma<\/td>\n<td>skinny fit<\/td>\n<\/tr>\n<tr>\n<td class=\"left\">Schnittdetails<\/td>\n<td>keine<\/td>\n<\/tr>\n<tr>\n<td class=\"left\">Schnittform L\u00e4nge<\/td>\n<td>lang<\/td>\n<\/tr>\n<tr>\n<td class=\"left\">Passanti per cintura<\/td>\n<td>ja<\/td>\n<\/tr>\n<tr>\n<td class=\"left\">Applikationen<\/td>\n<td>Leder-Badge, Markenlabel, Nieten<\/td>\n<\/tr>\n<tr>\n<td class=\"left\">Borse<\/td>\n<td>Ges\u00e4\u00dftaschen, Eingrifftasche, M\u00fcnztasche<\/td>\n<\/tr>\n<tr>\n<td class=\"left\">Verschluss<\/td>\n<td>Knopf, Rei\u00dfverschluss<\/td>\n<\/tr>\n<tr>\n<td class=\"left\">Verschlussdetails<\/td>\n<td>vorn<\/td>\n<\/tr>\n<tr>\n<td class=\"left\">Besondere Merkmale<\/td>\n<td>mit langem, extra engem Beinverlauf, hoher Leibh\u00f6he und mit Stretch-Anteil im 5-Pocket Stil<\/td>\n<\/tr>\n<\/tbody>\n<\/table>","protected":false},"featured_media":77606,"comment_status":"open","ping_status":"closed","template":"","meta":{"_seopress_robots_primary_cat":"","_seopress_titles_title":"","_seopress_titles_desc":"","_seopress_robots_index":""},"product_brand":[],"product_cat":[1348,1349,1350],"product_tag":[],"class_list":{"0":"post-77466","1":"product","2":"type-product","3":"status-publish","4":"has-post-thumbnail","6":"product_cat-damen-mode","7":"product_cat-hosen-damen-mode","8":"product_cat-jeans-hosen-damen-mode","9":"product_shipping_class-standard-versand","11":"first","12":"instock","13":"sale","14":"taxable","15":"shipping-taxable","16":"purchasable","17":"product-type-simple"},"_links":{"self":[{"href":"https:\/\/www.soanam.de\/it\/wp-json\/wp\/v2\/product\/77466","targetHints":{"allow":["GET"]}}],"collection":[{"href":"https:\/\/www.soanam.de\/it\/wp-json\/wp\/v2\/product"}],"about":[{"href":"https:\/\/www.soanam.de\/it\/wp-json\/wp\/v2\/types\/product"}],"replies":[{"embeddable":true,"href":"https:\/\/www.soanam.de\/it\/wp-json\/wp\/v2\/comments?post=77466"}],"wp:featuredmedia":[{"embeddable":true,"href":"https:\/\/www.soanam.de\/it\/wp-json\/wp\/v2\/media\/77606"}],"wp:attachment":[{"href":"https:\/\/www.soanam.de\/it\/wp-json\/wp\/v2\/media?parent=77466"}],"wp:term":[{"taxonomy":"product_brand","embeddable":true,"href":"https:\/\/www.soanam.de\/it\/wp-json\/wp\/v2\/product_brand?post=77466"},{"taxonomy":"product_cat","embeddable":true,"href":"https:\/\/www.soanam.de\/it\/wp-json\/wp\/v2\/product_cat?post=77466"},{"taxonomy":"product_tag","embeddable":true,"href":"https:\/\/www.soanam.de\/it\/wp-json\/wp\/v2\/product_tag?post=77466"}],"curies":[{"name":"wp","href":"https:\/\/api.w.org\/{rel}","templated":true}]}}

<p>Jeans a vita alta AMY di LTB nella migliore qualità del marchio<br />
Con gambe lunghe e aderenti in una vestibilità skinny<br />
Con passanti per cintura, chiusura con zip, stile 5 tasche<br />
In misto cotone elasticizzato ed elasticizzato</p>
<p>La vestibilità extra-aderente con cintura alta alla moda mette in risalto le gambe e conferisce a questi jeans a 5 tasche una grande classe.<br />
Questi jeans skinny calzano come una seconda pelle e sono comunque molto comodi grazie al denim di alta qualità elasticizzato.</p>
<p>Materiale: 93% cotone, 5% poliestere, 2% elastan<br />
Istruzioni per la cura: Lavabile in lavatrice a 30°</p>
<p>Colore: SAVENA WASH 51584<br />
Dimensione: W33</p>
<p>Misura della vita: 84 cm<br />
Circonferenza dell'anca: 94 cm<br />
Lunghezza del gradino: 77 cm<br />
Lunghezza totale: 112 cm</p>

<table class="dv_characteristicsTable">
<tbody>
<tr>
<td class="left">Dimensione</td>
<td>33</td>
</tr>
<tr>
<td class="left">Größentyp</td>
<td>Normalgrößen</td>
</tr>
<tr>
<td class="left">Composizione del materiale</td>
<td>Obermaterial: 93% Baumwolle, 5% Polyester, 2% Elasthan</td>
</tr>
<tr>
<td class="left">Materialhinweis</td>
<td>enthält nichttextile Teile tierischen Ursprungs</td>
</tr>
<tr>
<td class="left">Materialart</td>
<td>Denim</td>
</tr>
<tr>
<td class="left">Materialeigenschaften</td>
<td>Stretch, elastisch, pflegeleicht</td>
</tr>
<tr>
<td class="left">Istruzioni per la cura</td>
<td>Lavaggio in lavatrice</td>
</tr>
<tr>
<td class="left">Stil</td>
<td>casual</td>
</tr>
<tr>
<td class="left">Herstellerfarbbezeichnung</td>
<td>SAVENA WASH 51584</td>
</tr>
<tr>
<td class="left">Colore</td>
<td>black</td>
</tr>
<tr>
<td class="left">Leibhöhe</td>
<td>hoch</td>
</tr>
<tr>
<td class="left">Bundabschluss</td>
<td>normaler Saum</td>
</tr>
<tr>
<td class="left">Beinform</td>
<td>extra-eng</td>
</tr>
<tr>
<td class="left">In forma</td>
<td>skinny fit</td>
</tr>
<tr>
<td class="left">Schnittdetails</td>
<td>keine</td>
</tr>
<tr>
<td class="left">Schnittform Länge</td>
<td>lang</td>
</tr>
<tr>
<td class="left">Passanti per cintura</td>
<td>ja</td>
</tr>
<tr>
<td class="left">Applikationen</td>
<td>Leder-Badge, Markenlabel, Nieten</td>
</tr>
<tr>
<td class="left">Borse</td>
<td>Gesäßtaschen, Eingrifftasche, Münztasche</td>
</tr>
<tr>
<td class="left">Verschluss</td>
<td>Knopf, Reißverschluss</td>
</tr>
<tr>
<td class="left">Verschlussdetails</td>
<td>vorn</td>
</tr>
<tr>
<td class="left">Besondere Merkmale</td>
<td>mit langem, extra engem Beinverlauf, hoher Leibhöhe und mit Stretch-Anteil im 5-Pocket Stil</td>
</tr>
</tbody>
</table>
