{"id":77353,"date":"2023-12-13T20:49:26","date_gmt":"2023-12-13T19:49:26","guid":{"rendered":"https:\/\/www.soanam.de\/?post_type=product&#038;p=77353"},"modified":"2023-12-13T20:53:52","modified_gmt":"2023-12-13T19:53:52","slug":"haerkila-vindeln-giacca-in-pile-oliva-scuro-taglia-s-per-tempo-libero-caccia-e-outdoor","status":"publish","type":"product","link":"https:\/\/www.soanam.de\/it\/produkt\/haerkila-vindeln-fleecejacke-dark-olive-gr-s-fuer-freizeit-jagd-u-outdoor\/","title":{"rendered":"Giacca in pile H\u00c4RKILA Vindeln oliva scuro taglia S - per il tempo libero, la caccia e l'uso all'aperto"},"content":{"rendered":"<h3>Descrizione del<\/h3>\n<p>Die Marke f\u00fcr J\u00e4ger und Waldm\u00e4nner aus Skandinavien ... ideal f\u00fcr Freizeit, Jagd u. Outdoor<\/p>\n<p>Giacca resistente, traspirante e idrorepellente in pile Polartec\u00ae Wind Pro\u00ae antivento. Con zip a 2 vie, tasche a fessura con zip e coulisse in vita.<\/p>\n<p><strong>Materiale:<\/strong> La giacca in pile \u00e8 realizzata in poliestere 100%. Il tessuto ha naturalmente propriet\u00e0 di asciugatura rapida e di traspirazione.<br \/>\nPolartec - Fleece: Das weiche Material des Marktf\u00fchrers f\u00fcr technisches Fleece zeichnet sich durch enorme Atmungsaktivit\u00e4t und ideale W\u00e4rmespeicherung aus.<br \/>\n<strong>Stile del colletto:<\/strong> Colletto a fascia<br \/>\n<strong>Protezione dal vento:<\/strong> Grazie al colletto rialzato e alla linguetta antitempesta sulla zip centrale, il vento freddo viene respinto e il corpo rimane sempre caldo.<br \/>\n<strong>Applicazione:<\/strong> Grazie alle sue propriet\u00e0 isolanti e traspiranti, la giacca da caccia \u00e8 ideale come giacca di transizione per la caccia a temperature pi\u00f9 fredde, ma anche per la caccia fisicamente impegnativa in autunno.<br \/>\n<strong>Propriet\u00e0:<\/strong> La giacca in pile \u00e8 dotata di due tasche sul petto e due tasche laterali, ciascuna con cerniera.<\/p>","protected":false},"excerpt":{"rendered":"<h3>Caratteristiche dell'articolo<\/h3>\n<p>Condizione dell'articolo: Nuovo con etichetta: articolo nuovo, non usato e non indossato nella sua confezione originale.<\/p>\n<p>Abteilung: Herren<br \/>\nEAN: 5707335127932<br \/>\nFarbe: dark olive<br \/>\nTaglia: S<br \/>\nHerstellernummer: 13010587103<br \/>\nMarke: H\u00e4rkila<br \/>\nMateriale: poliestere 100%<br \/>\nProduktart: Jacke &amp; Weste<br \/>\nTechnologie: Polartec\u00ae<\/p>","protected":false},"featured_media":77502,"comment_status":"open","ping_status":"closed","template":"","meta":{"_seopress_robots_primary_cat":"","_seopress_titles_title":"","_seopress_titles_desc":"","_seopress_robots_index":""},"product_brand":[],"product_cat":[1345,1363,1413],"product_tag":[],"class_list":{"0":"post-77353","1":"product","2":"type-product","3":"status-publish","4":"has-post-thumbnail","6":"product_cat-herrenmode","7":"product_cat-jacken-maentel-herrenmode","8":"product_cat-fleecejacken","9":"product_shipping_class-standard-versand","11":"first","12":"instock","13":"sale","14":"taxable","15":"shipping-taxable","16":"purchasable","17":"product-type-simple"},"_links":{"self":[{"href":"https:\/\/www.soanam.de\/it\/wp-json\/wp\/v2\/product\/77353","targetHints":{"allow":["GET"]}}],"collection":[{"href":"https:\/\/www.soanam.de\/it\/wp-json\/wp\/v2\/product"}],"about":[{"href":"https:\/\/www.soanam.de\/it\/wp-json\/wp\/v2\/types\/product"}],"replies":[{"embeddable":true,"href":"https:\/\/www.soanam.de\/it\/wp-json\/wp\/v2\/comments?post=77353"}],"wp:featuredmedia":[{"embeddable":true,"href":"https:\/\/www.soanam.de\/it\/wp-json\/wp\/v2\/media\/77502"}],"wp:attachment":[{"href":"https:\/\/www.soanam.de\/it\/wp-json\/wp\/v2\/media?parent=77353"}],"wp:term":[{"taxonomy":"product_brand","embeddable":true,"href":"https:\/\/www.soanam.de\/it\/wp-json\/wp\/v2\/product_brand?post=77353"},{"taxonomy":"product_cat","embeddable":true,"href":"https:\/\/www.soanam.de\/it\/wp-json\/wp\/v2\/product_cat?post=77353"},{"taxonomy":"product_tag","embeddable":true,"href":"https:\/\/www.soanam.de\/it\/wp-json\/wp\/v2\/product_tag?post=77353"}],"curies":[{"name":"wp","href":"https:\/\/api.w.org\/{rel}","templated":true}]}}

Giacca in pile HÄRKILA Vindeln oliva scuro taglia S - per il tempo libero, la caccia e l'uso all'aperto

<h3>Descrizione del</h3>
<p>Die Marke für Jäger und Waldmänner aus Skandinavien ... ideal für Freizeit, Jagd u. Outdoor</p>
<p>Giacca resistente, traspirante e idrorepellente in pile Polartec® Wind Pro® antivento. Con zip a 2 vie, tasche a fessura con zip e coulisse in vita.</p>
<p><strong>Materiale:</strong> La giacca in pile è realizzata in poliestere 100%. Il tessuto ha naturalmente proprietà di asciugatura rapida e di traspirazione.<br />
Polartec - Fleece: Das weiche Material des Marktführers für technisches Fleece zeichnet sich durch enorme Atmungsaktivität und ideale Wärmespeicherung aus.<br />
<strong>Stile del colletto:</strong> Colletto a fascia<br />
<strong>Protezione dal vento:</strong> Grazie al colletto rialzato e alla linguetta antitempesta sulla zip centrale, il vento freddo viene respinto e il corpo rimane sempre caldo.<br />
<strong>Applicazione:</strong> Grazie alle sue proprietà isolanti e traspiranti, la giacca da caccia è ideale come giacca di transizione per la caccia a temperature più fredde, ma anche per la caccia fisicamente impegnativa in autunno.<br />
<strong>Proprietà:</strong> La giacca in pile è dotata di due tasche sul petto e due tasche laterali, ciascuna con cerniera.</p>

<h3>Caratteristiche dell'articolo</h3>
<p>Condizione dell'articolo: Nuovo con etichetta: articolo nuovo, non usato e non indossato nella sua confezione originale.</p>
<p>Abteilung: Herren<br />
EAN: 5707335127932<br />
Farbe: dark olive<br />
Taglia: S<br />
Herstellernummer: 13010587103<br />
Marke: Härkila<br />
Materiale: poliestere 100%<br />
Produktart: Jacke &amp; Weste<br />
Technologie: Polartec®</p>
