{"id":77339,"date":"2023-12-13T20:48:48","date_gmt":"2023-12-13T19:48:48","guid":{"rendered":"https:\/\/www.soanam.de\/?post_type=product&#038;p=77339"},"modified":"2023-12-13T20:53:39","modified_gmt":"2023-12-13T19:53:39","slug":"calvin-klein-jeans-giacca-con-cappuccio-giacca-invernale-uomo-nero-gr-s","status":"publish","type":"product","link":"https:\/\/www.soanam.de\/it\/produkt\/calvin-klein-jeans-hooded-puffer-jacket-winter-jacke-maenner-schwarz-gr-s\/","title":{"rendered":"Calvin Klein Jeans GIACCA CON CAPPUCCIO - Giacca invernale, uomo, nero, taglia S"},"content":{"rendered":"<h3>Descrizione del<\/h3>\n<p>Ulteriori informazioni su questo prodotto<\/p>\n<p>Spallacci integrati<br \/>\nColletto: Cappuccio<br \/>\nChiusura: chiusura a zip<br \/>\nTasche: tasche con patta, tasca interna<br \/>\nDettagli sul cappuccio: cappuccio con coulisse, cappuccio foderato<br \/>\nDettagli: tasche a fessura<\/p>\n<h3>Materiale e istruzioni per la cura<\/h3>\n<p>Materiale tessuto esterno: poliestere 100%<br \/>\nMateriale di riempimento: poliestere 100%<br \/>\nFodera: poliestere 100%<br \/>\nSpessore della fodera: Foderato in modo caldo<br \/>\nIstruzioni per la cura: Lavabile in lavatrice a 30\u00b0C, ciclo delicato<\/p>\n<h3>In forma<\/h3>\n<p>Taglia del modello: Il nostro modello \u00e8 alto 186 cm e indossa una taglia M<br \/>\nVestibilit\u00e0: Normale<br \/>\nLunghezza: Lunghezza normale<br \/>\nLunghezza della manica: manica lunga<br \/>\nLunghezza delle maniche: 65 cm per la taglia M<br \/>\nLarghezza della schiena: 51 cm per la taglia M<br \/>\nLunghezza totale: 72 cm per la taglia M<\/p>","protected":false},"excerpt":{"rendered":"<h3>Caratteristiche dell'articolo<\/h3>\n<p>Condizione dell'articolo: Nuovo con etichetta: articolo nuovo, non usato e non indossato nella sua confezione originale.<\/p>\n<p>Abteilung: Herren<br \/>\nAktivit\u00e4t: Spazieren<br \/>\nAnlass: Business, Freizeit, Reise<br \/>\nAu\u00dfenmaterial: Polyester<br \/>\nBesonderheiten: Durchgehender Rei\u00dfverschluss<br \/>\nCharakter: ohne<br \/>\nEAN: 8719852237985<br \/>\nColore: nero<br \/>\nFuttermaterial: Polyester<br \/>\nGewebeart: ohne Angabe<br \/>\nTaglia: S<br \/>\nGr\u00f6\u00dfenkategorie: Normalgr\u00f6\u00dfe<br \/>\nIsoliermaterial: Polyester<br \/>\nJahreszeit: Winter<br \/>\nMarke: Calvin Klein<br \/>\nModell: Puffer Jacket<br \/>\nMuster: Ohne Muster<br \/>\nTipo di prodotto: Giacca<br \/>\nStil: Puffer Jacket<br \/>\nThema: Sport<br \/>\nChiusura: chiusura a zip<br \/>\nVintage: Nein<\/p>","protected":false},"featured_media":77487,"comment_status":"open","ping_status":"closed","template":"","meta":{"_seopress_robots_primary_cat":"","_seopress_titles_title":"","_seopress_titles_desc":"","_seopress_robots_index":""},"product_brand":[],"product_cat":[1345,1363,1377,1412],"product_tag":[],"class_list":{"0":"post-77339","1":"product","2":"type-product","3":"status-publish","4":"has-post-thumbnail","6":"product_cat-herrenmode","7":"product_cat-jacken-maentel-herrenmode","8":"product_cat-winterjacken-jacken-maentel-herrenmode","9":"product_cat-pufferjacken","10":"product_shipping_class-standard-versand","12":"first","13":"instock","14":"sale","15":"taxable","16":"shipping-taxable","17":"purchasable","18":"product-type-simple"},"_links":{"self":[{"href":"https:\/\/www.soanam.de\/it\/wp-json\/wp\/v2\/product\/77339","targetHints":{"allow":["GET"]}}],"collection":[{"href":"https:\/\/www.soanam.de\/it\/wp-json\/wp\/v2\/product"}],"about":[{"href":"https:\/\/www.soanam.de\/it\/wp-json\/wp\/v2\/types\/product"}],"replies":[{"embeddable":true,"href":"https:\/\/www.soanam.de\/it\/wp-json\/wp\/v2\/comments?post=77339"}],"wp:featuredmedia":[{"embeddable":true,"href":"https:\/\/www.soanam.de\/it\/wp-json\/wp\/v2\/media\/77487"}],"wp:attachment":[{"href":"https:\/\/www.soanam.de\/it\/wp-json\/wp\/v2\/media?parent=77339"}],"wp:term":[{"taxonomy":"product_brand","embeddable":true,"href":"https:\/\/www.soanam.de\/it\/wp-json\/wp\/v2\/product_brand?post=77339"},{"taxonomy":"product_cat","embeddable":true,"href":"https:\/\/www.soanam.de\/it\/wp-json\/wp\/v2\/product_cat?post=77339"},{"taxonomy":"product_tag","embeddable":true,"href":"https:\/\/www.soanam.de\/it\/wp-json\/wp\/v2\/product_tag?post=77339"}],"curies":[{"name":"wp","href":"https:\/\/api.w.org\/{rel}","templated":true}]}}

<h3>Descrizione del</h3>
<p>Ulteriori informazioni su questo prodotto</p>
<p>Spallacci integrati<br />
Colletto: Cappuccio<br />
Chiusura: chiusura a zip<br />
Tasche: tasche con patta, tasca interna<br />
Dettagli sul cappuccio: cappuccio con coulisse, cappuccio foderato<br />
Dettagli: tasche a fessura</p>
<h3>Materiale e istruzioni per la cura</h3>
<p>Materiale tessuto esterno: poliestere 100%<br />
Materiale di riempimento: poliestere 100%<br />
Fodera: poliestere 100%<br />
Spessore della fodera: Foderato in modo caldo<br />
Istruzioni per la cura: Lavabile in lavatrice a 30°C, ciclo delicato</p>
<h3>In forma</h3>
<p>Taglia del modello: Il nostro modello è alto 186 cm e indossa una taglia M<br />
Vestibilità: Normale<br />
Lunghezza: Lunghezza normale<br />
Lunghezza della manica: manica lunga<br />
Lunghezza delle maniche: 65 cm per la taglia M<br />
Larghezza della schiena: 51 cm per la taglia M<br />
Lunghezza totale: 72 cm per la taglia M</p>

<h3>Caratteristiche dell'articolo</h3>
<p>Condizione dell'articolo: Nuovo con etichetta: articolo nuovo, non usato e non indossato nella sua confezione originale.</p>
<p>Abteilung: Herren<br />
Aktivität: Spazieren<br />
Anlass: Business, Freizeit, Reise<br />
Außenmaterial: Polyester<br />
Besonderheiten: Durchgehender Reißverschluss<br />
Charakter: ohne<br />
EAN: 8719852237985<br />
Colore: nero<br />
Futtermaterial: Polyester<br />
Gewebeart: ohne Angabe<br />
Taglia: S<br />
Größenkategorie: Normalgröße<br />
Isoliermaterial: Polyester<br />
Jahreszeit: Winter<br />
Marke: Calvin Klein<br />
Modell: Puffer Jacket<br />
Muster: Ohne Muster<br />
Tipo di prodotto: Giacca<br />
Stil: Puffer Jacket<br />
Thema: Sport<br />
Chiusura: chiusura a zip<br />
Vintage: Nein</p>
