{"id":83759,"date":"2023-12-17T02:45:40","date_gmt":"2023-12-17T01:45:40","guid":{"rendered":"https:\/\/www.soanam.de\/?post_type=product&#038;p=83759"},"modified":"2025-04-17T09:30:22","modified_gmt":"2025-04-17T07:30:22","slug":"offre-speciale-cafe-mena-en-grains-1000g-despagne-a-prix-super-economique","status":"publish","type":"product","link":"https:\/\/www.soanam.de\/fr\/produkt\/sonderangebot-cafe-mena-ganze-bohnen-1000g-aus-spanien-zum-super-sparpreis\/","title":{"rendered":"OFFRE SPECIALE : Caf\u00e9 Mena, grains entiers, 1000g, d'Espagne, \u00e0 un prix super \u00e9conomique"},"content":{"rendered":"<p><b>Caf\u00e9 Mena, grains entiers, 1000g, d'Espagne<\/b><\/p>\n<div><b>\u00a0<\/b><\/div>\n<div>\n<p>M\u00e9lange de grains de caf\u00e9 arabica et robusta<br \/>\nTorr\u00e9fi\u00e9 et emball\u00e9 naturellement en Espagne<\/p>\n<p>La meilleure s\u00e9lection de caf\u00e9s d'origine Tegucigalpa<br \/>\nUne qualit\u00e9 obtenue gr\u00e2ce \u00e0 une s\u00e9lection rigoureuse des meilleurs grains d'arabica du monde.<\/p>\n<p>OFFRE SPECIALE<\/p>\n<p><strong>En raison de la date d'expiration imminente, maintenant au prix super \u00e9conomique !<\/strong><\/p>\n<\/div>","protected":false},"excerpt":{"rendered":"<div class=\"ux-layout-section-evo__row\">\n<div class=\"ux-layout-section-evo__col\">\n<div class=\"ux-labels-values__labels\">\n<div class=\"ux-labels-values__labels-content\">\n<div><span class=\"ux-textspans\">Produktname: <\/span>Cafe' Mena<\/div>\n<\/div>\n<\/div>\n<\/div>\n<\/div>\n<div class=\"ux-layout-section-evo__row\">\n<div class=\"ux-layout-section-evo__col\">\n<div class=\"ux-labels-values__labels\">\n<div class=\"ux-labels-values__labels-content\">\n<div><span class=\"ux-textspans\">Produktart: Kaffe <\/span>Bohnen<\/div>\n<\/div>\n<\/div>\n<\/div>\n<\/div>\n<div class=\"ux-layout-section-evo__row\">\n<div class=\"ux-layout-section-evo__col\">\n<div class=\"ux-labels-values__labels\">\n<div class=\"ux-labels-values__labels-content\">\n<div><span class=\"ux-textspans\">G\u00fctesiegel &amp; Kennzeichnungen: <\/span>Ger\u00f6stet und Verpackt in Spanien<\/div>\n<\/div>\n<\/div>\n<\/div>\n<div class=\"ux-layout-section-evo__col\">\n<div class=\"ux-labels-values__labels\">\n<div class=\"ux-labels-values__labels-content\">\n<div><span class=\"ux-textspans\">Geschmack: <\/span>Caf\u00e9<\/div>\n<\/div>\n<\/div>\n<\/div>\n<\/div>\n<div class=\"ux-layout-section-evo__row\">\n<div class=\"ux-layout-section-evo__col\">\n<div class=\"ux-labels-values__labels\">\n<div class=\"ux-labels-values__labels-content\">\n<div><span class=\"ux-textspans\">Anzahl pro Packung: <\/span>1<\/div>\n<\/div>\n<\/div>\n<\/div>\n<div class=\"ux-layout-section-evo__col\">\n<div class=\"ux-labels-values__labels\">\n<div class=\"ux-labels-values__labels-content\">\n<div><span class=\"ux-textspans\">Gewicht: <\/span>1 kg<\/div>\n<\/div>\n<\/div>\n<\/div>\n<\/div>\n<div class=\"ux-layout-section-evo__row\">\n<div class=\"ux-layout-section-evo__col\">\n<div class=\"ux-labels-values__labels\">\n<div class=\"ux-labels-values__labels-content\">\n<div><span class=\"ux-textspans\">Herstellernummer: <\/span>250001727-AL<\/div>\n<\/div>\n<\/div>\n<\/div>\n<div class=\"ux-layout-section-evo__col\">\n<div class=\"ux-labels-values__labels\">\n<div class=\"ux-labels-values__labels-content\">\n<div><span class=\"ux-textspans\">Marke: <\/span>Mena<\/div>\n<\/div>\n<\/div>\n<\/div>\n<\/div>\n<div class=\"ux-layout-section-evo__row\">\n<div class=\"ux-layout-section-evo__col\">\n<div class=\"ux-labels-values__labels\">\n<div class=\"ux-labels-values__labels-content\">\n<div><span class=\"ux-textspans\">Herstellungsland und -region: <\/span>Spanien<\/div>\n<\/div>\n<\/div>\n<\/div>\n<div class=\"ux-layout-section-evo__col\">\n<div class=\"ux-labels-values__labels\">\n<div class=\"ux-labels-values__labels-content\">\n<div><span class=\"ux-textspans\">Lebensmittelabteilung: <\/span>Haltbare Lebensmittel<\/div>\n<\/div>\n<\/div>\n<\/div>\n<\/div>\n<div class=\"ux-layout-section-evo__row\">\n<div class=\"ux-layout-section-evo__col\">\n<div class=\"ux-labels-values__labels\">\n<div class=\"ux-labels-values__labels-content\">\n<div><span class=\"ux-textspans\">R\u00f6stung: <\/span>Medium Dunkel<\/div>\n<\/div>\n<\/div>\n<\/div>\n<div class=\"ux-layout-section-evo__col\">\n<div class=\"ux-labels-values__labels\">\n<div class=\"ux-labels-values__labels-content\">\n<div><span class=\"ux-textspans\">Ablaufdatum: 12\/<\/span>2023<\/div>\n<\/div>\n<\/div>\n<\/div>\n<\/div>\n<div class=\"ux-layout-section-evo__row\">\n<div class=\"ux-layout-section-evo__col\">\n<div class=\"ux-labels-values__labels\">\n<div class=\"ux-labels-values__labels-content\">\n<div><span class=\"ux-textspans\">L\u00e4nderk\u00fcche\/Region: <\/span>Spanisch<\/div>\n<\/div>\n<\/div>\n<\/div>\n<div class=\"ux-layout-section-evo__col\">\n<div class=\"ux-labels-values__labels\">\n<div class=\"ux-labels-values__labels-content\">\n<div><span class=\"ux-textspans\">EAN: <\/span>8437025388004<\/div>\n<\/div>\n<\/div>\n<\/div>\n<\/div>","protected":false},"featured_media":83769,"comment_status":"closed","ping_status":"closed","template":"","meta":{"_seopress_robots_primary_cat":"none","_seopress_titles_title":"","_seopress_titles_desc":"","_seopress_robots_index":""},"product_brand":[],"product_cat":[1713,1714],"product_tag":[],"class_list":{"0":"post-83759","1":"product","2":"type-product","3":"status-publish","4":"has-post-thumbnail","6":"product_cat-genussmittel","7":"product_cat-kaffee","9":"first","10":"outofstock","11":"sale","12":"taxable","13":"shipping-taxable","14":"purchasable","15":"product-type-simple"},"_links":{"self":[{"href":"https:\/\/www.soanam.de\/fr\/wp-json\/wp\/v2\/product\/83759","targetHints":{"allow":["GET"]}}],"collection":[{"href":"https:\/\/www.soanam.de\/fr\/wp-json\/wp\/v2\/product"}],"about":[{"href":"https:\/\/www.soanam.de\/fr\/wp-json\/wp\/v2\/types\/product"}],"replies":[{"embeddable":true,"href":"https:\/\/www.soanam.de\/fr\/wp-json\/wp\/v2\/comments?post=83759"}],"wp:featuredmedia":[{"embeddable":true,"href":"https:\/\/www.soanam.de\/fr\/wp-json\/wp\/v2\/media\/83769"}],"wp:attachment":[{"href":"https:\/\/www.soanam.de\/fr\/wp-json\/wp\/v2\/media?parent=83759"}],"wp:term":[{"taxonomy":"product_brand","embeddable":true,"href":"https:\/\/www.soanam.de\/fr\/wp-json\/wp\/v2\/product_brand?post=83759"},{"taxonomy":"product_cat","embeddable":true,"href":"https:\/\/www.soanam.de\/fr\/wp-json\/wp\/v2\/product_cat?post=83759"},{"taxonomy":"product_tag","embeddable":true,"href":"https:\/\/www.soanam.de\/fr\/wp-json\/wp\/v2\/product_tag?post=83759"}],"curies":[{"name":"wp","href":"https:\/\/api.w.org\/{rel}","templated":true}]}}

OFFRE SPECIALE : Café Mena, grains entiers, 1000g, d'Espagne, à un prix super économique

<p><b>Café Mena, grains entiers, 1000g, d'Espagne</b></p>
<div><b> </b></div>
<div>
<p>Mélange de grains de café arabica et robusta<br />
Torréfié et emballé naturellement en Espagne</p>
<p>La meilleure sélection de cafés d'origine Tegucigalpa<br />
Une qualité obtenue grâce à une sélection rigoureuse des meilleurs grains d'arabica du monde.</p>
<p>OFFRE SPECIALE</p>
<p><strong>En raison de la date d'expiration imminente, maintenant au prix super économique !</strong></p>
</div>

<div class="ux-layout-section-evo__row">
<div class="ux-layout-section-evo__col">
<div class="ux-labels-values__labels">
<div class="ux-labels-values__labels-content">
<div><span class="ux-textspans">Produktname: </span>Cafe' Mena</div>
</div>
</div>
</div>
</div>
<div class="ux-layout-section-evo__row">
<div class="ux-layout-section-evo__col">
<div class="ux-labels-values__labels">
<div class="ux-labels-values__labels-content">
<div><span class="ux-textspans">Produktart: Kaffe </span>Bohnen</div>
</div>
</div>
</div>
</div>
<div class="ux-layout-section-evo__row">
<div class="ux-layout-section-evo__col">
<div class="ux-labels-values__labels">
<div class="ux-labels-values__labels-content">
<div><span class="ux-textspans">Gütesiegel &amp; Kennzeichnungen: </span>Geröstet und Verpackt in Spanien</div>
</div>
</div>
</div>
<div class="ux-layout-section-evo__col">
<div class="ux-labels-values__labels">
<div class="ux-labels-values__labels-content">
<div><span class="ux-textspans">Geschmack: </span>Café</div>
</div>
</div>
</div>
</div>
<div class="ux-layout-section-evo__row">
<div class="ux-layout-section-evo__col">
<div class="ux-labels-values__labels">
<div class="ux-labels-values__labels-content">
<div><span class="ux-textspans">Anzahl pro Packung: </span>1</div>
</div>
</div>
</div>
<div class="ux-layout-section-evo__col">
<div class="ux-labels-values__labels">
<div class="ux-labels-values__labels-content">
<div><span class="ux-textspans">Gewicht: </span>1 kg</div>
</div>
</div>
</div>
</div>
<div class="ux-layout-section-evo__row">
<div class="ux-layout-section-evo__col">
<div class="ux-labels-values__labels">
<div class="ux-labels-values__labels-content">
<div><span class="ux-textspans">Herstellernummer: </span>250001727-AL</div>
</div>
</div>
</div>
<div class="ux-layout-section-evo__col">
<div class="ux-labels-values__labels">
<div class="ux-labels-values__labels-content">
<div><span class="ux-textspans">Marke: </span>Mena</div>
</div>
</div>
</div>
</div>
<div class="ux-layout-section-evo__row">
<div class="ux-layout-section-evo__col">
<div class="ux-labels-values__labels">
<div class="ux-labels-values__labels-content">
<div><span class="ux-textspans">Herstellungsland und -region: </span>Spanien</div>
</div>
</div>
</div>
<div class="ux-layout-section-evo__col">
<div class="ux-labels-values__labels">
<div class="ux-labels-values__labels-content">
<div><span class="ux-textspans">Lebensmittelabteilung: </span>Haltbare Lebensmittel</div>
</div>
</div>
</div>
</div>
<div class="ux-layout-section-evo__row">
<div class="ux-layout-section-evo__col">
<div class="ux-labels-values__labels">
<div class="ux-labels-values__labels-content">
<div><span class="ux-textspans">Röstung: </span>Medium Dunkel</div>
</div>
</div>
</div>
<div class="ux-layout-section-evo__col">
<div class="ux-labels-values__labels">
<div class="ux-labels-values__labels-content">
<div><span class="ux-textspans">Ablaufdatum: 12/</span>2023</div>
</div>
</div>
</div>
</div>
<div class="ux-layout-section-evo__row">
<div class="ux-layout-section-evo__col">
<div class="ux-labels-values__labels">
<div class="ux-labels-values__labels-content">
<div><span class="ux-textspans">Länderküche/Region: </span>Spanisch</div>
</div>
</div>
</div>
<div class="ux-layout-section-evo__col">
<div class="ux-labels-values__labels">
<div class="ux-labels-values__labels-content">
<div><span class="ux-textspans">EAN: </span>8437025388004</div>
</div>
</div>
</div>
</div>
