{"id":83750,"date":"2023-12-17T02:45:11","date_gmt":"2023-12-17T01:45:11","guid":{"rendered":"https:\/\/www.soanam.de\/?post_type=product&#038;p=83750"},"modified":"2023-12-17T02:46:11","modified_gmt":"2023-12-17T01:46:11","slug":"tabouret-a-2-marches-en-bois-artisanal-38x38x38-cm","status":"publish","type":"product","link":"https:\/\/www.soanam.de\/fr\/produkt\/2-stufiger-tritthocker-aus-holz-handarbeit-38x38x38-cm\/","title":{"rendered":"Tabouret marchepied \u00e0 2 marches en bois, fait main, 38x38x38 cm"},"content":{"rendered":"<p>Tabouret marchepied en bois massif de haute qualit\u00e9, fabriqu\u00e9 \u00e0 la main<br \/>\nGr\u00e2ce \u00e0 sa fabrication robuste, il peut servir de tabouret pour les enfants ou de marchepied pour monter dessus.<br \/>\n\u00c9l\u00e9ment d\u00e9coratif pour la maison ou le bureau<br \/>\nUtilisable comme table d'appoint ou comme support pour un plateau<\/p>\n<p>&nbsp;<\/p>\n<div class=\"rd-attribute-table__item\">\n<p>Un petit tabouret bien entretenu est un must dans votre maison ! En raison de leur nature pratique, les tabourets sont revenus en gr\u00e2ce et ont joui d'une grande popularit\u00e9 ces derniers temps.<\/p>\n<p>Malgr\u00e9 sa petite taille, le mini tabouret est \u00e0 la fois stable gr\u00e2ce \u00e0 ses quatre pieds et extr\u00eamement utile au quotidien. Il fonctionne parfaitement dans la salle de bain pour permettre \u00e0 votre enfant de faire sa toilette quotidienne, ou dans la cuisine pour que le petit assistant puisse participer \u00e0 la pr\u00e9paration des repas.<\/p>\n<p>Fabriqu\u00e9 en bois v\u00e9ritable, ce tabouret s'int\u00e8gre parfaitement dans n'importe quel agencement tout en se distinguant par sa durabilit\u00e9. Il est \u00e9galement facile \u00e0 nettoyer et \u00e0 entretenir - il suffit d'un chiffon humidifi\u00e9 pour enlever la poussi\u00e8re et la salet\u00e9. La construction minimaliste en bois cr\u00e9e un design simple mais int\u00e9ressant.<\/p>\n<p>Les tabourets sont superbes, par exemple comme porte-fleurs - combin\u00e9s avec un simple pot, ils constitueront une d\u00e9coration unique dans votre maison. Le tabouret peut \u00e9galement \u00eatre utilis\u00e9 comme table de nuit invisible mais pratique.<\/p>\n<p>Caract\u00e9ristiques du produit :<\/p>\n<p>Tabouret, tabouret \u00e0 2 niveaux, en bois<\/p>\n<p>Dimensions : 38 x 38 x 38cm<\/p>\n<p>&nbsp;<\/p>\n<\/div>","protected":false},"excerpt":{"rendered":"<table class=\"dv_characteristicsTable\">\n<caption>FARBE<\/caption>\n<tbody>\n<tr>\n<td class=\"left\">Farbe F\u00fc\u00dfe<\/td>\n<td>Buche<\/td>\n<\/tr>\n<tr>\n<td class=\"left\">Couleur<\/td>\n<td>buche<\/td>\n<\/tr>\n<\/tbody>\n<\/table>\n<table class=\"dv_characteristicsTable\">\n<caption>AUSSTATTUNG &amp; FUNKTIONEN<\/caption>\n<tbody>\n<tr>\n<td class=\"left\">Anzahl F\u00fc\u00dfe<\/td>\n<td>4 St.<\/td>\n<\/tr>\n<tr>\n<td class=\"left\">Anzahl Sitzkissen<\/td>\n<td>0<\/td>\n<\/tr>\n<tr>\n<td class=\"left\">Ausstattung<\/td>\n<td>handmontiert<br \/>\nM\u00f6belgleiter<\/td>\n<\/tr>\n<tr>\n<td class=\"left\">Funktionshinweise<\/td>\n<td>2-stufig<\/td>\n<\/tr>\n<\/tbody>\n<\/table>\n<table class=\"dv_characteristicsTable\">\n<caption>MASSANGABE<\/caption>\n<tbody>\n<tr>\n<td class=\"left\">Gewicht<\/td>\n<td>5,00 kg<\/td>\n<\/tr>\n<\/tbody>\n<\/table>\n<table class=\"dv_characteristicsTable\">\n<tbody>\n<tr>\n<td class=\"left\">Breite<\/td>\n<td>38 cm<\/td>\n<\/tr>\n<tr>\n<td class=\"left\">H\u00f6he<\/td>\n<td>38 cm<\/td>\n<\/tr>\n<tr>\n<td class=\"left\">Tiefe<\/td>\n<td>38 cm<\/td>\n<\/tr>\n<\/tbody>\n<\/table>\n<table class=\"dv_characteristicsTable\">\n<caption>MAT\u00c9RIEL<\/caption>\n<tbody>\n<tr>\n<td class=\"left\">Holzart<\/td>\n<td>Buche<\/td>\n<\/tr>\n<tr>\n<td class=\"left\">Holzart (botanisch)<\/td>\n<td>Buchenholz<\/td>\n<\/tr>\n<tr>\n<td class=\"left\">Material F\u00fc\u00dfe<\/td>\n<td>Bois<\/td>\n<\/tr>\n<tr>\n<td class=\"left\">Material Korpus<\/td>\n<td>Massivholz<\/td>\n<\/tr>\n<tr>\n<td class=\"left\">Materialhinweis<\/td>\n<td>Nachhaltiges Buchenholz<\/td>\n<\/tr>\n<tr>\n<td class=\"left\">Composition du mat\u00e9riau<\/td>\n<td>100% Buchenholz<\/td>\n<\/tr>\n<tr>\n<td class=\"left\">Information Materialzusammensetzung<\/td>\n<td>Massivholz<\/td>\n<\/tr>\n<tr>\n<td class=\"left\">Material Sitzfl\u00e4che<\/td>\n<td>Bois<\/td>\n<\/tr>\n<tr>\n<td class=\"left\">Bezug<\/td>\n<td>ohne<\/td>\n<\/tr>\n<tr>\n<td class=\"left\">Materialeigenschaften<\/td>\n<td>geschliffen, ge\u00f6lt<\/td>\n<\/tr>\n<\/tbody>\n<\/table>\n<p>&nbsp;<\/p>","protected":false},"featured_media":83761,"comment_status":"open","ping_status":"closed","template":"","meta":{"_seopress_robots_primary_cat":"","_seopress_titles_title":"","_seopress_titles_desc":"","_seopress_robots_index":""},"product_brand":[],"product_cat":[1400,1420],"product_tag":[],"class_list":{"0":"post-83750","1":"product","2":"type-product","3":"status-publish","4":"has-post-thumbnail","6":"product_cat-wohnzubehoer","7":"product_cat-wohndekoration","8":"product_shipping_class-standard-versand","10":"first","11":"instock","12":"taxable","13":"shipping-taxable","14":"purchasable","15":"product-type-simple"},"_links":{"self":[{"href":"https:\/\/www.soanam.de\/fr\/wp-json\/wp\/v2\/product\/83750","targetHints":{"allow":["GET"]}}],"collection":[{"href":"https:\/\/www.soanam.de\/fr\/wp-json\/wp\/v2\/product"}],"about":[{"href":"https:\/\/www.soanam.de\/fr\/wp-json\/wp\/v2\/types\/product"}],"replies":[{"embeddable":true,"href":"https:\/\/www.soanam.de\/fr\/wp-json\/wp\/v2\/comments?post=83750"}],"wp:featuredmedia":[{"embeddable":true,"href":"https:\/\/www.soanam.de\/fr\/wp-json\/wp\/v2\/media\/83761"}],"wp:attachment":[{"href":"https:\/\/www.soanam.de\/fr\/wp-json\/wp\/v2\/media?parent=83750"}],"wp:term":[{"taxonomy":"product_brand","embeddable":true,"href":"https:\/\/www.soanam.de\/fr\/wp-json\/wp\/v2\/product_brand?post=83750"},{"taxonomy":"product_cat","embeddable":true,"href":"https:\/\/www.soanam.de\/fr\/wp-json\/wp\/v2\/product_cat?post=83750"},{"taxonomy":"product_tag","embeddable":true,"href":"https:\/\/www.soanam.de\/fr\/wp-json\/wp\/v2\/product_tag?post=83750"}],"curies":[{"name":"wp","href":"https:\/\/api.w.org\/{rel}","templated":true}]}}

Tabouret marchepied à 2 marches en bois, fait main, 38x38x38 cm

<p>Tabouret marchepied en bois massif de haute qualité, fabriqué à la main<br />
Grâce à sa fabrication robuste, il peut servir de tabouret pour les enfants ou de marchepied pour monter dessus.<br />
Élément décoratif pour la maison ou le bureau<br />
Utilisable comme table d'appoint ou comme support pour un plateau</p>
<p>&nbsp;</p>
<div class="rd-attribute-table__item">
<p>Un petit tabouret bien entretenu est un must dans votre maison ! En raison de leur nature pratique, les tabourets sont revenus en grâce et ont joui d'une grande popularité ces derniers temps.</p>
<p>Malgré sa petite taille, le mini tabouret est à la fois stable grâce à ses quatre pieds et extrêmement utile au quotidien. Il fonctionne parfaitement dans la salle de bain pour permettre à votre enfant de faire sa toilette quotidienne, ou dans la cuisine pour que le petit assistant puisse participer à la préparation des repas.</p>
<p>Fabriqué en bois véritable, ce tabouret s'intègre parfaitement dans n'importe quel agencement tout en se distinguant par sa durabilité. Il est également facile à nettoyer et à entretenir - il suffit d'un chiffon humidifié pour enlever la poussière et la saleté. La construction minimaliste en bois crée un design simple mais intéressant.</p>
<p>Les tabourets sont superbes, par exemple comme porte-fleurs - combinés avec un simple pot, ils constitueront une décoration unique dans votre maison. Le tabouret peut également être utilisé comme table de nuit invisible mais pratique.</p>
<p>Caractéristiques du produit :</p>
<p>Tabouret, tabouret à 2 niveaux, en bois</p>
<p>Dimensions : 38 x 38 x 38cm</p>
<p>&nbsp;</p>
</div>

<table class="dv_characteristicsTable">
<caption>FARBE</caption>
<tbody>
<tr>
<td class="left">Farbe Füße</td>
<td>Buche</td>
</tr>
<tr>
<td class="left">Couleur</td>
<td>buche</td>
</tr>
</tbody>
</table>
<table class="dv_characteristicsTable">
<caption>AUSSTATTUNG &amp; FUNKTIONEN</caption>
<tbody>
<tr>
<td class="left">Anzahl Füße</td>
<td>4 St.</td>
</tr>
<tr>
<td class="left">Anzahl Sitzkissen</td>
<td>0</td>
</tr>
<tr>
<td class="left">Ausstattung</td>
<td>handmontiert<br />
Möbelgleiter</td>
</tr>
<tr>
<td class="left">Funktionshinweise</td>
<td>2-stufig</td>
</tr>
</tbody>
</table>
<table class="dv_characteristicsTable">
<caption>MASSANGABE</caption>
<tbody>
<tr>
<td class="left">Gewicht</td>
<td>5,00 kg</td>
</tr>
</tbody>
</table>
<table class="dv_characteristicsTable">
<tbody>
<tr>
<td class="left">Breite</td>
<td>38 cm</td>
</tr>
<tr>
<td class="left">Höhe</td>
<td>38 cm</td>
</tr>
<tr>
<td class="left">Tiefe</td>
<td>38 cm</td>
</tr>
</tbody>
</table>
<table class="dv_characteristicsTable">
<caption>MATÉRIEL</caption>
<tbody>
<tr>
<td class="left">Holzart</td>
<td>Buche</td>
</tr>
<tr>
<td class="left">Holzart (botanisch)</td>
<td>Buchenholz</td>
</tr>
<tr>
<td class="left">Material Füße</td>
<td>Bois</td>
</tr>
<tr>
<td class="left">Material Korpus</td>
<td>Massivholz</td>
</tr>
<tr>
<td class="left">Materialhinweis</td>
<td>Nachhaltiges Buchenholz</td>
</tr>
<tr>
<td class="left">Composition du matériau</td>
<td>100% Buchenholz</td>
</tr>
<tr>
<td class="left">Information Materialzusammensetzung</td>
<td>Massivholz</td>
</tr>
<tr>
<td class="left">Material Sitzfläche</td>
<td>Bois</td>
</tr>
<tr>
<td class="left">Bezug</td>
<td>ohne</td>
</tr>
<tr>
<td class="left">Materialeigenschaften</td>
<td>geschliffen, geölt</td>
</tr>
</tbody>
</table>
<p>&nbsp;</p>
