{"id":82779,"date":"2023-12-14T03:06:33","date_gmt":"2023-12-14T02:06:33","guid":{"rendered":"https:\/\/www.soanam.de\/?post_type=product&#038;p=82779"},"modified":"2023-12-14T21:06:53","modified_gmt":"2023-12-14T20:06:53","slug":"lascana-robe-bodycon-avec-rivets-en-noir-gr-36","status":"publish","type":"product","link":"https:\/\/www.soanam.de\/fr\/produkt\/lascana-bodycon-dress-mit-nieten-in-schwarz-gr-36\/","title":{"rendered":"Lascana Robe bodycon avec rivets, en noir, taille 36"},"content":{"rendered":"<p>S\u00e9duisante mini-robe de Lascana<br \/>\nM\u00e9lange de mat\u00e9riaux de haute qualit\u00e9<br \/>\nSans manches, d\u00e9collet\u00e9 en V<br \/>\nAvec des rivets dor\u00e9s<br \/>\nCoupe ajust\u00e9e<\/p>\n<p>Un d\u00e9collet\u00e9 en V et des rivets dor\u00e9s conf\u00e8rent \u00e0 cette robe de Lascana, qui souligne les courbes et la silhouette, le c\u00f4t\u00e9 dramatique qu'il faut.<br \/>\nUn ourlet \u00e0 hauteur de cuisse compl\u00e8te le look de la petite robe noire.<br \/>\nLa partie stretch de la robe assure une tenue parfaite.<\/p>\n<p>Mati\u00e8re : 70% polyester, 25% viscose, 5% \u00e9lastiques<br \/>\nConseils d'entretien : Lavage en machine<\/p>\n<p>couleur : noir<br \/>\nmotif : rivets<br \/>\nTaille : 36<\/p>\n<p>Largeur des \u00e9paules : 39cm<br \/>\nTour de poitrine : 82cm<br \/>\nLongueur des manches : ----<br \/>\nlongueur totale : 85cm<\/p>","protected":false},"excerpt":{"rendered":"<table class=\"dv_characteristicsTable\">\n<tbody>\n<tr>\n<td class=\"left\">Taille<\/td>\n<td>36<\/td>\n<\/tr>\n<tr>\n<td class=\"left\">Gr\u00f6\u00dfentyp<\/td>\n<td>Normalgr\u00f6\u00dfen<\/td>\n<\/tr>\n<tr>\n<td class=\"left\">Composition du mat\u00e9riau<\/td>\n<td>polyester, viscose, \u00e9lasthanne<\/td>\n<\/tr>\n<tr>\n<td class=\"left\">Materialart<\/td>\n<td>Single Jersey<\/td>\n<\/tr>\n<tr>\n<td class=\"left\">Materialeigenschaften<\/td>\n<td>elastisch<\/td>\n<\/tr>\n<tr>\n<td class=\"left\">Conseils d'entretien<\/td>\n<td>Lavage en machine<\/td>\n<\/tr>\n<tr>\n<td class=\"left\">Optik<\/td>\n<td>sexy<\/td>\n<\/tr>\n<tr>\n<td class=\"left\">Stil<\/td>\n<td>modisch<\/td>\n<\/tr>\n<tr>\n<td class=\"left\">Ausschnitt<\/td>\n<td>Encolure en V<\/td>\n<\/tr>\n<tr>\n<td class=\"left\">\u00c4rmel<\/td>\n<td>ohne Arm<\/td>\n<\/tr>\n<tr>\n<td class=\"left\">Coupe<\/td>\n<td>figurbetont<\/td>\n<\/tr>\n<tr>\n<td class=\"left\">L\u00e4nge<\/td>\n<td>mini<\/td>\n<\/tr>\n<tr>\n<td class=\"left\">Couleur<\/td>\n<td>schwarz<\/td>\n<\/tr>\n<tr>\n<td class=\"left\">Merkmal<\/td>\n<td>Nieten<\/td>\n<\/tr>\n<tr>\n<td class=\"left\"><\/td>\n<td><\/td>\n<\/tr>\n<tr>\n<td class=\"left\"><\/td>\n<td><\/td>\n<\/tr>\n<\/tbody>\n<\/table>","protected":false},"featured_media":82873,"comment_status":"open","ping_status":"closed","template":"","meta":{"_seopress_robots_primary_cat":"","_seopress_titles_title":"","_seopress_titles_desc":"","_seopress_robots_index":""},"product_brand":[],"product_cat":[1348,1379,1380],"product_tag":[],"class_list":{"0":"post-82779","1":"product","2":"type-product","3":"status-publish","4":"has-post-thumbnail","6":"product_cat-damen-mode","7":"product_cat-kleider","8":"product_cat-abendkleider","9":"product_shipping_class-standard-versand","11":"first","12":"instock","13":"taxable","14":"shipping-taxable","15":"purchasable","16":"product-type-simple"},"_links":{"self":[{"href":"https:\/\/www.soanam.de\/fr\/wp-json\/wp\/v2\/product\/82779","targetHints":{"allow":["GET"]}}],"collection":[{"href":"https:\/\/www.soanam.de\/fr\/wp-json\/wp\/v2\/product"}],"about":[{"href":"https:\/\/www.soanam.de\/fr\/wp-json\/wp\/v2\/types\/product"}],"replies":[{"embeddable":true,"href":"https:\/\/www.soanam.de\/fr\/wp-json\/wp\/v2\/comments?post=82779"}],"wp:featuredmedia":[{"embeddable":true,"href":"https:\/\/www.soanam.de\/fr\/wp-json\/wp\/v2\/media\/82873"}],"wp:attachment":[{"href":"https:\/\/www.soanam.de\/fr\/wp-json\/wp\/v2\/media?parent=82779"}],"wp:term":[{"taxonomy":"product_brand","embeddable":true,"href":"https:\/\/www.soanam.de\/fr\/wp-json\/wp\/v2\/product_brand?post=82779"},{"taxonomy":"product_cat","embeddable":true,"href":"https:\/\/www.soanam.de\/fr\/wp-json\/wp\/v2\/product_cat?post=82779"},{"taxonomy":"product_tag","embeddable":true,"href":"https:\/\/www.soanam.de\/fr\/wp-json\/wp\/v2\/product_tag?post=82779"}],"curies":[{"name":"wp","href":"https:\/\/api.w.org\/{rel}","templated":true}]}}

<p>Séduisante mini-robe de Lascana<br />
Mélange de matériaux de haute qualité<br />
Sans manches, décolleté en V<br />
Avec des rivets dorés<br />
Coupe ajustée</p>
<p>Un décolleté en V et des rivets dorés confèrent à cette robe de Lascana, qui souligne les courbes et la silhouette, le côté dramatique qu'il faut.<br />
Un ourlet à hauteur de cuisse complète le look de la petite robe noire.<br />
La partie stretch de la robe assure une tenue parfaite.</p>
<p>Matière : 70% polyester, 25% viscose, 5% élastiques<br />
Conseils d'entretien : Lavage en machine</p>
<p>couleur : noir<br />
motif : rivets<br />
Taille : 36</p>
<p>Largeur des épaules : 39cm<br />
Tour de poitrine : 82cm<br />
Longueur des manches : ----<br />
longueur totale : 85cm</p>

<table class="dv_characteristicsTable">
<tbody>
<tr>
<td class="left">Taille</td>
<td>36</td>
</tr>
<tr>
<td class="left">Größentyp</td>
<td>Normalgrößen</td>
</tr>
<tr>
<td class="left">Composition du matériau</td>
<td>polyester, viscose, élasthanne</td>
</tr>
<tr>
<td class="left">Materialart</td>
<td>Single Jersey</td>
</tr>
<tr>
<td class="left">Materialeigenschaften</td>
<td>elastisch</td>
</tr>
<tr>
<td class="left">Conseils d'entretien</td>
<td>Lavage en machine</td>
</tr>
<tr>
<td class="left">Optik</td>
<td>sexy</td>
</tr>
<tr>
<td class="left">Stil</td>
<td>modisch</td>
</tr>
<tr>
<td class="left">Ausschnitt</td>
<td>Encolure en V</td>
</tr>
<tr>
<td class="left">Ärmel</td>
<td>ohne Arm</td>
</tr>
<tr>
<td class="left">Coupe</td>
<td>figurbetont</td>
</tr>
<tr>
<td class="left">Länge</td>
<td>mini</td>
</tr>
<tr>
<td class="left">Couleur</td>
<td>schwarz</td>
</tr>
<tr>
<td class="left">Merkmal</td>
<td>Nieten</td>
</tr>
<tr>
<td class="left"></td>
<td></td>
</tr>
<tr>
<td class="left"></td>
<td></td>
</tr>
</tbody>
</table>
