{"id":82643,"date":"2023-12-14T02:29:05","date_gmt":"2023-12-14T01:29:05","guid":{"rendered":"https:\/\/www.soanam.de\/?post_type=product&#038;p=82643"},"modified":"2023-12-14T02:34:50","modified_gmt":"2023-12-14T01:34:50","slug":"sommerrock-nora-gestreift-in-bordeaux-weiss-gr-m","status":"publish","type":"product","link":"https:\/\/www.soanam.de\/fr\/produkt\/sommerrock-nora-gestreift-in-bordeaux-weiss-gr-m\/","title":{"rendered":"Jupe d'\u00e9t\u00e9 Nora, ray\u00e9e, en bordeaux blanc, taille M"},"content":{"rendered":"<p>jupe estivale en ligne A<br \/>\nl\u00e9g\u00e8rement \u00e9vas\u00e9<br \/>\ns'arr\u00eate au genou<\/p>\n<p>Der Sommer kann kommen - mit diesem schlichten und bequemen Sommerrock sind Sie bestens ausgestattet.<br \/>\nDer knielange Sommerrock ist leicht ausgestellt und besteht aus bequemen Baumwolljersey.<br \/>\nDer Rock besitzt einen elastischen Bund und sitzt direkt auf Taillenh\u00f6he.<\/p>\n<p>Farbe: Bordeaux-weiss<br \/>\nMaterial: 94% Baumwolle, 6% Elasten<br \/>\nEntretien : lavage d\u00e9licat<\/p>\n<p>Tour de taille : 64cm<br \/>\nlongueur totale : 57cm<\/p>","protected":false},"excerpt":{"rendered":"<div class=\"pdp_details__characteristics-html\">\n<table class=\"dv_characteristicsTable\">\n<tbody>\n<tr>\n<td class=\"left\">\n<div><\/div>\n<div>Material\u00a0 \u00a0Baumwolle, Elasthan<\/div>\n<div>Farbe\u00a0 \u00a0 \u00a0 \u00a0bordeaux, weiss<\/div>\n<div>\u00a0Groesse\u00a0 M<\/div>\n<div>Optik\u00a0 \u00a0 \u00a0 \u00a0 gestreift<\/div>\n<div>Merkmal\u00a0 \u00a0knieumspielend<\/div>\n<\/td>\n<td><\/td>\n<\/tr>\n<tr>\n<td class=\"left\"><\/td>\n<td><\/td>\n<\/tr>\n<tr>\n<td class=\"left\"><\/td>\n<td><\/td>\n<\/tr>\n<\/tbody>\n<\/table>\n<\/div>","protected":false},"featured_media":82734,"comment_status":"open","ping_status":"closed","template":"","meta":{"_seopress_robots_primary_cat":"","_seopress_titles_title":"","_seopress_titles_desc":"","_seopress_robots_index":""},"product_brand":[],"product_cat":[1348,1473,1474],"product_tag":[],"class_list":{"0":"post-82643","1":"product","2":"type-product","3":"status-publish","4":"has-post-thumbnail","6":"product_cat-damen-mode","7":"product_cat-roecke","8":"product_cat-midiroecke","9":"product_shipping_class-standard-versand","11":"first","12":"instock","13":"sale","14":"taxable","15":"shipping-taxable","16":"purchasable","17":"product-type-simple"},"_links":{"self":[{"href":"https:\/\/www.soanam.de\/fr\/wp-json\/wp\/v2\/product\/82643","targetHints":{"allow":["GET"]}}],"collection":[{"href":"https:\/\/www.soanam.de\/fr\/wp-json\/wp\/v2\/product"}],"about":[{"href":"https:\/\/www.soanam.de\/fr\/wp-json\/wp\/v2\/types\/product"}],"replies":[{"embeddable":true,"href":"https:\/\/www.soanam.de\/fr\/wp-json\/wp\/v2\/comments?post=82643"}],"wp:featuredmedia":[{"embeddable":true,"href":"https:\/\/www.soanam.de\/fr\/wp-json\/wp\/v2\/media\/82734"}],"wp:attachment":[{"href":"https:\/\/www.soanam.de\/fr\/wp-json\/wp\/v2\/media?parent=82643"}],"wp:term":[{"taxonomy":"product_brand","embeddable":true,"href":"https:\/\/www.soanam.de\/fr\/wp-json\/wp\/v2\/product_brand?post=82643"},{"taxonomy":"product_cat","embeddable":true,"href":"https:\/\/www.soanam.de\/fr\/wp-json\/wp\/v2\/product_cat?post=82643"},{"taxonomy":"product_tag","embeddable":true,"href":"https:\/\/www.soanam.de\/fr\/wp-json\/wp\/v2\/product_tag?post=82643"}],"curies":[{"name":"wp","href":"https:\/\/api.w.org\/{rel}","templated":true}]}}

Jupe d'été Nora, rayée, en bordeaux blanc, taille M

<p>jupe estivale en ligne A<br />
légèrement évasé<br />
s'arrête au genou</p>
<p>Der Sommer kann kommen - mit diesem schlichten und bequemen Sommerrock sind Sie bestens ausgestattet.<br />
Der knielange Sommerrock ist leicht ausgestellt und besteht aus bequemen Baumwolljersey.<br />
Der Rock besitzt einen elastischen Bund und sitzt direkt auf Taillenhöhe.</p>
<p>Farbe: Bordeaux-weiss<br />
Material: 94% Baumwolle, 6% Elasten<br />
Entretien : lavage délicat</p>
<p>Tour de taille : 64cm<br />
longueur totale : 57cm</p>
