{"id":82499,"date":"2023-12-14T02:25:51","date_gmt":"2023-12-14T01:25:51","guid":{"rendered":"https:\/\/www.soanam.de\/?post_type=product&#038;p=82499"},"modified":"2023-12-14T02:27:33","modified_gmt":"2023-12-14T01:27:33","slug":"my-home-rideau-xmas-tree-w-led-1stk-argente-hxb-230x140cm","status":"publish","type":"product","link":"https:\/\/www.soanam.de\/fr\/produkt\/my-home-vorhang-xmas-tree-w-led-1stk-silberfarben-hxb-230x140cm\/","title":{"rendered":"my home Rideau Xmas Tree W\/LED, 1pc. argent\u00e9, hxl : 230x140cm"},"content":{"rendered":"<p>Tissu opaque<br \/>\nAvec 15 lumi\u00e8res LED qui peuvent \u00eatre enlev\u00e9es pour \u00eatre nettoy\u00e9es gr\u00e2ce \u00e0 une bande velcro.<br \/>\nfonctionne avec deux piles AAA (non fournies)<br \/>\nSapin imprim\u00e9 d'un c\u00f4t\u00e9 sur tissu blanc<br \/>\nAvec un passage de barre<\/p>\n<p>Fabriqu\u00e9 dans une qualit\u00e9 opaque, le rideau Xmas Tree W\/LED de my home est une charmante id\u00e9e de d\u00e9coration pour la p\u00e9riode des f\u00eates.<br \/>\nGr\u00e2ce \u00e0 la guirlande lumineuse LED qui l'accompagne, il devient un v\u00e9ritable point de mire \u00e0 la tomb\u00e9e de la nuit et cr\u00e9e une ambiance agr\u00e9able dans la pi\u00e8ce.<br \/>\nPour le fonctionnement, tu as besoin de piles AAA vendues s\u00e9par\u00e9ment.<br \/>\nEn cas de besoin, l'\u00e9charpe d\u00e9corative peut \u00eatre nettoy\u00e9e sans probl\u00e8me \u00e0 30 \u00b0C sur un cycle de lavage doux.<\/p>\n<p>Mat\u00e9riau : Dessus : 100% polyester<br \/>\nConseils d'entretien : Lavage d\u00e9licat<\/p>\n<p>couleur : blanc-argent<br \/>\nmotif : arbre de No\u00ebl<br \/>\nTaille : 230cm x 140cm<\/p>\n<p>Remarque : les dimensions indiqu\u00e9es sont celles du tissu. Une fois la d\u00e9coration termin\u00e9e sur la fen\u00eatre, la largeur est r\u00e9duite de moiti\u00e9 environ.<\/p>\n<p>La suspension s'effectue au moyen d'un passage de tige sur la tringle \u00e0 rideaux.<\/p>","protected":false},"excerpt":{"rendered":"<table class=\"dv_characteristicsTable\">\n<tbody>\n<tr>\n<td class=\"left\">Geeignet f\u00fcr Gardinenstangendurchmesser bis<\/td>\n<td>20 mm<\/td>\n<\/tr>\n<tr>\n<td class=\"left\">Gewicht<\/td>\n<td>75 g\/m\u00b2<\/td>\n<\/tr>\n<tr>\n<td class=\"left\">Breite<\/td>\n<td>140 cm<\/td>\n<\/tr>\n<tr>\n<td class=\"left\">H\u00f6he<\/td>\n<td>230 cm<\/td>\n<\/tr>\n<\/tbody>\n<\/table>\n<table class=\"dv_characteristicsTable\">\n<tbody>\n<tr>\n<td class=\"left\">Aufh\u00e4ngung<\/td>\n<td>Stangendurchzug<\/td>\n<\/tr>\n<tr>\n<td class=\"left\">Abschluss<\/td>\n<td>gerader Abschluss<\/td>\n<\/tr>\n<\/tbody>\n<\/table>\n<table class=\"dv_characteristicsTable\">\n<tbody>\n<tr>\n<td class=\"left\">Couleur<\/td>\n<td>silberfarben<\/td>\n<\/tr>\n<tr>\n<td class=\"left\">Transparenz<\/td>\n<td>blickdicht<\/td>\n<\/tr>\n<tr>\n<td class=\"left\">Oberfl\u00e4chenstruktur<\/td>\n<td>glatt<\/td>\n<\/tr>\n<tr>\n<td class=\"left\">Design<\/td>\n<td>bedruckt<\/td>\n<\/tr>\n<tr>\n<td class=\"left\">Designerstellungsart<\/td>\n<td>bedruckt<\/td>\n<\/tr>\n<\/tbody>\n<\/table>\n<table class=\"dv_characteristicsTable\">\n<tbody>\n<tr>\n<td class=\"left\">Composition du mat\u00e9riau<\/td>\n<td>Dessus : 100% polyester<\/td>\n<\/tr>\n<tr>\n<td class=\"left\">Mat\u00e9riau<\/td>\n<td>Polyester<\/td>\n<\/tr>\n<tr>\n<td class=\"left\">Material Aufh\u00e4ngung<\/td>\n<td>Plastique<\/td>\n<\/tr>\n<\/tbody>\n<\/table>\n<table class=\"dv_characteristicsTable\">\n<tbody>\n<tr>\n<td class=\"left\">Anzahl Teile<\/td>\n<td>1 St.<\/td>\n<\/tr>\n<\/tbody>\n<\/table>\n<table class=\"dv_characteristicsTable\">\n<tbody>\n<tr>\n<td class=\"left\">Conseils d'entretien<\/td>\n<td>30\u00b0C Schonw\u00e4sche<\/td>\n<\/tr>\n<\/tbody>\n<\/table>\n<table class=\"dv_characteristicsTable\">\n<tbody>\n<tr>\n<td class=\"left\">Anzahl Batterien<\/td>\n<td>2 St.<\/td>\n<\/tr>\n<\/tbody>\n<\/table>","protected":false},"featured_media":82582,"comment_status":"open","ping_status":"closed","template":"","meta":{"_seopress_robots_primary_cat":"","_seopress_titles_title":"","_seopress_titles_desc":"","_seopress_robots_index":""},"product_brand":[],"product_cat":[1400,1420],"product_tag":[],"class_list":{"0":"post-82499","1":"product","2":"type-product","3":"status-publish","4":"has-post-thumbnail","6":"product_cat-wohnzubehoer","7":"product_cat-wohndekoration","8":"product_shipping_class-standard-versand","10":"first","11":"instock","12":"sale","13":"taxable","14":"shipping-taxable","15":"purchasable","16":"product-type-simple"},"_links":{"self":[{"href":"https:\/\/www.soanam.de\/fr\/wp-json\/wp\/v2\/product\/82499","targetHints":{"allow":["GET"]}}],"collection":[{"href":"https:\/\/www.soanam.de\/fr\/wp-json\/wp\/v2\/product"}],"about":[{"href":"https:\/\/www.soanam.de\/fr\/wp-json\/wp\/v2\/types\/product"}],"replies":[{"embeddable":true,"href":"https:\/\/www.soanam.de\/fr\/wp-json\/wp\/v2\/comments?post=82499"}],"wp:featuredmedia":[{"embeddable":true,"href":"https:\/\/www.soanam.de\/fr\/wp-json\/wp\/v2\/media\/82582"}],"wp:attachment":[{"href":"https:\/\/www.soanam.de\/fr\/wp-json\/wp\/v2\/media?parent=82499"}],"wp:term":[{"taxonomy":"product_brand","embeddable":true,"href":"https:\/\/www.soanam.de\/fr\/wp-json\/wp\/v2\/product_brand?post=82499"},{"taxonomy":"product_cat","embeddable":true,"href":"https:\/\/www.soanam.de\/fr\/wp-json\/wp\/v2\/product_cat?post=82499"},{"taxonomy":"product_tag","embeddable":true,"href":"https:\/\/www.soanam.de\/fr\/wp-json\/wp\/v2\/product_tag?post=82499"}],"curies":[{"name":"wp","href":"https:\/\/api.w.org\/{rel}","templated":true}]}}

my home Rideau Xmas Tree W/LED, 1pc. argenté, hxl : 230x140cm

<p>Tissu opaque<br />
Avec 15 lumières LED qui peuvent être enlevées pour être nettoyées grâce à une bande velcro.<br />
fonctionne avec deux piles AAA (non fournies)<br />
Sapin imprimé d'un côté sur tissu blanc<br />
Avec un passage de barre</p>
<p>Fabriqué dans une qualité opaque, le rideau Xmas Tree W/LED de my home est une charmante idée de décoration pour la période des fêtes.<br />
Grâce à la guirlande lumineuse LED qui l'accompagne, il devient un véritable point de mire à la tombée de la nuit et crée une ambiance agréable dans la pièce.<br />
Pour le fonctionnement, tu as besoin de piles AAA vendues séparément.<br />
En cas de besoin, l'écharpe décorative peut être nettoyée sans problème à 30 °C sur un cycle de lavage doux.</p>
<p>Matériau : Dessus : 100% polyester<br />
Conseils d'entretien : Lavage délicat</p>
<p>couleur : blanc-argent<br />
motif : arbre de Noël<br />
Taille : 230cm x 140cm</p>
<p>Remarque : les dimensions indiquées sont celles du tissu. Une fois la décoration terminée sur la fenêtre, la largeur est réduite de moitié environ.</p>
<p>La suspension s'effectue au moyen d'un passage de tige sur la tringle à rideaux.</p>

<table class="dv_characteristicsTable">
<tbody>
<tr>
<td class="left">Geeignet für Gardinenstangendurchmesser bis</td>
<td>20 mm</td>
</tr>
<tr>
<td class="left">Gewicht</td>
<td>75 g/m²</td>
</tr>
<tr>
<td class="left">Breite</td>
<td>140 cm</td>
</tr>
<tr>
<td class="left">Höhe</td>
<td>230 cm</td>
</tr>
</tbody>
</table>
<table class="dv_characteristicsTable">
<tbody>
<tr>
<td class="left">Aufhängung</td>
<td>Stangendurchzug</td>
</tr>
<tr>
<td class="left">Abschluss</td>
<td>gerader Abschluss</td>
</tr>
</tbody>
</table>
<table class="dv_characteristicsTable">
<tbody>
<tr>
<td class="left">Couleur</td>
<td>silberfarben</td>
</tr>
<tr>
<td class="left">Transparenz</td>
<td>blickdicht</td>
</tr>
<tr>
<td class="left">Oberflächenstruktur</td>
<td>glatt</td>
</tr>
<tr>
<td class="left">Design</td>
<td>bedruckt</td>
</tr>
<tr>
<td class="left">Designerstellungsart</td>
<td>bedruckt</td>
</tr>
</tbody>
</table>
<table class="dv_characteristicsTable">
<tbody>
<tr>
<td class="left">Composition du matériau</td>
<td>Dessus : 100% polyester</td>
</tr>
<tr>
<td class="left">Matériau</td>
<td>Polyester</td>
</tr>
<tr>
<td class="left">Material Aufhängung</td>
<td>Plastique</td>
</tr>
</tbody>
</table>
<table class="dv_characteristicsTable">
<tbody>
<tr>
<td class="left">Anzahl Teile</td>
<td>1 St.</td>
</tr>
</tbody>
</table>
<table class="dv_characteristicsTable">
<tbody>
<tr>
<td class="left">Conseils d'entretien</td>
<td>30°C Schonwäsche</td>
</tr>
</tbody>
</table>
<table class="dv_characteristicsTable">
<tbody>
<tr>
<td class="left">Anzahl Batterien</td>
<td>2 St.</td>
</tr>
</tbody>
</table>
