{"id":82496,"date":"2023-12-14T02:25:50","date_gmt":"2023-12-14T01:25:50","guid":{"rendered":"https:\/\/www.soanam.de\/?post_type=product&#038;p=82496"},"modified":"2023-12-14T02:27:18","modified_gmt":"2023-12-14T01:27:18","slug":"khujo-wintermantel-viona-in-dunkelblau-groesse-xl","status":"publish","type":"product","link":"https:\/\/www.soanam.de\/fr\/produkt\/khujo-wintermantel-viona-in-dunkelblau-groesse-xl\/","title":{"rendered":"khujo Wintermantel VIONA, in Dunkelblau, Gr\u00f6\u00dfe XL"},"content":{"rendered":"<p>Parka mit Kapuze von Khujo<\/p>\n<p>Zwei-Wege-Rei\u00dfverschluss und Magnetknopfleiste<br \/>\nElastisches B\u00fcndchen am \u00c4rmelfutter<br \/>\nHoch schlie\u00dfende Kapuze mit Kordelzug<br \/>\nGro\u00dfe Taschen<br \/>\nLogo de la marque<\/p>\n<p>Mit dem cleanen Design und der hoch schlie\u00dfenden Kapuze begeistert der khujo Mantel Viona im Regular Fit.<br \/>\nDer warm wattierte Parka hat jedoch weit mehr als seine Optik zu bieten und \u00fcberzeugt mit zahlreichen Features, wie , einer Kombination aus Zwei-Wege-Rei\u00dfverschluss und Magnetknopfleiste, elastischen B\u00fcndchen am \u00c4rmelfutter und riesigen Taschen mit Zwei-Wege-Rei\u00dfverschluss.<\/p>\n<p>Mat\u00e9riau : Dessus : 100% polyester<br \/>\nConseils d'entretien : Lavage en machine<\/p>\n<p>couleur : bleu fonc\u00e9<br \/>\n\u00c9chantillon : sans<br \/>\nTaille : XL<\/p>\n<p>Largeur des \u00e9paules : 46cm<br \/>\nTour de poitrine : 112cm<\/p>\n<p>Longueur des manches : 65cm<br \/>\nlongueur totale : 88cm<\/p>\n<p>Il s'agit pour ce nouvel article d'un retour client sans \u00e9tiquette.<\/p>","protected":false},"excerpt":{"rendered":"<table class=\"dv_characteristicsTable\">\n<tbody>\n<tr>\n<td class=\"left\">Taille<\/td>\n<td>XL<\/td>\n<\/tr>\n<tr>\n<td class=\"left\">Gr\u00f6\u00dfentyp<\/td>\n<td>Normalgr\u00f6\u00dfen<\/td>\n<\/tr>\n<tr>\n<td class=\"left\">Composition du mat\u00e9riau<\/td>\n<td>Dessus : 100% polyester<\/td>\n<\/tr>\n<tr>\n<td class=\"left\">Materialart<\/td>\n<td>Web<\/td>\n<\/tr>\n<tr>\n<td class=\"left\">Conseils d'entretien<\/td>\n<td>Lavage en machine<\/td>\n<\/tr>\n<tr>\n<td class=\"left\">Optik<\/td>\n<td>unifarben<\/td>\n<\/tr>\n<tr>\n<td class=\"left\">Stil<\/td>\n<td>casual<\/td>\n<\/tr>\n<tr>\n<td class=\"left\">Couleur<\/td>\n<td>marine<\/td>\n<\/tr>\n<tr>\n<td class=\"left\">Kragen<\/td>\n<td>Capuche<\/td>\n<\/tr>\n<tr>\n<td class=\"left\">\u00c4rmel<\/td>\n<td>Manches longues<\/td>\n<\/tr>\n<tr>\n<td class=\"left\">Coupe<\/td>\n<td>figurbetont<\/td>\n<\/tr>\n<tr>\n<td class=\"left\">Schnittdetails<\/td>\n<td>Wiener N\u00e4hte<\/td>\n<\/tr>\n<tr>\n<td class=\"left\">Schnittform L\u00e4nge<\/td>\n<td>Po-bedeckend<\/td>\n<\/tr>\n<tr>\n<td class=\"left\">Capuche<\/td>\n<td>mit Kapuze<\/td>\n<\/tr>\n<tr>\n<td class=\"left\">Applikationen<\/td>\n<td>Markenlabel, Badge<\/td>\n<\/tr>\n<tr>\n<td class=\"left\">Sacs<\/td>\n<td>Poches \u00e0 fermeture \u00e9clair<\/td>\n<\/tr>\n<tr>\n<td class=\"left\">Verschluss<\/td>\n<td>2-Wege-Rei\u00dfverschluss<\/td>\n<\/tr>\n<\/tbody>\n<\/table>","protected":false},"featured_media":82570,"comment_status":"open","ping_status":"closed","template":"","meta":{"_seopress_robots_primary_cat":"","_seopress_titles_title":"","_seopress_titles_desc":"","_seopress_robots_index":""},"product_brand":[],"product_cat":[1348,1354,1375,1440],"product_tag":[],"class_list":{"0":"post-82496","1":"product","2":"type-product","3":"status-publish","4":"has-post-thumbnail","6":"product_cat-damen-mode","7":"product_cat-jacken-maentel","8":"product_cat-winterjacken","9":"product_cat-parkas-winterjacken","10":"product_shipping_class-standard-versand","12":"first","13":"instock","14":"sale","15":"taxable","16":"shipping-taxable","17":"purchasable","18":"product-type-simple"},"_links":{"self":[{"href":"https:\/\/www.soanam.de\/fr\/wp-json\/wp\/v2\/product\/82496","targetHints":{"allow":["GET"]}}],"collection":[{"href":"https:\/\/www.soanam.de\/fr\/wp-json\/wp\/v2\/product"}],"about":[{"href":"https:\/\/www.soanam.de\/fr\/wp-json\/wp\/v2\/types\/product"}],"replies":[{"embeddable":true,"href":"https:\/\/www.soanam.de\/fr\/wp-json\/wp\/v2\/comments?post=82496"}],"wp:featuredmedia":[{"embeddable":true,"href":"https:\/\/www.soanam.de\/fr\/wp-json\/wp\/v2\/media\/82570"}],"wp:attachment":[{"href":"https:\/\/www.soanam.de\/fr\/wp-json\/wp\/v2\/media?parent=82496"}],"wp:term":[{"taxonomy":"product_brand","embeddable":true,"href":"https:\/\/www.soanam.de\/fr\/wp-json\/wp\/v2\/product_brand?post=82496"},{"taxonomy":"product_cat","embeddable":true,"href":"https:\/\/www.soanam.de\/fr\/wp-json\/wp\/v2\/product_cat?post=82496"},{"taxonomy":"product_tag","embeddable":true,"href":"https:\/\/www.soanam.de\/fr\/wp-json\/wp\/v2\/product_tag?post=82496"}],"curies":[{"name":"wp","href":"https:\/\/api.w.org\/{rel}","templated":true}]}}

khujo Wintermantel VIONA, in Dunkelblau, Größe XL

<p>Parka mit Kapuze von Khujo</p>
<p>Zwei-Wege-Reißverschluss und Magnetknopfleiste<br />
Elastisches Bündchen am Ärmelfutter<br />
Hoch schließende Kapuze mit Kordelzug<br />
Große Taschen<br />
Logo de la marque</p>
<p>Mit dem cleanen Design und der hoch schließenden Kapuze begeistert der khujo Mantel Viona im Regular Fit.<br />
Der warm wattierte Parka hat jedoch weit mehr als seine Optik zu bieten und überzeugt mit zahlreichen Features, wie , einer Kombination aus Zwei-Wege-Reißverschluss und Magnetknopfleiste, elastischen Bündchen am Ärmelfutter und riesigen Taschen mit Zwei-Wege-Reißverschluss.</p>
<p>Matériau : Dessus : 100% polyester<br />
Conseils d'entretien : Lavage en machine</p>
<p>couleur : bleu foncé<br />
Échantillon : sans<br />
Taille : XL</p>
<p>Largeur des épaules : 46cm<br />
Tour de poitrine : 112cm</p>
<p>Longueur des manches : 65cm<br />
longueur totale : 88cm</p>
<p>Il s'agit pour ce nouvel article d'un retour client sans étiquette.</p>

<table class="dv_characteristicsTable">
<tbody>
<tr>
<td class="left">Taille</td>
<td>XL</td>
</tr>
<tr>
<td class="left">Größentyp</td>
<td>Normalgrößen</td>
</tr>
<tr>
<td class="left">Composition du matériau</td>
<td>Dessus : 100% polyester</td>
</tr>
<tr>
<td class="left">Materialart</td>
<td>Web</td>
</tr>
<tr>
<td class="left">Conseils d'entretien</td>
<td>Lavage en machine</td>
</tr>
<tr>
<td class="left">Optik</td>
<td>unifarben</td>
</tr>
<tr>
<td class="left">Stil</td>
<td>casual</td>
</tr>
<tr>
<td class="left">Couleur</td>
<td>marine</td>
</tr>
<tr>
<td class="left">Kragen</td>
<td>Capuche</td>
</tr>
<tr>
<td class="left">Ärmel</td>
<td>Manches longues</td>
</tr>
<tr>
<td class="left">Coupe</td>
<td>figurbetont</td>
</tr>
<tr>
<td class="left">Schnittdetails</td>
<td>Wiener Nähte</td>
</tr>
<tr>
<td class="left">Schnittform Länge</td>
<td>Po-bedeckend</td>
</tr>
<tr>
<td class="left">Capuche</td>
<td>mit Kapuze</td>
</tr>
<tr>
<td class="left">Applikationen</td>
<td>Markenlabel, Badge</td>
</tr>
<tr>
<td class="left">Sacs</td>
<td>Poches à fermeture éclair</td>
</tr>
<tr>
<td class="left">Verschluss</td>
<td>2-Wege-Reißverschluss</td>
</tr>
</tbody>
</table>
