{"id":82495,"date":"2023-12-14T02:25:50","date_gmt":"2023-12-14T01:25:50","guid":{"rendered":"https:\/\/www.soanam.de\/?post_type=product&#038;p=82495"},"modified":"2023-12-14T02:27:08","modified_gmt":"2023-12-14T01:27:08","slug":"icepeak-hommes-veste-dhiver-matelassee-grise-noire-taille-50","status":"publish","type":"product","link":"https:\/\/www.soanam.de\/fr\/produkt\/icepeak-herren-winterjacke-steppjacke-in-grau-schwarz-groesse-50\/","title":{"rendered":"Veste d'hiver, matelass\u00e9e, homme Icepeak, gris-noir, taille 50"},"content":{"rendered":"<p>Veste matelass\u00e9e de Icepeak<br \/>\nImperm\u00e9able, coupe-vent, respirant<br \/>\nPoches \u00e0 fermeture \u00e9clair<br \/>\nPoignets et ourlet r\u00e9glables.<br \/>\nCol int\u00e9rieur confortable<br \/>\nCapuche amovible<br \/>\nAvec des d\u00e9tails de couleur contrast\u00e9e<\/p>\n<p>Veste d'hiver isol\u00e9e, imperm\u00e9able et respirante avec capuche amovible pour hommes.<br \/>\nC'est une veste isolante confortable et fonctionnelle pour le ski et les autres activit\u00e9s hivernales.<br \/>\nLa veste est chaudement doubl\u00e9e et dispose d'une jupe pare-neige avec un caoutchouc en silicone antid\u00e9rapant.<br \/>\nPour prot\u00e9ger les poignets, les manches ont des poignets int\u00e9rieurs \u00e9lastiques avec des trous pour les pouces.<br \/>\nDes poches pratiques \u00e0 l'int\u00e9rieur et \u00e0 l'ext\u00e9rieur compl\u00e8tent cette veste polyvalente.<\/p>\n<p>Mat\u00e9riau : Dessus : 100% polyester<br \/>\nConseils d'entretien : Lavage en machine<\/p>\n<p>couleur : gris-noir<br \/>\nmotif : matelass\u00e9<br \/>\nTaille : 50<\/p>\n<p>Largeur des \u00e9paules : 49cm<br \/>\nTour de poitrine : 120cm<\/p>\n<p>Longueur des manches : 68cm<br \/>\nlongueur totale : 74cm<\/p>\n<p>Il s'agit pour ce nouvel article d'un retour client sans \u00e9tiquette.<\/p>","protected":false},"excerpt":{"rendered":"<table class=\"dv_characteristicsTable\">\n<tbody>\n<tr>\n<td class=\"left\">Taille<\/td>\n<td>50<\/td>\n<\/tr>\n<tr>\n<td class=\"left\">Composition du mat\u00e9riau<\/td>\n<td>100 % Polyester<\/td>\n<\/tr>\n<tr>\n<td class=\"left\">Conseils d'entretien<\/td>\n<td>Lavage en machine<\/td>\n<\/tr>\n<tr>\n<td class=\"left\">Couleur<\/td>\n<td>Schwarz, Grau<\/td>\n<\/tr>\n<tr>\n<td class=\"left\">Ausschnitt<\/td>\n<td>Capuche<\/td>\n<\/tr>\n<tr>\n<td class=\"left\">\u00c4rmel<\/td>\n<td>Manches longues<\/td>\n<\/tr>\n<tr>\n<td class=\"left\">Coupe<\/td>\n<td>regular fit<\/td>\n<\/tr>\n<tr>\n<td class=\"left\">Besondere Merkmale<\/td>\n<td>Imperm\u00e9able, coupe-vent, respirant<\/td>\n<\/tr>\n<\/tbody>\n<\/table>","protected":false},"featured_media":82561,"comment_status":"open","ping_status":"closed","template":"","meta":{"_seopress_robots_primary_cat":"","_seopress_titles_title":"","_seopress_titles_desc":"","_seopress_robots_index":""},"product_brand":[],"product_cat":[1345,1363,1377,1712],"product_tag":[],"class_list":{"0":"post-82495","1":"product","2":"type-product","3":"status-publish","4":"has-post-thumbnail","6":"product_cat-herrenmode","7":"product_cat-jacken-maentel-herrenmode","8":"product_cat-winterjacken-jacken-maentel-herrenmode","9":"product_cat-anoraks-winterjacken-jacken-maentel-herrenmode","10":"product_shipping_class-standard-versand","12":"first","13":"instock","14":"sale","15":"taxable","16":"shipping-taxable","17":"purchasable","18":"product-type-simple"},"_links":{"self":[{"href":"https:\/\/www.soanam.de\/fr\/wp-json\/wp\/v2\/product\/82495","targetHints":{"allow":["GET"]}}],"collection":[{"href":"https:\/\/www.soanam.de\/fr\/wp-json\/wp\/v2\/product"}],"about":[{"href":"https:\/\/www.soanam.de\/fr\/wp-json\/wp\/v2\/types\/product"}],"replies":[{"embeddable":true,"href":"https:\/\/www.soanam.de\/fr\/wp-json\/wp\/v2\/comments?post=82495"}],"wp:featuredmedia":[{"embeddable":true,"href":"https:\/\/www.soanam.de\/fr\/wp-json\/wp\/v2\/media\/82561"}],"wp:attachment":[{"href":"https:\/\/www.soanam.de\/fr\/wp-json\/wp\/v2\/media?parent=82495"}],"wp:term":[{"taxonomy":"product_brand","embeddable":true,"href":"https:\/\/www.soanam.de\/fr\/wp-json\/wp\/v2\/product_brand?post=82495"},{"taxonomy":"product_cat","embeddable":true,"href":"https:\/\/www.soanam.de\/fr\/wp-json\/wp\/v2\/product_cat?post=82495"},{"taxonomy":"product_tag","embeddable":true,"href":"https:\/\/www.soanam.de\/fr\/wp-json\/wp\/v2\/product_tag?post=82495"}],"curies":[{"name":"wp","href":"https:\/\/api.w.org\/{rel}","templated":true}]}}

Veste d'hiver, matelassée, homme Icepeak, gris-noir, taille 50

<p>Veste matelassée de Icepeak<br />
Imperméable, coupe-vent, respirant<br />
Poches à fermeture éclair<br />
Poignets et ourlet réglables.<br />
Col intérieur confortable<br />
Capuche amovible<br />
Avec des détails de couleur contrastée</p>
<p>Veste d'hiver isolée, imperméable et respirante avec capuche amovible pour hommes.<br />
C'est une veste isolante confortable et fonctionnelle pour le ski et les autres activités hivernales.<br />
La veste est chaudement doublée et dispose d'une jupe pare-neige avec un caoutchouc en silicone antidérapant.<br />
Pour protéger les poignets, les manches ont des poignets intérieurs élastiques avec des trous pour les pouces.<br />
Des poches pratiques à l'intérieur et à l'extérieur complètent cette veste polyvalente.</p>
<p>Matériau : Dessus : 100% polyester<br />
Conseils d'entretien : Lavage en machine</p>
<p>couleur : gris-noir<br />
motif : matelassé<br />
Taille : 50</p>
<p>Largeur des épaules : 49cm<br />
Tour de poitrine : 120cm</p>
<p>Longueur des manches : 68cm<br />
longueur totale : 74cm</p>
<p>Il s'agit pour ce nouvel article d'un retour client sans étiquette.</p>

<table class="dv_characteristicsTable">
<tbody>
<tr>
<td class="left">Taille</td>
<td>50</td>
</tr>
<tr>
<td class="left">Composition du matériau</td>
<td>100 % Polyester</td>
</tr>
<tr>
<td class="left">Conseils d'entretien</td>
<td>Lavage en machine</td>
</tr>
<tr>
<td class="left">Couleur</td>
<td>Schwarz, Grau</td>
</tr>
<tr>
<td class="left">Ausschnitt</td>
<td>Capuche</td>
</tr>
<tr>
<td class="left">Ärmel</td>
<td>Manches longues</td>
</tr>
<tr>
<td class="left">Coupe</td>
<td>regular fit</td>
</tr>
<tr>
<td class="left">Besondere Merkmale</td>
<td>Imperméable, coupe-vent, respirant</td>
</tr>
</tbody>
</table>
