{"id":82492,"date":"2023-12-14T02:25:48","date_gmt":"2023-12-14T01:25:48","guid":{"rendered":"https:\/\/www.soanam.de\/?post_type=product&#038;p=82492"},"modified":"2023-12-14T02:26:55","modified_gmt":"2023-12-14T01:26:55","slug":"my-home-verdunklungsvorhang-solana-2-stk-mit-oesen-in-sand-groesse-140cmx225cm-b-ware","status":"publish","type":"product","link":"https:\/\/www.soanam.de\/fr\/produkt\/my-home-verdunklungsvorhang-solana-2-stk-mit-oesen-in-sand-groesse-140cmx225cm-b-ware\/","title":{"rendered":"my home Verdunklungsvorhang Solana, 2 Stk, mit \u00d6sen, in Sand, Gr\u00f6\u00dfe 140cmx225cm, B-Ware"},"content":{"rendered":"<p>Verdunkelnder Stoff<br \/>\nW\u00e4rmeabweisender und k\u00e4lteabweisender Stoff<br \/>\nLieferumfang: 2 Schals<br \/>\nMit \u00d6sen<\/p>\n<p>Der unifarbene Vorhang Solana aus dem Sortiment von my home setzt neue Akzente.<br \/>\nDer hier verwendete Stoff ist verdunkelnd und dient damit auch als zuverl\u00e4ssiger Sichtschutz vor unerw\u00fcnschten Blicken von drau\u00dfen.<br \/>\nDas Material hat au\u00dferdem den Vorteil, dass es W\u00e4rme- sowie K\u00e4lte abweisend wirkt und so ein gutes Raumklima geschaffen werden kann<br \/>\nDie Reinigung der Vorh\u00e4nge erfolgt maschinell bei 30 \u00b0C im Schonwaschgang.<\/p>\n<p>Mat\u00e9riau : Dessus : 100% polyester<br \/>\nConseils d'entretien : Lavage d\u00e9licat<\/p>\n<p>Farbe: sandfarben<br \/>\n\u00c9chantillon : sans<br \/>\nGr\u00f6\u00dfe: Breite 140cm x L\u00e4nge 225cm<br \/>\nRemarque : les dimensions indiqu\u00e9es sont celles du tissu. Une fois la d\u00e9coration termin\u00e9e sur la fen\u00eatre, la largeur est r\u00e9duite de moiti\u00e9 environ.<\/p>\n<p>Aufh\u00e4ngung erfolgt mittels \u00d6sen (Durchmesser ca. 35 mm) an der Gardinenstange.<\/p>\n<p>Achtung: Es handelt sich hier um B-Ware. A einem der beiden Schals ist ein Faden gezogen, siehe letztes Foto.<\/p>","protected":false},"excerpt":{"rendered":"<table class=\"dv_characteristicsTable\">\n<tbody>\n<tr>\n<td class=\"left\">Gewicht<\/td>\n<td>230 g\/m\u00b2<\/td>\n<\/tr>\n<tr>\n<td class=\"left\">Breite<\/td>\n<td>140 cm<\/td>\n<\/tr>\n<tr>\n<td class=\"left\">H\u00f6he<\/td>\n<td>225 cm<\/td>\n<\/tr>\n<\/tbody>\n<\/table>\n<table class=\"dv_characteristicsTable\">\n<tbody>\n<tr>\n<td class=\"left\">Aufh\u00e4ngung<\/td>\n<td>\u00d6sen<\/td>\n<\/tr>\n<\/tbody>\n<\/table>\n<table class=\"dv_characteristicsTable\">\n<tbody>\n<tr>\n<td class=\"left\">Fonctions<\/td>\n<td>energiesparend<\/td>\n<\/tr>\n<\/tbody>\n<\/table>\n<table class=\"dv_characteristicsTable\">\n<tbody>\n<tr>\n<td class=\"left\">Couleur<\/td>\n<td>sable<\/td>\n<\/tr>\n<tr>\n<td class=\"left\">Transparenz<\/td>\n<td>verdunkelnd<\/td>\n<\/tr>\n<tr>\n<td class=\"left\">Oberfl\u00e4chenstruktur<\/td>\n<td>glatt<\/td>\n<\/tr>\n<tr>\n<td class=\"left\">Design<\/td>\n<td>unifarben<\/td>\n<\/tr>\n<\/tbody>\n<\/table>\n<table class=\"dv_characteristicsTable\">\n<tbody>\n<tr>\n<td class=\"left\">Composition du mat\u00e9riau<\/td>\n<td>Dessus : 100% polyester<\/td>\n<\/tr>\n<tr>\n<td class=\"left\">Mat\u00e9riau<\/td>\n<td>Polyester<\/td>\n<\/tr>\n<tr>\n<td class=\"left\">Material Aufh\u00e4ngung<\/td>\n<td>Metall<\/td>\n<\/tr>\n<\/tbody>\n<\/table>\n<table class=\"dv_characteristicsTable\">\n<tbody>\n<tr>\n<td class=\"left\">Anzahl Teile<\/td>\n<td>2 St.<\/td>\n<\/tr>\n<\/tbody>\n<\/table>\n<table class=\"dv_characteristicsTable\">\n<tbody>\n<tr>\n<td class=\"left\">Conseils d'entretien<\/td>\n<td>30\u00b0C Schonw\u00e4sche<\/td>\n<\/tr>\n<\/tbody>\n<\/table>","protected":false},"featured_media":82551,"comment_status":"open","ping_status":"closed","template":"","meta":{"_seopress_robots_primary_cat":"","_seopress_titles_title":"","_seopress_titles_desc":"","_seopress_robots_index":""},"product_brand":[],"product_cat":[1400,1420],"product_tag":[],"class_list":{"0":"post-82492","1":"product","2":"type-product","3":"status-publish","4":"has-post-thumbnail","6":"product_cat-wohnzubehoer","7":"product_cat-wohndekoration","8":"product_shipping_class-standard-versand","10":"first","11":"instock","12":"sale","13":"taxable","14":"shipping-taxable","15":"purchasable","16":"product-type-simple"},"_links":{"self":[{"href":"https:\/\/www.soanam.de\/fr\/wp-json\/wp\/v2\/product\/82492","targetHints":{"allow":["GET"]}}],"collection":[{"href":"https:\/\/www.soanam.de\/fr\/wp-json\/wp\/v2\/product"}],"about":[{"href":"https:\/\/www.soanam.de\/fr\/wp-json\/wp\/v2\/types\/product"}],"replies":[{"embeddable":true,"href":"https:\/\/www.soanam.de\/fr\/wp-json\/wp\/v2\/comments?post=82492"}],"wp:featuredmedia":[{"embeddable":true,"href":"https:\/\/www.soanam.de\/fr\/wp-json\/wp\/v2\/media\/82551"}],"wp:attachment":[{"href":"https:\/\/www.soanam.de\/fr\/wp-json\/wp\/v2\/media?parent=82492"}],"wp:term":[{"taxonomy":"product_brand","embeddable":true,"href":"https:\/\/www.soanam.de\/fr\/wp-json\/wp\/v2\/product_brand?post=82492"},{"taxonomy":"product_cat","embeddable":true,"href":"https:\/\/www.soanam.de\/fr\/wp-json\/wp\/v2\/product_cat?post=82492"},{"taxonomy":"product_tag","embeddable":true,"href":"https:\/\/www.soanam.de\/fr\/wp-json\/wp\/v2\/product_tag?post=82492"}],"curies":[{"name":"wp","href":"https:\/\/api.w.org\/{rel}","templated":true}]}}

my home Verdunklungsvorhang Solana, 2 Stk, mit Ösen, in Sand, Größe 140cmx225cm, B-Ware

<p>Verdunkelnder Stoff<br />
Wärmeabweisender und kälteabweisender Stoff<br />
Lieferumfang: 2 Schals<br />
Mit Ösen</p>
<p>Der unifarbene Vorhang Solana aus dem Sortiment von my home setzt neue Akzente.<br />
Der hier verwendete Stoff ist verdunkelnd und dient damit auch als zuverlässiger Sichtschutz vor unerwünschten Blicken von draußen.<br />
Das Material hat außerdem den Vorteil, dass es Wärme- sowie Kälte abweisend wirkt und so ein gutes Raumklima geschaffen werden kann<br />
Die Reinigung der Vorhänge erfolgt maschinell bei 30 °C im Schonwaschgang.</p>
<p>Matériau : Dessus : 100% polyester<br />
Conseils d'entretien : Lavage délicat</p>
<p>Farbe: sandfarben<br />
Échantillon : sans<br />
Größe: Breite 140cm x Länge 225cm<br />
Remarque : les dimensions indiquées sont celles du tissu. Une fois la décoration terminée sur la fenêtre, la largeur est réduite de moitié environ.</p>
<p>Aufhängung erfolgt mittels Ösen (Durchmesser ca. 35 mm) an der Gardinenstange.</p>
<p>Achtung: Es handelt sich hier um B-Ware. A einem der beiden Schals ist ein Faden gezogen, siehe letztes Foto.</p>

<table class="dv_characteristicsTable">
<tbody>
<tr>
<td class="left">Gewicht</td>
<td>230 g/m²</td>
</tr>
<tr>
<td class="left">Breite</td>
<td>140 cm</td>
</tr>
<tr>
<td class="left">Höhe</td>
<td>225 cm</td>
</tr>
</tbody>
</table>
<table class="dv_characteristicsTable">
<tbody>
<tr>
<td class="left">Aufhängung</td>
<td>Ösen</td>
</tr>
</tbody>
</table>
<table class="dv_characteristicsTable">
<tbody>
<tr>
<td class="left">Fonctions</td>
<td>energiesparend</td>
</tr>
</tbody>
</table>
<table class="dv_characteristicsTable">
<tbody>
<tr>
<td class="left">Couleur</td>
<td>sable</td>
</tr>
<tr>
<td class="left">Transparenz</td>
<td>verdunkelnd</td>
</tr>
<tr>
<td class="left">Oberflächenstruktur</td>
<td>glatt</td>
</tr>
<tr>
<td class="left">Design</td>
<td>unifarben</td>
</tr>
</tbody>
</table>
<table class="dv_characteristicsTable">
<tbody>
<tr>
<td class="left">Composition du matériau</td>
<td>Dessus : 100% polyester</td>
</tr>
<tr>
<td class="left">Matériau</td>
<td>Polyester</td>
</tr>
<tr>
<td class="left">Material Aufhängung</td>
<td>Metall</td>
</tr>
</tbody>
</table>
<table class="dv_characteristicsTable">
<tbody>
<tr>
<td class="left">Anzahl Teile</td>
<td>2 St.</td>
</tr>
</tbody>
</table>
<table class="dv_characteristicsTable">
<tbody>
<tr>
<td class="left">Conseils d'entretien</td>
<td>30°C Schonwäsche</td>
</tr>
</tbody>
</table>
