{"id":82483,"date":"2023-12-14T02:25:45","date_gmt":"2023-12-14T01:25:45","guid":{"rendered":"https:\/\/www.soanam.de\/?post_type=product&#038;p=82483"},"modified":"2023-12-14T02:26:13","modified_gmt":"2023-12-14T01:26:13","slug":"my-home-gardine-napala-2-stk-mit-oesen-in-grau-groesse-140cmx145cm","status":"publish","type":"product","link":"https:\/\/www.soanam.de\/fr\/produkt\/my-home-gardine-napala-2-stk-mit-oesen-in-grau-groesse-140cmx145cm\/","title":{"rendered":"my home Gardine Napala, 2 Stk, mit \u00d6sen, in Grau, Gr\u00f6\u00dfe 140cmx145cm"},"content":{"rendered":"<p>Tissu transparent<br \/>\nEinseitig bedruckt<br \/>\nVoile v\u00e9ritable<br \/>\nLeichte Qualit\u00e4t, nur 50 g\/m\u00b2<\/p>\n<p>Sehenswert und trendig durch den modischen Streifendruck mit zus\u00e4tzlichen grafischen Mustern, ist die moderne Gardine Napala im 2er-Set von Marke my home.<br \/>\nDie Farben sind harmonisch aufeinander abgestimmt und sorgen f\u00fcr eine lebensfrohe Atmosph\u00e4re im Wohn- oder Schlafbereich.<br \/>\nAls echter Voile l\u00e4sst der transparente Stoff das Tageslicht hindurch und punktet durch die leichte Qualit\u00e4t mit lockerem Fall.<br \/>\nPflegeleicht im Schongang der Maschine waschbar und im Handumdrehen an der Gardinenstange aufgehangen.<\/p>\n<p>Mat\u00e9riau : Dessus : 100% polyester<br \/>\nConseils d'entretien : Lavage d\u00e9licat<\/p>\n<p>couleur : gris<br \/>\nMuster: grafisch<br \/>\nGr\u00f6\u00dfe: Breite 140cm x L\u00e4nge 145cm<br \/>\nRemarque : les dimensions indiqu\u00e9es sont celles du tissu. Une fois la d\u00e9coration termin\u00e9e sur la fen\u00eatre, la largeur est r\u00e9duite de moiti\u00e9 environ.<\/p>\n<p>Aufh\u00e4ngung erfolgt mittels \u00d6sen (Durchmesser ca. 35 mm) an der Gardinenstange.<\/p>","protected":false},"excerpt":{"rendered":"<table class=\"dv_characteristicsTable\">\n<tbody>\n<tr>\n<td class=\"left\">Gewicht<\/td>\n<td>50 g\/m\u00b2<\/td>\n<\/tr>\n<tr>\n<td class=\"left\">Breite<\/td>\n<td>140 cm<\/td>\n<\/tr>\n<tr>\n<td class=\"left\">H\u00f6he<\/td>\n<td>145 cm<\/td>\n<\/tr>\n<\/tbody>\n<\/table>\n<table class=\"dv_characteristicsTable\">\n<tbody>\n<tr>\n<td class=\"left\">Aufh\u00e4ngung<\/td>\n<td>\u00d6sen<\/td>\n<\/tr>\n<\/tbody>\n<\/table>\n<table class=\"dv_characteristicsTable\">\n<tbody>\n<tr>\n<td class=\"left\">Couleur<\/td>\n<td>grau<\/td>\n<\/tr>\n<tr>\n<td class=\"left\">Transparenz<\/td>\n<td>transparent<\/td>\n<\/tr>\n<tr>\n<td class=\"left\">Oberfl\u00e4chenstruktur<\/td>\n<td>glatt<\/td>\n<\/tr>\n<tr>\n<td class=\"left\">Design<\/td>\n<td>grafisch<br \/>\nMotiv einseitig<\/td>\n<\/tr>\n<tr>\n<td class=\"left\">Designerstellungsart<\/td>\n<td>bedruckt<\/td>\n<\/tr>\n<\/tbody>\n<\/table>\n<table class=\"dv_characteristicsTable\">\n<tbody>\n<tr>\n<td class=\"left\">Materialart<\/td>\n<td>Voile<\/td>\n<\/tr>\n<tr>\n<td class=\"left\">Composition du mat\u00e9riau<\/td>\n<td>Dessus : 100% polyester<\/td>\n<\/tr>\n<tr>\n<td class=\"left\">Mat\u00e9riau<\/td>\n<td>Polyester<\/td>\n<\/tr>\n<tr>\n<td class=\"left\">Material Aufh\u00e4ngung<\/td>\n<td>Metall<\/td>\n<\/tr>\n<\/tbody>\n<\/table>\n<table class=\"dv_characteristicsTable\">\n<tbody>\n<tr>\n<td class=\"left\">Anzahl Teile<\/td>\n<td>2 St.<\/td>\n<\/tr>\n<\/tbody>\n<\/table>\n<table class=\"dv_characteristicsTable\">\n<tbody>\n<tr>\n<td class=\"left\">Conseils d'entretien<\/td>\n<td>30\u00b0C Schonw\u00e4sche<\/td>\n<\/tr>\n<\/tbody>\n<\/table>","protected":false},"featured_media":82516,"comment_status":"open","ping_status":"closed","template":"","meta":{"_seopress_robots_primary_cat":"","_seopress_titles_title":"","_seopress_titles_desc":"","_seopress_robots_index":""},"product_brand":[],"product_cat":[1400,1420],"product_tag":[],"class_list":{"0":"post-82483","1":"product","2":"type-product","3":"status-publish","4":"has-post-thumbnail","6":"product_cat-wohnzubehoer","7":"product_cat-wohndekoration","8":"product_shipping_class-standard-versand","10":"first","11":"instock","12":"sale","13":"taxable","14":"shipping-taxable","15":"purchasable","16":"product-type-simple"},"_links":{"self":[{"href":"https:\/\/www.soanam.de\/fr\/wp-json\/wp\/v2\/product\/82483","targetHints":{"allow":["GET"]}}],"collection":[{"href":"https:\/\/www.soanam.de\/fr\/wp-json\/wp\/v2\/product"}],"about":[{"href":"https:\/\/www.soanam.de\/fr\/wp-json\/wp\/v2\/types\/product"}],"replies":[{"embeddable":true,"href":"https:\/\/www.soanam.de\/fr\/wp-json\/wp\/v2\/comments?post=82483"}],"wp:featuredmedia":[{"embeddable":true,"href":"https:\/\/www.soanam.de\/fr\/wp-json\/wp\/v2\/media\/82516"}],"wp:attachment":[{"href":"https:\/\/www.soanam.de\/fr\/wp-json\/wp\/v2\/media?parent=82483"}],"wp:term":[{"taxonomy":"product_brand","embeddable":true,"href":"https:\/\/www.soanam.de\/fr\/wp-json\/wp\/v2\/product_brand?post=82483"},{"taxonomy":"product_cat","embeddable":true,"href":"https:\/\/www.soanam.de\/fr\/wp-json\/wp\/v2\/product_cat?post=82483"},{"taxonomy":"product_tag","embeddable":true,"href":"https:\/\/www.soanam.de\/fr\/wp-json\/wp\/v2\/product_tag?post=82483"}],"curies":[{"name":"wp","href":"https:\/\/api.w.org\/{rel}","templated":true}]}}

my home Gardine Napala, 2 Stk, mit Ösen, in Grau, Größe 140cmx145cm

<p>Tissu transparent<br />
Einseitig bedruckt<br />
Voile véritable<br />
Leichte Qualität, nur 50 g/m²</p>
<p>Sehenswert und trendig durch den modischen Streifendruck mit zusätzlichen grafischen Mustern, ist die moderne Gardine Napala im 2er-Set von Marke my home.<br />
Die Farben sind harmonisch aufeinander abgestimmt und sorgen für eine lebensfrohe Atmosphäre im Wohn- oder Schlafbereich.<br />
Als echter Voile lässt der transparente Stoff das Tageslicht hindurch und punktet durch die leichte Qualität mit lockerem Fall.<br />
Pflegeleicht im Schongang der Maschine waschbar und im Handumdrehen an der Gardinenstange aufgehangen.</p>
<p>Matériau : Dessus : 100% polyester<br />
Conseils d'entretien : Lavage délicat</p>
<p>couleur : gris<br />
Muster: grafisch<br />
Größe: Breite 140cm x Länge 145cm<br />
Remarque : les dimensions indiquées sont celles du tissu. Une fois la décoration terminée sur la fenêtre, la largeur est réduite de moitié environ.</p>
<p>Aufhängung erfolgt mittels Ösen (Durchmesser ca. 35 mm) an der Gardinenstange.</p>

<table class="dv_characteristicsTable">
<tbody>
<tr>
<td class="left">Gewicht</td>
<td>50 g/m²</td>
</tr>
<tr>
<td class="left">Breite</td>
<td>140 cm</td>
</tr>
<tr>
<td class="left">Höhe</td>
<td>145 cm</td>
</tr>
</tbody>
</table>
<table class="dv_characteristicsTable">
<tbody>
<tr>
<td class="left">Aufhängung</td>
<td>Ösen</td>
</tr>
</tbody>
</table>
<table class="dv_characteristicsTable">
<tbody>
<tr>
<td class="left">Couleur</td>
<td>grau</td>
</tr>
<tr>
<td class="left">Transparenz</td>
<td>transparent</td>
</tr>
<tr>
<td class="left">Oberflächenstruktur</td>
<td>glatt</td>
</tr>
<tr>
<td class="left">Design</td>
<td>grafisch<br />
Motiv einseitig</td>
</tr>
<tr>
<td class="left">Designerstellungsart</td>
<td>bedruckt</td>
</tr>
</tbody>
</table>
<table class="dv_characteristicsTable">
<tbody>
<tr>
<td class="left">Materialart</td>
<td>Voile</td>
</tr>
<tr>
<td class="left">Composition du matériau</td>
<td>Dessus : 100% polyester</td>
</tr>
<tr>
<td class="left">Matériau</td>
<td>Polyester</td>
</tr>
<tr>
<td class="left">Material Aufhängung</td>
<td>Metall</td>
</tr>
</tbody>
</table>
<table class="dv_characteristicsTable">
<tbody>
<tr>
<td class="left">Anzahl Teile</td>
<td>2 St.</td>
</tr>
</tbody>
</table>
<table class="dv_characteristicsTable">
<tbody>
<tr>
<td class="left">Conseils d'entretien</td>
<td>30°C Schonwäsche</td>
</tr>
</tbody>
</table>
