{"id":82374,"date":"2023-12-14T02:22:59","date_gmt":"2023-12-14T01:22:59","guid":{"rendered":"https:\/\/www.soanam.de\/?post_type=product&#038;p=82374"},"modified":"2023-12-14T02:24:57","modified_gmt":"2023-12-14T01:24:57","slug":"my-home-rideau-ari-1-pce-avec-bande-multifonctionnelle-blanc-taille-140cmx295cm","status":"publish","type":"product","link":"https:\/\/www.soanam.de\/fr\/produkt\/my-home-gardine-ari-1-stk-mit-multifunktionsband-weiss-groesse-140cmx295cm\/","title":{"rendered":"my home Rideau Ari, 1 pi\u00e8ce, avec bande multifonction, blanc, taille 140cmx295cm"},"content":{"rendered":"<p>Tissu semi-transparent<br \/>\nQualit\u00e9 tr\u00e8s l\u00e9g\u00e8re<br \/>\nSurface lisse<br \/>\nFacile d'entretien<br \/>\nLavable \u00e0 30 degr\u00e9s, cycle d\u00e9licat<\/p>\n<p>Le tissu l\u00e9ger du rideau my home Ari tombe agr\u00e9ablement en douceur et cr\u00e9e une image d'ensemble intemporelle gr\u00e2ce \u00e0 son design \u00e9l\u00e9gant et sobre.<br \/>\nLa surface est lisse et unie, c'est pourquoi l'\u00e9charpe de rideau s'int\u00e8gre dans presque tous les concepts d'int\u00e9rieur, qu'il s'agisse d'un int\u00e9rieur moderne ou classique.<br \/>\nUn autre avantage est la facilit\u00e9 d'entretien du mat\u00e9riau utilis\u00e9. Le rideau peut \u00eatre nettoy\u00e9 sans probl\u00e8me en machine \u00e0 30 \u00b0C maximum.<br \/>\nDe plus, gr\u00e2ce au tissu translucide, la lumi\u00e8re du jour p\u00e9n\u00e8tre suffisamment dans la pi\u00e8ce pour la rendre conviviale et ouverte.<\/p>\n<p>Mat\u00e9riau : Dessus : 100% polyester<br \/>\nConseils d'entretien : Lavage d\u00e9licat<\/p>\n<p>couleur : blanc<br \/>\n\u00c9chantillon : sans<br \/>\nTaille : largeur 140cm x longueur 295cm<br \/>\nRemarque : les dimensions indiqu\u00e9es sont celles du tissu. Une fois la d\u00e9coration termin\u00e9e sur la fen\u00eatre, la largeur est r\u00e9duite de moiti\u00e9 environ.<\/p>\n<p>Type de montage 1 : suspension au moyen de galets de rideau (non fournis) dans le rail de rideau.<\/p>\n<p>Type de montage 2 : suspension au moyen de boucles cach\u00e9es sur la tringle \u00e0 rideaux.<\/p>","protected":false},"excerpt":{"rendered":"<table class=\"dv_characteristicsTable\">\n<tbody>\n<tr>\n<td class=\"left\">Gewicht<\/td>\n<td>52 g\/m\u00b2<\/td>\n<\/tr>\n<tr>\n<td class=\"left\">Breite<\/td>\n<td>140 cm<\/td>\n<\/tr>\n<tr>\n<td class=\"left\">H\u00f6he<\/td>\n<td>295 cm<\/td>\n<\/tr>\n<\/tbody>\n<\/table>\n<table class=\"dv_characteristicsTable\">\n<tbody>\n<tr>\n<td class=\"left\">Aufh\u00e4ngung<\/td>\n<td>Multifunktionsband<\/td>\n<\/tr>\n<\/tbody>\n<\/table>\n<table class=\"dv_characteristicsTable\">\n<tbody>\n<tr>\n<td class=\"left\">Couleur<\/td>\n<td>wei\u00df<\/td>\n<\/tr>\n<tr>\n<td class=\"left\">Transparenz<\/td>\n<td>halbtransparent<\/td>\n<\/tr>\n<tr>\n<td class=\"left\">Oberfl\u00e4chenstruktur<\/td>\n<td>glatt<\/td>\n<\/tr>\n<tr>\n<td class=\"left\">Design<\/td>\n<td>unifarben<\/td>\n<\/tr>\n<\/tbody>\n<\/table>\n<table class=\"dv_characteristicsTable\">\n<tbody>\n<tr>\n<td class=\"left\">Materialart<\/td>\n<td>Voile<\/td>\n<\/tr>\n<tr>\n<td class=\"left\">Composition du mat\u00e9riau<\/td>\n<td>Dessus : 100% polyester<\/td>\n<\/tr>\n<tr>\n<td class=\"left\">Mat\u00e9riau<\/td>\n<td>Polyester<\/td>\n<\/tr>\n<\/tbody>\n<\/table>\n<table class=\"dv_characteristicsTable\">\n<tbody>\n<tr>\n<td class=\"left\">Anzahl Teile<\/td>\n<td>1 St.<\/td>\n<\/tr>\n<\/tbody>\n<\/table>\n<table class=\"dv_characteristicsTable\">\n<tbody>\n<tr>\n<td class=\"left\">Conseils d'entretien<\/td>\n<td>30\u00b0C Schonw\u00e4sche<\/td>\n<\/tr>\n<\/tbody>\n<\/table>","protected":false},"featured_media":82458,"comment_status":"open","ping_status":"closed","template":"","meta":{"_seopress_robots_primary_cat":"","_seopress_titles_title":"","_seopress_titles_desc":"","_seopress_robots_index":""},"product_brand":[],"product_cat":[1400,1420],"product_tag":[],"class_list":{"0":"post-82374","1":"product","2":"type-product","3":"status-publish","4":"has-post-thumbnail","6":"product_cat-wohnzubehoer","7":"product_cat-wohndekoration","8":"product_shipping_class-standard-versand","10":"first","11":"instock","12":"sale","13":"taxable","14":"shipping-taxable","15":"purchasable","16":"product-type-simple"},"_links":{"self":[{"href":"https:\/\/www.soanam.de\/fr\/wp-json\/wp\/v2\/product\/82374","targetHints":{"allow":["GET"]}}],"collection":[{"href":"https:\/\/www.soanam.de\/fr\/wp-json\/wp\/v2\/product"}],"about":[{"href":"https:\/\/www.soanam.de\/fr\/wp-json\/wp\/v2\/types\/product"}],"replies":[{"embeddable":true,"href":"https:\/\/www.soanam.de\/fr\/wp-json\/wp\/v2\/comments?post=82374"}],"wp:featuredmedia":[{"embeddable":true,"href":"https:\/\/www.soanam.de\/fr\/wp-json\/wp\/v2\/media\/82458"}],"wp:attachment":[{"href":"https:\/\/www.soanam.de\/fr\/wp-json\/wp\/v2\/media?parent=82374"}],"wp:term":[{"taxonomy":"product_brand","embeddable":true,"href":"https:\/\/www.soanam.de\/fr\/wp-json\/wp\/v2\/product_brand?post=82374"},{"taxonomy":"product_cat","embeddable":true,"href":"https:\/\/www.soanam.de\/fr\/wp-json\/wp\/v2\/product_cat?post=82374"},{"taxonomy":"product_tag","embeddable":true,"href":"https:\/\/www.soanam.de\/fr\/wp-json\/wp\/v2\/product_tag?post=82374"}],"curies":[{"name":"wp","href":"https:\/\/api.w.org\/{rel}","templated":true}]}}

my home Rideau Ari, 1 pièce, avec bande multifonction, blanc, taille 140cmx295cm

<p>Tissu semi-transparent<br />
Qualité très légère<br />
Surface lisse<br />
Facile d'entretien<br />
Lavable à 30 degrés, cycle délicat</p>
<p>Le tissu léger du rideau my home Ari tombe agréablement en douceur et crée une image d'ensemble intemporelle grâce à son design élégant et sobre.<br />
La surface est lisse et unie, c'est pourquoi l'écharpe de rideau s'intègre dans presque tous les concepts d'intérieur, qu'il s'agisse d'un intérieur moderne ou classique.<br />
Un autre avantage est la facilité d'entretien du matériau utilisé. Le rideau peut être nettoyé sans problème en machine à 30 °C maximum.<br />
De plus, grâce au tissu translucide, la lumière du jour pénètre suffisamment dans la pièce pour la rendre conviviale et ouverte.</p>
<p>Matériau : Dessus : 100% polyester<br />
Conseils d'entretien : Lavage délicat</p>
<p>couleur : blanc<br />
Échantillon : sans<br />
Taille : largeur 140cm x longueur 295cm<br />
Remarque : les dimensions indiquées sont celles du tissu. Une fois la décoration terminée sur la fenêtre, la largeur est réduite de moitié environ.</p>
<p>Type de montage 1 : suspension au moyen de galets de rideau (non fournis) dans le rail de rideau.</p>
<p>Type de montage 2 : suspension au moyen de boucles cachées sur la tringle à rideaux.</p>

<table class="dv_characteristicsTable">
<tbody>
<tr>
<td class="left">Gewicht</td>
<td>52 g/m²</td>
</tr>
<tr>
<td class="left">Breite</td>
<td>140 cm</td>
</tr>
<tr>
<td class="left">Höhe</td>
<td>295 cm</td>
</tr>
</tbody>
</table>
<table class="dv_characteristicsTable">
<tbody>
<tr>
<td class="left">Aufhängung</td>
<td>Multifunktionsband</td>
</tr>
</tbody>
</table>
<table class="dv_characteristicsTable">
<tbody>
<tr>
<td class="left">Couleur</td>
<td>weiß</td>
</tr>
<tr>
<td class="left">Transparenz</td>
<td>halbtransparent</td>
</tr>
<tr>
<td class="left">Oberflächenstruktur</td>
<td>glatt</td>
</tr>
<tr>
<td class="left">Design</td>
<td>unifarben</td>
</tr>
</tbody>
</table>
<table class="dv_characteristicsTable">
<tbody>
<tr>
<td class="left">Materialart</td>
<td>Voile</td>
</tr>
<tr>
<td class="left">Composition du matériau</td>
<td>Dessus : 100% polyester</td>
</tr>
<tr>
<td class="left">Matériau</td>
<td>Polyester</td>
</tr>
</tbody>
</table>
<table class="dv_characteristicsTable">
<tbody>
<tr>
<td class="left">Anzahl Teile</td>
<td>1 St.</td>
</tr>
</tbody>
</table>
<table class="dv_characteristicsTable">
<tbody>
<tr>
<td class="left">Conseils d'entretien</td>
<td>30°C Schonwäsche</td>
</tr>
</tbody>
</table>
