{"id":82314,"date":"2023-12-14T02:21:37","date_gmt":"2023-12-14T01:21:37","guid":{"rendered":"https:\/\/www.soanam.de\/?post_type=product&#038;p=82314"},"modified":"2023-12-14T02:24:20","modified_gmt":"2023-12-14T01:24:20","slug":"superdry-everest-parka-en-noir-taille-2xl","status":"publish","type":"product","link":"https:\/\/www.soanam.de\/fr\/produkt\/superdry-everest-parka-in-schwarz-groesse-2xl\/","title":{"rendered":"Superdry Everest Parka, en noir, taille 2XL"},"content":{"rendered":"<p>Parka de Superdry<br \/>\nCouleurs unies<br \/>\nCapuche avec bordure en fourrure synth\u00e9tique<br \/>\nPatte de boutonnage<br \/>\nAvec pare-vent<br \/>\nFermeture \u00e0 glissi\u00e8re invisible<\/p>\n<p>La parka de Superdry dispose d'une fermeture principale zipp\u00e9e et d'une patte de boutonnage, d'une capuche avec garniture en fourrure synth\u00e9tique et de 4 poches.<br \/>\nIl est chaudement doubl\u00e9, de longueur normale et de coupe r\u00e9guli\u00e8re.<\/p>\n<p>Mat\u00e9riau : Dessus : 100% polyester<br \/>\nDoublure : nylon 100%<br \/>\nPoignets c\u00f4tel\u00e9s : 99% polyester, 1% \u00e9lasthanne<br \/>\nDoublure de la capuche : 97% polyester, 3% polyacrylique<br \/>\nRembourrage : 100% polyester<br \/>\nGarniture en fourrure tiss\u00e9e : 45% polyacrylique, 39% modacrylique, 16% polyester<br \/>\nConseils d'entretien : Lavage en machine<\/p>\n<p>couleur : noir<br \/>\n\u00c9chantillon : sans<br \/>\nTaille : 2XL<\/p>\n<p>Largeur des \u00e9paules : 50cm<br \/>\nTour de poitrine : 128cm<br \/>\nLongueur des manches : 74cm<br \/>\nlongueur totale : 90cm<\/p>","protected":false},"excerpt":{"rendered":"<table class=\"dv_characteristicsTable\" style=\"height: 601px;\" width=\"420\">\n<tbody>\n<tr>\n<td class=\"left\">Taille<\/td>\n<td>2XL<\/td>\n<\/tr>\n<tr>\n<td class=\"left\">Gr\u00f6\u00dfentyp<\/td>\n<td>Normalgr\u00f6\u00dfen<\/td>\n<\/tr>\n<tr>\n<td class=\"left\">Composition du mat\u00e9riau<\/td>\n<td>Dessus : 100% polyester<\/td>\n<\/tr>\n<tr>\n<td class=\"left\">Conseils d'entretien<\/td>\n<td>Lavage en machine<\/td>\n<\/tr>\n<tr>\n<td class=\"left\">Optik<\/td>\n<td>unifarben<\/td>\n<\/tr>\n<tr>\n<td class=\"left\">Stil<\/td>\n<td>casual<\/td>\n<\/tr>\n<tr>\n<td class=\"left\">Couleur<\/td>\n<td>schwarz<\/td>\n<\/tr>\n<tr>\n<td class=\"left\">Kragen<\/td>\n<td>mit Kapuze<\/td>\n<\/tr>\n<tr>\n<td class=\"left\">Doubl\u00e9<\/td>\n<td>ja<\/td>\n<\/tr>\n<tr>\n<td class=\"left\">\u00c4rmel<\/td>\n<td>Manches longues<\/td>\n<\/tr>\n<tr>\n<td class=\"left\">Ton in Ton N\u00e4hte<\/td>\n<td>ja<\/td>\n<\/tr>\n<tr>\n<td class=\"left\">L\u00e4nge<\/td>\n<td>Oberschenkel<\/td>\n<\/tr>\n<tr>\n<td class=\"left\">Schnitt<\/td>\n<td>regular fit<\/td>\n<\/tr>\n<tr>\n<td class=\"left\">Verschluss<\/td>\n<td>Rei\u00dfverschluss, Kn\u00f6pfe<\/td>\n<\/tr>\n<tr>\n<td class=\"left\"><\/td>\n<td><\/td>\n<\/tr>\n<tr>\n<td class=\"left\"><\/td>\n<td><\/td>\n<\/tr>\n<tr>\n<td class=\"left\"><\/td>\n<td><\/td>\n<\/tr>\n<tr>\n<td class=\"left\"><\/td>\n<td><\/td>\n<\/tr>\n<tr>\n<td class=\"left\"><\/td>\n<td><\/td>\n<\/tr>\n<tr>\n<td class=\"left\"><\/td>\n<td><\/td>\n<\/tr>\n<\/tbody>\n<\/table>","protected":false},"featured_media":82431,"comment_status":"open","ping_status":"closed","template":"","meta":{"_seopress_robots_primary_cat":"","_seopress_titles_title":"","_seopress_titles_desc":"","_seopress_robots_index":""},"product_brand":[],"product_cat":[1345,1363,1377,1389],"product_tag":[],"class_list":{"0":"post-82314","1":"product","2":"type-product","3":"status-publish","4":"has-post-thumbnail","6":"product_cat-herrenmode","7":"product_cat-jacken-maentel-herrenmode","8":"product_cat-winterjacken-jacken-maentel-herrenmode","9":"product_cat-parkas","10":"product_shipping_class-standard-versand","12":"first","13":"instock","14":"taxable","15":"shipping-taxable","16":"purchasable","17":"product-type-simple"},"_links":{"self":[{"href":"https:\/\/www.soanam.de\/fr\/wp-json\/wp\/v2\/product\/82314","targetHints":{"allow":["GET"]}}],"collection":[{"href":"https:\/\/www.soanam.de\/fr\/wp-json\/wp\/v2\/product"}],"about":[{"href":"https:\/\/www.soanam.de\/fr\/wp-json\/wp\/v2\/types\/product"}],"replies":[{"embeddable":true,"href":"https:\/\/www.soanam.de\/fr\/wp-json\/wp\/v2\/comments?post=82314"}],"wp:featuredmedia":[{"embeddable":true,"href":"https:\/\/www.soanam.de\/fr\/wp-json\/wp\/v2\/media\/82431"}],"wp:attachment":[{"href":"https:\/\/www.soanam.de\/fr\/wp-json\/wp\/v2\/media?parent=82314"}],"wp:term":[{"taxonomy":"product_brand","embeddable":true,"href":"https:\/\/www.soanam.de\/fr\/wp-json\/wp\/v2\/product_brand?post=82314"},{"taxonomy":"product_cat","embeddable":true,"href":"https:\/\/www.soanam.de\/fr\/wp-json\/wp\/v2\/product_cat?post=82314"},{"taxonomy":"product_tag","embeddable":true,"href":"https:\/\/www.soanam.de\/fr\/wp-json\/wp\/v2\/product_tag?post=82314"}],"curies":[{"name":"wp","href":"https:\/\/api.w.org\/{rel}","templated":true}]}}

<p>Parka de Superdry<br />
Couleurs unies<br />
Capuche avec bordure en fourrure synthétique<br />
Patte de boutonnage<br />
Avec pare-vent<br />
Fermeture à glissière invisible</p>
<p>La parka de Superdry dispose d'une fermeture principale zippée et d'une patte de boutonnage, d'une capuche avec garniture en fourrure synthétique et de 4 poches.<br />
Il est chaudement doublé, de longueur normale et de coupe régulière.</p>
<p>Matériau : Dessus : 100% polyester<br />
Doublure : nylon 100%<br />
Poignets côtelés : 99% polyester, 1% élasthanne<br />
Doublure de la capuche : 97% polyester, 3% polyacrylique<br />
Rembourrage : 100% polyester<br />
Garniture en fourrure tissée : 45% polyacrylique, 39% modacrylique, 16% polyester<br />
Conseils d'entretien : Lavage en machine</p>
<p>couleur : noir<br />
Échantillon : sans<br />
Taille : 2XL</p>
<p>Largeur des épaules : 50cm<br />
Tour de poitrine : 128cm<br />
Longueur des manches : 74cm<br />
longueur totale : 90cm</p>

<table class="dv_characteristicsTable" style="height: 601px;" width="420">
<tbody>
<tr>
<td class="left">Taille</td>
<td>2XL</td>
</tr>
<tr>
<td class="left">Größentyp</td>
<td>Normalgrößen</td>
</tr>
<tr>
<td class="left">Composition du matériau</td>
<td>Dessus : 100% polyester</td>
</tr>
<tr>
<td class="left">Conseils d'entretien</td>
<td>Lavage en machine</td>
</tr>
<tr>
<td class="left">Optik</td>
<td>unifarben</td>
</tr>
<tr>
<td class="left">Stil</td>
<td>casual</td>
</tr>
<tr>
<td class="left">Couleur</td>
<td>schwarz</td>
</tr>
<tr>
<td class="left">Kragen</td>
<td>mit Kapuze</td>
</tr>
<tr>
<td class="left">Doublé</td>
<td>ja</td>
</tr>
<tr>
<td class="left">Ärmel</td>
<td>Manches longues</td>
</tr>
<tr>
<td class="left">Ton in Ton Nähte</td>
<td>ja</td>
</tr>
<tr>
<td class="left">Länge</td>
<td>Oberschenkel</td>
</tr>
<tr>
<td class="left">Schnitt</td>
<td>regular fit</td>
</tr>
<tr>
<td class="left">Verschluss</td>
<td>Reißverschluss, Knöpfe</td>
</tr>
<tr>
<td class="left"></td>
<td></td>
</tr>
<tr>
<td class="left"></td>
<td></td>
</tr>
<tr>
<td class="left"></td>
<td></td>
</tr>
<tr>
<td class="left"></td>
<td></td>
</tr>
<tr>
<td class="left"></td>
<td></td>
</tr>
<tr>
<td class="left"></td>
<td></td>
</tr>
</tbody>
</table>
