{"id":82313,"date":"2023-12-14T02:21:37","date_gmt":"2023-12-14T01:21:37","guid":{"rendered":"https:\/\/www.soanam.de\/?post_type=product&#038;p=82313"},"modified":"2023-12-14T02:24:15","modified_gmt":"2023-12-14T01:24:15","slug":"alpenblitz-steppjacke-flockenwirbel-in-marine-groesse-50","status":"publish","type":"product","link":"https:\/\/www.soanam.de\/fr\/produkt\/alpenblitz-steppjacke-flockenwirbel-in-marine-groesse-50\/","title":{"rendered":"ALPENBLITZ Veste matelass\u00e9e, tourbillon de flocons, marine, taille 50"},"content":{"rendered":"<p>Wattierte Steppjacke mit Kapuze von Alpenblitz<br \/>\nSeitliche Steppungen zaubern eine tolle Silhouette<br \/>\nHochwertiges Design und coole Details wie Stickerei, Label am Arm und Saum<br \/>\nKuschelig warme Wattierung, softes Obermaterial und Kinnschutz<\/p>\n<p>Die Steppjacke von Alpenblitz setzt auf einen klassischen Look mit sportivem Charme.<br \/>\nDas modische Steppmuster funktioniert einfach immer und wird durch eine Logostickerei auf der Brust und ein Markenbadge am Saum akzentuiert.<br \/>\nMit ihrer taillierten Passform sitzt die Outdoorjacke sch\u00f6n auf Figur, die w\u00e4rmende Wattierung sorgt dabei f\u00fcr den perfekten Tragekomfort.<br \/>\nSeitliche Rei\u00dfverschlusstaschen und Rippstrickb\u00fcndchen an den \u00c4rmeln runden das Design funktional ab.<\/p>\n<p>Mat\u00e9riau : Dessus : 100% polyester<\/p>\n<p>Conseils d'entretien : Lavage en machine<\/p>\n<p>couleur : marine<br \/>\n\u00c9chantillon : sans<br \/>\nTaille : 50<\/p>\n<p>Largeur des \u00e9paules : 52cm<br \/>\nBrustweite: 138cm<\/p>\n<p>Longueur des manches : 67cm<br \/>\nlongueur totale : 78cm<\/p>","protected":false},"excerpt":{"rendered":"<table class=\"dv_characteristicsTable\">\n<tbody>\n<tr>\n<td class=\"left\">Taille<\/td>\n<td>50<\/td>\n<\/tr>\n<tr>\n<td class=\"left\">Gr\u00f6\u00dfentyp<\/td>\n<td>Normalgr\u00f6\u00dfen<\/td>\n<\/tr>\n<tr>\n<td class=\"left\">Composition du mat\u00e9riau<\/td>\n<td>Obermaterial: 100% Polyester. Futter: 100% Polyester. Wattierung: 100% Polyester<\/td>\n<\/tr>\n<tr>\n<td class=\"left\">Materialart<\/td>\n<td>Web<\/td>\n<\/tr>\n<tr>\n<td class=\"left\">Conseils d'entretien<\/td>\n<td>Lavage en machine<\/td>\n<\/tr>\n<tr>\n<td class=\"left\">Optik<\/td>\n<td>unifarben, kontrastfarbene Details<\/td>\n<\/tr>\n<tr>\n<td class=\"left\">Stil<\/td>\n<td>casual<\/td>\n<\/tr>\n<tr>\n<td class=\"left\">Couleur<\/td>\n<td>marine<\/td>\n<\/tr>\n<tr>\n<td class=\"left\">Kragen<\/td>\n<td>Col montant<\/td>\n<\/tr>\n<tr>\n<td class=\"left\">Ausschnitt<\/td>\n<td>Rundhals<\/td>\n<\/tr>\n<tr>\n<td class=\"left\">\u00c4rmel<\/td>\n<td>Manches longues<\/td>\n<\/tr>\n<tr>\n<td class=\"left\">\u00c4rmeldetails<\/td>\n<td>eingesetzt<\/td>\n<\/tr>\n<tr>\n<td class=\"left\">\u00c4rmelabschluss<\/td>\n<td>Poignets c\u00f4tel\u00e9s<\/td>\n<\/tr>\n<tr>\n<td class=\"left\">Rumpfabschluss<\/td>\n<td>abgesteppt<\/td>\n<\/tr>\n<tr>\n<td class=\"left\">Coupe<\/td>\n<td>figurumspielend<\/td>\n<\/tr>\n<tr>\n<td class=\"left\">Schnittdetails<\/td>\n<td>Eins\u00e4tze<\/td>\n<\/tr>\n<tr>\n<td class=\"left\">Schnittform L\u00e4nge<\/td>\n<td>h\u00fcftbedeckend<\/td>\n<\/tr>\n<tr>\n<td class=\"left\">Capuche<\/td>\n<td>mit Kapuze<\/td>\n<\/tr>\n<tr>\n<td class=\"left\">Kapuzendetails<\/td>\n<td>abnehmbar<\/td>\n<\/tr>\n<tr>\n<td class=\"left\">Kapuzenf\u00fctterung<\/td>\n<td>farblich passend<\/td>\n<\/tr>\n<tr>\n<td class=\"left\">Applikationen<\/td>\n<td>Markenlabel, Badges, Logostickereien<\/td>\n<\/tr>\n<tr>\n<td class=\"left\">Sacs<\/td>\n<td>Rei\u00dfverschlusstaschen, Innentasche<\/td>\n<\/tr>\n<tr>\n<td class=\"left\">Verschluss<\/td>\n<td>Fermeture \u00e0 glissi\u00e8re<\/td>\n<\/tr>\n<tr>\n<td class=\"left\">Verschlussdetails<\/td>\n<td>durchgehend<\/td>\n<\/tr>\n<tr>\n<td class=\"left\">Besondere Merkmale<\/td>\n<td>moderne Winterjacke mit abnehmbarer Kapuze<\/td>\n<\/tr>\n<\/tbody>\n<\/table>","protected":false},"featured_media":82429,"comment_status":"open","ping_status":"closed","template":"","meta":{"_seopress_robots_primary_cat":"","_seopress_titles_title":"","_seopress_titles_desc":"","_seopress_robots_index":""},"product_brand":[],"product_cat":[1348,1354,1375,1376],"product_tag":[],"class_list":{"0":"post-82313","1":"product","2":"type-product","3":"status-publish","4":"has-post-thumbnail","6":"product_cat-damen-mode","7":"product_cat-jacken-maentel","8":"product_cat-winterjacken","9":"product_cat-daunenjacken-steppjacken","10":"product_shipping_class-standard-versand","12":"first","13":"instock","14":"sale","15":"taxable","16":"shipping-taxable","17":"purchasable","18":"product-type-simple"},"_links":{"self":[{"href":"https:\/\/www.soanam.de\/fr\/wp-json\/wp\/v2\/product\/82313","targetHints":{"allow":["GET"]}}],"collection":[{"href":"https:\/\/www.soanam.de\/fr\/wp-json\/wp\/v2\/product"}],"about":[{"href":"https:\/\/www.soanam.de\/fr\/wp-json\/wp\/v2\/types\/product"}],"replies":[{"embeddable":true,"href":"https:\/\/www.soanam.de\/fr\/wp-json\/wp\/v2\/comments?post=82313"}],"wp:featuredmedia":[{"embeddable":true,"href":"https:\/\/www.soanam.de\/fr\/wp-json\/wp\/v2\/media\/82429"}],"wp:attachment":[{"href":"https:\/\/www.soanam.de\/fr\/wp-json\/wp\/v2\/media?parent=82313"}],"wp:term":[{"taxonomy":"product_brand","embeddable":true,"href":"https:\/\/www.soanam.de\/fr\/wp-json\/wp\/v2\/product_brand?post=82313"},{"taxonomy":"product_cat","embeddable":true,"href":"https:\/\/www.soanam.de\/fr\/wp-json\/wp\/v2\/product_cat?post=82313"},{"taxonomy":"product_tag","embeddable":true,"href":"https:\/\/www.soanam.de\/fr\/wp-json\/wp\/v2\/product_tag?post=82313"}],"curies":[{"name":"wp","href":"https:\/\/api.w.org\/{rel}","templated":true}]}}

ALPENBLITZ Veste matelassée, tourbillon de flocons, marine, taille 50

<p>Wattierte Steppjacke mit Kapuze von Alpenblitz<br />
Seitliche Steppungen zaubern eine tolle Silhouette<br />
Hochwertiges Design und coole Details wie Stickerei, Label am Arm und Saum<br />
Kuschelig warme Wattierung, softes Obermaterial und Kinnschutz</p>
<p>Die Steppjacke von Alpenblitz setzt auf einen klassischen Look mit sportivem Charme.<br />
Das modische Steppmuster funktioniert einfach immer und wird durch eine Logostickerei auf der Brust und ein Markenbadge am Saum akzentuiert.<br />
Mit ihrer taillierten Passform sitzt die Outdoorjacke schön auf Figur, die wärmende Wattierung sorgt dabei für den perfekten Tragekomfort.<br />
Seitliche Reißverschlusstaschen und Rippstrickbündchen an den Ärmeln runden das Design funktional ab.</p>
<p>Matériau : Dessus : 100% polyester</p>
<p>Conseils d'entretien : Lavage en machine</p>
<p>couleur : marine<br />
Échantillon : sans<br />
Taille : 50</p>
<p>Largeur des épaules : 52cm<br />
Brustweite: 138cm</p>
<p>Longueur des manches : 67cm<br />
longueur totale : 78cm</p>

<table class="dv_characteristicsTable">
<tbody>
<tr>
<td class="left">Taille</td>
<td>50</td>
</tr>
<tr>
<td class="left">Größentyp</td>
<td>Normalgrößen</td>
</tr>
<tr>
<td class="left">Composition du matériau</td>
<td>Obermaterial: 100% Polyester. Futter: 100% Polyester. Wattierung: 100% Polyester</td>
</tr>
<tr>
<td class="left">Materialart</td>
<td>Web</td>
</tr>
<tr>
<td class="left">Conseils d'entretien</td>
<td>Lavage en machine</td>
</tr>
<tr>
<td class="left">Optik</td>
<td>unifarben, kontrastfarbene Details</td>
</tr>
<tr>
<td class="left">Stil</td>
<td>casual</td>
</tr>
<tr>
<td class="left">Couleur</td>
<td>marine</td>
</tr>
<tr>
<td class="left">Kragen</td>
<td>Col montant</td>
</tr>
<tr>
<td class="left">Ausschnitt</td>
<td>Rundhals</td>
</tr>
<tr>
<td class="left">Ärmel</td>
<td>Manches longues</td>
</tr>
<tr>
<td class="left">Ärmeldetails</td>
<td>eingesetzt</td>
</tr>
<tr>
<td class="left">Ärmelabschluss</td>
<td>Poignets côtelés</td>
</tr>
<tr>
<td class="left">Rumpfabschluss</td>
<td>abgesteppt</td>
</tr>
<tr>
<td class="left">Coupe</td>
<td>figurumspielend</td>
</tr>
<tr>
<td class="left">Schnittdetails</td>
<td>Einsätze</td>
</tr>
<tr>
<td class="left">Schnittform Länge</td>
<td>hüftbedeckend</td>
</tr>
<tr>
<td class="left">Capuche</td>
<td>mit Kapuze</td>
</tr>
<tr>
<td class="left">Kapuzendetails</td>
<td>abnehmbar</td>
</tr>
<tr>
<td class="left">Kapuzenfütterung</td>
<td>farblich passend</td>
</tr>
<tr>
<td class="left">Applikationen</td>
<td>Markenlabel, Badges, Logostickereien</td>
</tr>
<tr>
<td class="left">Sacs</td>
<td>Reißverschlusstaschen, Innentasche</td>
</tr>
<tr>
<td class="left">Verschluss</td>
<td>Fermeture à glissière</td>
</tr>
<tr>
<td class="left">Verschlussdetails</td>
<td>durchgehend</td>
</tr>
<tr>
<td class="left">Besondere Merkmale</td>
<td>moderne Winterjacke mit abnehmbarer Kapuze</td>
</tr>
</tbody>
</table>
