{"id":82292,"date":"2023-12-14T02:21:09","date_gmt":"2023-12-14T01:21:09","guid":{"rendered":"https:\/\/www.soanam.de\/?post_type=product&#038;p=82292"},"modified":"2023-12-14T02:23:50","modified_gmt":"2023-12-14T01:23:50","slug":"alpenblitz-parka-wintercharme-in-marine-groesse-40","status":"publish","type":"product","link":"https:\/\/www.soanam.de\/fr\/produkt\/alpenblitz-parka-wintercharme-in-marine-groesse-40\/","title":{"rendered":"ALPENBLITZ Parka charme d'hiver, en marine, taille 40"},"content":{"rendered":"<p>Manteau d'hiver avec fourrure synth\u00e9tique d\u00e9tachable sur la capuche von Alpenblitz<br \/>\nAvec de nombreux d\u00e9tails, comme une protection du menton, des pulls zipp\u00e9s labellis\u00e9s et des manches avec surpiq\u00fbres d\u00e9coratives<br \/>\nParka longue et moulante avec cordon de serrage \u00e0 la taille<br \/>\nDoux et chaud avec doublure en fourrure synth\u00e9tique \u00e0 l'int\u00e9rieur, fermeture \u00e0 glissi\u00e8re remontante, poches de rangement doubl\u00e9es<br \/>\nDesign de haute qualit\u00e9, mat\u00e9riau sup\u00e9rieur \u00e9pais et doux<\/p>\n<p>Manteau d'hiver classique d'ALPENBLITZ avec des surpiq\u00fbres styl\u00e9es, une grande capuche avec garniture en imitation fourrure amovible et une doublure en imitation fourrure extra douillette.<br \/>\nLa parka est d'une longueur chaude, couvrant les fesses, avec une taille r\u00e9glable par cordon de serrage et cordon, une coupe flatteuse pour la silhouette et noble.<br \/>\nPoches plaqu\u00e9es \u00e0 rabat avec bouton-pression, poche int\u00e9rieure avec fermeture \u00e0 glissi\u00e8re, fermeture \u00e0 glissi\u00e8re robuste avec puller en relief de la marque, poche poitrine pratique avec fermeture \u00e0 glissi\u00e8re - ce ne sont que quelques-uns des nombreux d\u00e9tails styl\u00e9s et pratiques.<br \/>\nLe tissu ext\u00e9rieur est en tissu robuste l\u00e9g\u00e8rement brillant, matelass\u00e9 \u00e9pais, avec une polaire douillette \u00e0 l'int\u00e9rieur et dans la capuche.<\/p>\n<p>Mat\u00e9riau : Ext\u00e9rieur : 100% polyester. Doublure : 100% polyester. Doublure des manches : 100% polyester. Garniture : polyacrylique 80%, polyester 20%. Rembourrage : 100% polyester. Poignets : 95% polyester, 5% \u00e9lasthanne.<\/p>\n<p>Conseils d'entretien : Lavage en machine<\/p>\n<p>couleur : marine<br \/>\n\u00c9chantillon : sans<br \/>\nTaille : 40<\/p>\n<p>Largeur des \u00e9paules : 44cm<br \/>\nTour de poitrine : 111cm<br \/>\nLongueur des manches : 67cm<br \/>\nlongueur totale : 88cm<\/p>","protected":false},"excerpt":{"rendered":"<table class=\"dv_characteristicsTable\">\n<tbody>\n<tr>\n<td class=\"left\">Taille<\/td>\n<td>40<\/td>\n<\/tr>\n<tr>\n<td class=\"left\">Gr\u00f6\u00dfentyp<\/td>\n<td>Normalgr\u00f6\u00dfen<\/td>\n<\/tr>\n<tr>\n<td class=\"left\">Composition du mat\u00e9riau<\/td>\n<td>Obermaterial: 100% Polyester. Futter: 100% Polyester. \u00c4rmelfutter: 100% Polyester. Besatz: 80% Polyacryl, 20% Polyester. Wattierung: 100% Polyester. B\u00fcndchen, \u00c4rmel: 95% Polyester, 5% Elasthan<\/td>\n<\/tr>\n<tr>\n<td class=\"left\">Materialart<\/td>\n<td>Web<\/td>\n<\/tr>\n<tr>\n<td class=\"left\">Conseils d'entretien<\/td>\n<td>Lavage en machine<\/td>\n<\/tr>\n<tr>\n<td class=\"left\">Optik<\/td>\n<td>unifarben mit Farbeins\u00e4tzen, leicht gl\u00e4nzend<\/td>\n<\/tr>\n<tr>\n<td class=\"left\">Stil<\/td>\n<td>casual<\/td>\n<\/tr>\n<tr>\n<td class=\"left\">Couleur<\/td>\n<td>marine-beige<\/td>\n<\/tr>\n<tr>\n<td class=\"left\">Ausschnitt<\/td>\n<td>Rundhals<\/td>\n<\/tr>\n<tr>\n<td class=\"left\">\u00c4rmel<\/td>\n<td>Manches longues<\/td>\n<\/tr>\n<tr>\n<td class=\"left\">\u00c4rmeldetails<\/td>\n<td>\u00c4rmel mit \u00c4rmelschlitz<\/td>\n<\/tr>\n<tr>\n<td class=\"left\">\u00c4rmelabschluss<\/td>\n<td>Poignets c\u00f4tel\u00e9s<\/td>\n<\/tr>\n<tr>\n<td class=\"left\">\u00c4rmelabschlussdetails<\/td>\n<td>mit Windstopper<\/td>\n<\/tr>\n<tr>\n<td class=\"left\">Rumpfabschluss<\/td>\n<td>eingefasste Kante<\/td>\n<\/tr>\n<tr>\n<td class=\"left\">Rumpfabschlussdetails<\/td>\n<td>mit Schlitz<\/td>\n<\/tr>\n<tr>\n<td class=\"left\">Coupe<\/td>\n<td>figurumspielend<\/td>\n<\/tr>\n<tr>\n<td class=\"left\">Schnittdetails<\/td>\n<td>Wiener N\u00e4hte<\/td>\n<\/tr>\n<tr>\n<td class=\"left\">Schnittform L\u00e4nge<\/td>\n<td>Po-bedeckend<\/td>\n<\/tr>\n<tr>\n<td class=\"left\">Capuche<\/td>\n<td>mit Kapuze<\/td>\n<\/tr>\n<tr>\n<td class=\"left\">Kapuzendetails<\/td>\n<td>Fellimitat an der Kapuze<\/td>\n<\/tr>\n<tr>\n<td class=\"left\">Kapuzenf\u00fctterung<\/td>\n<td>Fellimitat<\/td>\n<\/tr>\n<tr>\n<td class=\"left\">Applikationen<\/td>\n<td>Markenlabel<\/td>\n<\/tr>\n<tr>\n<td class=\"left\">Sacs<\/td>\n<td>Pattentaschen, Innentasche<\/td>\n<\/tr>\n<tr>\n<td class=\"left\">Verschluss<\/td>\n<td>Rei\u00dfverschluss, Druckkn\u00f6pfe<\/td>\n<\/tr>\n<tr>\n<td class=\"left\">Verschlussdetails<\/td>\n<td>durchgehend<\/td>\n<\/tr>\n<tr>\n<td class=\"left\">Besondere Merkmale<\/td>\n<td>mit kuschelig gef\u00fctterter Kapuze und abnehmbaren Kunstfell an der Kante<\/td>\n<\/tr>\n<\/tbody>\n<\/table>","protected":false},"featured_media":82411,"comment_status":"open","ping_status":"closed","template":"","meta":{"_seopress_robots_primary_cat":"","_seopress_titles_title":"","_seopress_titles_desc":"","_seopress_robots_index":""},"product_brand":[],"product_cat":[1348,1354,1375,1440],"product_tag":[],"class_list":{"0":"post-82292","1":"product","2":"type-product","3":"status-publish","4":"has-post-thumbnail","6":"product_cat-damen-mode","7":"product_cat-jacken-maentel","8":"product_cat-winterjacken","9":"product_cat-parkas-winterjacken","10":"product_shipping_class-standard-versand","12":"first","13":"instock","14":"sale","15":"taxable","16":"shipping-taxable","17":"purchasable","18":"product-type-simple"},"_links":{"self":[{"href":"https:\/\/www.soanam.de\/fr\/wp-json\/wp\/v2\/product\/82292","targetHints":{"allow":["GET"]}}],"collection":[{"href":"https:\/\/www.soanam.de\/fr\/wp-json\/wp\/v2\/product"}],"about":[{"href":"https:\/\/www.soanam.de\/fr\/wp-json\/wp\/v2\/types\/product"}],"replies":[{"embeddable":true,"href":"https:\/\/www.soanam.de\/fr\/wp-json\/wp\/v2\/comments?post=82292"}],"wp:featuredmedia":[{"embeddable":true,"href":"https:\/\/www.soanam.de\/fr\/wp-json\/wp\/v2\/media\/82411"}],"wp:attachment":[{"href":"https:\/\/www.soanam.de\/fr\/wp-json\/wp\/v2\/media?parent=82292"}],"wp:term":[{"taxonomy":"product_brand","embeddable":true,"href":"https:\/\/www.soanam.de\/fr\/wp-json\/wp\/v2\/product_brand?post=82292"},{"taxonomy":"product_cat","embeddable":true,"href":"https:\/\/www.soanam.de\/fr\/wp-json\/wp\/v2\/product_cat?post=82292"},{"taxonomy":"product_tag","embeddable":true,"href":"https:\/\/www.soanam.de\/fr\/wp-json\/wp\/v2\/product_tag?post=82292"}],"curies":[{"name":"wp","href":"https:\/\/api.w.org\/{rel}","templated":true}]}}

<p>Manteau d'hiver avec fourrure synthétique détachable sur la capuche von Alpenblitz<br />
Avec de nombreux détails, comme une protection du menton, des pulls zippés labellisés et des manches avec surpiqûres décoratives<br />
Parka longue et moulante avec cordon de serrage à la taille<br />
Doux et chaud avec doublure en fourrure synthétique à l'intérieur, fermeture à glissière remontante, poches de rangement doublées<br />
Design de haute qualité, matériau supérieur épais et doux</p>
<p>Manteau d'hiver classique d'ALPENBLITZ avec des surpiqûres stylées, une grande capuche avec garniture en imitation fourrure amovible et une doublure en imitation fourrure extra douillette.<br />
La parka est d'une longueur chaude, couvrant les fesses, avec une taille réglable par cordon de serrage et cordon, une coupe flatteuse pour la silhouette et noble.<br />
Poches plaquées à rabat avec bouton-pression, poche intérieure avec fermeture à glissière, fermeture à glissière robuste avec puller en relief de la marque, poche poitrine pratique avec fermeture à glissière - ce ne sont que quelques-uns des nombreux détails stylés et pratiques.<br />
Le tissu extérieur est en tissu robuste légèrement brillant, matelassé épais, avec une polaire douillette à l'intérieur et dans la capuche.</p>
<p>Matériau : Extérieur : 100% polyester. Doublure : 100% polyester. Doublure des manches : 100% polyester. Garniture : polyacrylique 80%, polyester 20%. Rembourrage : 100% polyester. Poignets : 95% polyester, 5% élasthanne.</p>
<p>Conseils d'entretien : Lavage en machine</p>
<p>couleur : marine<br />
Échantillon : sans<br />
Taille : 40</p>
<p>Largeur des épaules : 44cm<br />
Tour de poitrine : 111cm<br />
Longueur des manches : 67cm<br />
longueur totale : 88cm</p>

<table class="dv_characteristicsTable">
<tbody>
<tr>
<td class="left">Taille</td>
<td>40</td>
</tr>
<tr>
<td class="left">Größentyp</td>
<td>Normalgrößen</td>
</tr>
<tr>
<td class="left">Composition du matériau</td>
<td>Obermaterial: 100% Polyester. Futter: 100% Polyester. Ärmelfutter: 100% Polyester. Besatz: 80% Polyacryl, 20% Polyester. Wattierung: 100% Polyester. Bündchen, Ärmel: 95% Polyester, 5% Elasthan</td>
</tr>
<tr>
<td class="left">Materialart</td>
<td>Web</td>
</tr>
<tr>
<td class="left">Conseils d'entretien</td>
<td>Lavage en machine</td>
</tr>
<tr>
<td class="left">Optik</td>
<td>unifarben mit Farbeinsätzen, leicht glänzend</td>
</tr>
<tr>
<td class="left">Stil</td>
<td>casual</td>
</tr>
<tr>
<td class="left">Couleur</td>
<td>marine-beige</td>
</tr>
<tr>
<td class="left">Ausschnitt</td>
<td>Rundhals</td>
</tr>
<tr>
<td class="left">Ärmel</td>
<td>Manches longues</td>
</tr>
<tr>
<td class="left">Ärmeldetails</td>
<td>Ärmel mit Ärmelschlitz</td>
</tr>
<tr>
<td class="left">Ärmelabschluss</td>
<td>Poignets côtelés</td>
</tr>
<tr>
<td class="left">Ärmelabschlussdetails</td>
<td>mit Windstopper</td>
</tr>
<tr>
<td class="left">Rumpfabschluss</td>
<td>eingefasste Kante</td>
</tr>
<tr>
<td class="left">Rumpfabschlussdetails</td>
<td>mit Schlitz</td>
</tr>
<tr>
<td class="left">Coupe</td>
<td>figurumspielend</td>
</tr>
<tr>
<td class="left">Schnittdetails</td>
<td>Wiener Nähte</td>
</tr>
<tr>
<td class="left">Schnittform Länge</td>
<td>Po-bedeckend</td>
</tr>
<tr>
<td class="left">Capuche</td>
<td>mit Kapuze</td>
</tr>
<tr>
<td class="left">Kapuzendetails</td>
<td>Fellimitat an der Kapuze</td>
</tr>
<tr>
<td class="left">Kapuzenfütterung</td>
<td>Fellimitat</td>
</tr>
<tr>
<td class="left">Applikationen</td>
<td>Markenlabel</td>
</tr>
<tr>
<td class="left">Sacs</td>
<td>Pattentaschen, Innentasche</td>
</tr>
<tr>
<td class="left">Verschluss</td>
<td>Reißverschluss, Druckknöpfe</td>
</tr>
<tr>
<td class="left">Verschlussdetails</td>
<td>durchgehend</td>
</tr>
<tr>
<td class="left">Besondere Merkmale</td>
<td>mit kuschelig gefütterter Kapuze und abnehmbaren Kunstfell an der Kante</td>
</tr>
</tbody>
</table>
