{"id":82291,"date":"2023-12-14T02:21:09","date_gmt":"2023-12-14T01:21:09","guid":{"rendered":"https:\/\/www.soanam.de\/?post_type=product&#038;p=82291"},"modified":"2023-12-14T02:23:44","modified_gmt":"2023-12-14T01:23:44","slug":"alpenblitz-winterparka-in-gruen-groesse-38","status":"publish","type":"product","link":"https:\/\/www.soanam.de\/fr\/produkt\/alpenblitz-winterparka-in-gruen-groesse-38\/","title":{"rendered":"ALPENBLITZ Winterparka, in Gr\u00fcn, Gr\u00f6\u00dfe 38"},"content":{"rendered":"<p>Winterparka von ALPENBLITZ<br \/>\nMit Kapuze und abnehmbarem Kunstfellbesatz<br \/>\nVariable regulierbare Taille durch innenliegenden Tunnelzug<br \/>\nAu\u00dfentaschen, Innentasche, Markenlogo<br \/>\nWarme und weiche F\u00fctterung<\/p>\n<p>Kuschelig warmer Winterparka von Alpenblitz mit modischen Taschen-Details und gro\u00dfer Kapuze mit abnehmbarem Kunstfell.<br \/>\nFigur umspielender Parka, tolle w\u00e4rmende L\u00e4nge bis \u00fcber den Po, Betonung der Taille durch Taillenzugband innen.<br \/>\nPoignets c\u00f4tel\u00e9s chauds, poches poitrine avec fermetures \u00e0 glissi\u00e8re soud\u00e9es, badge logo sympa sur la manche et l'ourlet.<br \/>\nDer Parka ist leicht und zugleich komplett warm gef\u00fcttert.<\/p>\n<p>Mat\u00e9riau : Dessus : 100% polyester<br \/>\nConseils d'entretien : Lavage en machine<\/p>\n<p>couleur : vert<br \/>\n\u00c9chantillon : sans<br \/>\nTaille : 38<\/p>\n<p>Largeur des \u00e9paules : 42cm<br \/>\nTour de poitrine : 110cm<\/p>\n<p>Longueur des manches : 67cm<br \/>\nlongueur totale : 71cm<\/p>","protected":false},"excerpt":{"rendered":"<table class=\"dv_characteristicsTable\">\n<tbody>\n<tr>\n<td class=\"left\">Taille<\/td>\n<td>38<\/td>\n<\/tr>\n<tr>\n<td class=\"left\">Gr\u00f6\u00dfentyp<\/td>\n<td>Normalgr\u00f6\u00dfen<\/td>\n<\/tr>\n<tr>\n<td class=\"left\">Composition du mat\u00e9riau<\/td>\n<td>Dessus : 100% polyester<\/td>\n<\/tr>\n<tr>\n<td class=\"left\">Materialart<\/td>\n<td>Web<\/td>\n<\/tr>\n<tr>\n<td class=\"left\">Conseils d'entretien<\/td>\n<td>Lavage en machine<\/td>\n<\/tr>\n<tr>\n<td class=\"left\">Optik<\/td>\n<td>unifarben<\/td>\n<\/tr>\n<tr>\n<td class=\"left\">Stil<\/td>\n<td>casual<\/td>\n<\/tr>\n<tr>\n<td class=\"left\">Couleur<\/td>\n<td>gr\u00fcn<\/td>\n<\/tr>\n<tr>\n<td class=\"left\">Coupe<\/td>\n<td>figurumspielend<\/td>\n<\/tr>\n<tr>\n<td class=\"left\">\u00c4rmel<\/td>\n<td>Manches longues<\/td>\n<\/tr>\n<tr>\n<td class=\"left\">Applikationen<\/td>\n<td>Markenlabel<\/td>\n<\/tr>\n<tr>\n<td class=\"left\">\u00c4rmelabschluss<\/td>\n<td>Poignets c\u00f4tel\u00e9s<\/td>\n<\/tr>\n<tr>\n<td class=\"left\">Capuche<\/td>\n<td>mit Kapuze<\/td>\n<\/tr>\n<tr>\n<td class=\"left\">Kapuzendetails<\/td>\n<td>Fellimitat an der Kapuze<\/td>\n<\/tr>\n<tr>\n<td class=\"left\"><\/td>\n<td><\/td>\n<\/tr>\n<tr>\n<td class=\"left\"><\/td>\n<td><\/td>\n<\/tr>\n<tr>\n<td class=\"left\"><\/td>\n<td><\/td>\n<\/tr>\n<tr>\n<td class=\"left\"><\/td>\n<td><\/td>\n<\/tr>\n<tr>\n<td class=\"left\"><\/td>\n<td><\/td>\n<\/tr>\n<tr>\n<td class=\"left\"><\/td>\n<td><\/td>\n<\/tr>\n<tr>\n<td class=\"left\"><\/td>\n<td><\/td>\n<\/tr>\n<tr>\n<td class=\"left\"><\/td>\n<td><\/td>\n<\/tr>\n<tr>\n<td class=\"left\"><\/td>\n<td><\/td>\n<\/tr>\n<tr>\n<td class=\"left\"><\/td>\n<td><\/td>\n<\/tr>\n<tr>\n<td class=\"left\"><\/td>\n<td><\/td>\n<\/tr>\n<\/tbody>\n<\/table>","protected":false},"featured_media":82407,"comment_status":"open","ping_status":"closed","template":"","meta":{"_seopress_robots_primary_cat":"","_seopress_titles_title":"","_seopress_titles_desc":"","_seopress_robots_index":""},"product_brand":[],"product_cat":[1348,1354,1375,1440],"product_tag":[],"class_list":{"0":"post-82291","1":"product","2":"type-product","3":"status-publish","4":"has-post-thumbnail","6":"product_cat-damen-mode","7":"product_cat-jacken-maentel","8":"product_cat-winterjacken","9":"product_cat-parkas-winterjacken","10":"product_shipping_class-standard-versand","12":"first","13":"instock","14":"sale","15":"taxable","16":"shipping-taxable","17":"purchasable","18":"product-type-simple"},"_links":{"self":[{"href":"https:\/\/www.soanam.de\/fr\/wp-json\/wp\/v2\/product\/82291","targetHints":{"allow":["GET"]}}],"collection":[{"href":"https:\/\/www.soanam.de\/fr\/wp-json\/wp\/v2\/product"}],"about":[{"href":"https:\/\/www.soanam.de\/fr\/wp-json\/wp\/v2\/types\/product"}],"replies":[{"embeddable":true,"href":"https:\/\/www.soanam.de\/fr\/wp-json\/wp\/v2\/comments?post=82291"}],"wp:featuredmedia":[{"embeddable":true,"href":"https:\/\/www.soanam.de\/fr\/wp-json\/wp\/v2\/media\/82407"}],"wp:attachment":[{"href":"https:\/\/www.soanam.de\/fr\/wp-json\/wp\/v2\/media?parent=82291"}],"wp:term":[{"taxonomy":"product_brand","embeddable":true,"href":"https:\/\/www.soanam.de\/fr\/wp-json\/wp\/v2\/product_brand?post=82291"},{"taxonomy":"product_cat","embeddable":true,"href":"https:\/\/www.soanam.de\/fr\/wp-json\/wp\/v2\/product_cat?post=82291"},{"taxonomy":"product_tag","embeddable":true,"href":"https:\/\/www.soanam.de\/fr\/wp-json\/wp\/v2\/product_tag?post=82291"}],"curies":[{"name":"wp","href":"https:\/\/api.w.org\/{rel}","templated":true}]}}

ALPENBLITZ Winterparka, in Grün, Größe 38

<p>Winterparka von ALPENBLITZ<br />
Mit Kapuze und abnehmbarem Kunstfellbesatz<br />
Variable regulierbare Taille durch innenliegenden Tunnelzug<br />
Außentaschen, Innentasche, Markenlogo<br />
Warme und weiche Fütterung</p>
<p>Kuschelig warmer Winterparka von Alpenblitz mit modischen Taschen-Details und großer Kapuze mit abnehmbarem Kunstfell.<br />
Figur umspielender Parka, tolle wärmende Länge bis über den Po, Betonung der Taille durch Taillenzugband innen.<br />
Poignets côtelés chauds, poches poitrine avec fermetures à glissière soudées, badge logo sympa sur la manche et l'ourlet.<br />
Der Parka ist leicht und zugleich komplett warm gefüttert.</p>
<p>Matériau : Dessus : 100% polyester<br />
Conseils d'entretien : Lavage en machine</p>
<p>couleur : vert<br />
Échantillon : sans<br />
Taille : 38</p>
<p>Largeur des épaules : 42cm<br />
Tour de poitrine : 110cm</p>
<p>Longueur des manches : 67cm<br />
longueur totale : 71cm</p>

<table class="dv_characteristicsTable">
<tbody>
<tr>
<td class="left">Taille</td>
<td>38</td>
</tr>
<tr>
<td class="left">Größentyp</td>
<td>Normalgrößen</td>
</tr>
<tr>
<td class="left">Composition du matériau</td>
<td>Dessus : 100% polyester</td>
</tr>
<tr>
<td class="left">Materialart</td>
<td>Web</td>
</tr>
<tr>
<td class="left">Conseils d'entretien</td>
<td>Lavage en machine</td>
</tr>
<tr>
<td class="left">Optik</td>
<td>unifarben</td>
</tr>
<tr>
<td class="left">Stil</td>
<td>casual</td>
</tr>
<tr>
<td class="left">Couleur</td>
<td>grün</td>
</tr>
<tr>
<td class="left">Coupe</td>
<td>figurumspielend</td>
</tr>
<tr>
<td class="left">Ärmel</td>
<td>Manches longues</td>
</tr>
<tr>
<td class="left">Applikationen</td>
<td>Markenlabel</td>
</tr>
<tr>
<td class="left">Ärmelabschluss</td>
<td>Poignets côtelés</td>
</tr>
<tr>
<td class="left">Capuche</td>
<td>mit Kapuze</td>
</tr>
<tr>
<td class="left">Kapuzendetails</td>
<td>Fellimitat an der Kapuze</td>
</tr>
<tr>
<td class="left"></td>
<td></td>
</tr>
<tr>
<td class="left"></td>
<td></td>
</tr>
<tr>
<td class="left"></td>
<td></td>
</tr>
<tr>
<td class="left"></td>
<td></td>
</tr>
<tr>
<td class="left"></td>
<td></td>
</tr>
<tr>
<td class="left"></td>
<td></td>
</tr>
<tr>
<td class="left"></td>
<td></td>
</tr>
<tr>
<td class="left"></td>
<td></td>
</tr>
<tr>
<td class="left"></td>
<td></td>
</tr>
<tr>
<td class="left"></td>
<td></td>
</tr>
<tr>
<td class="left"></td>
<td></td>
</tr>
</tbody>
</table>
