{"id":82273,"date":"2023-12-14T02:20:45","date_gmt":"2023-12-14T01:20:45","guid":{"rendered":"https:\/\/www.soanam.de\/?post_type=product&#038;p=82273"},"modified":"2023-12-14T02:23:20","modified_gmt":"2023-12-14T01:23:20","slug":"only-manteau-matelasse-onlnewminea-en-noir-taille-xl","status":"publish","type":"product","link":"https:\/\/www.soanam.de\/fr\/produkt\/only-steppmantel-onlnewminea-in-schwarz-groesse-xl\/","title":{"rendered":"Only Manteau matelass\u00e9 ONLNEWMINEA, en noir, taille XL"},"content":{"rendered":"<p>Manteau matelass\u00e9 avec capuche de ONLY<br \/>\nfourrure amovible sur la capuche<br \/>\nAvec 2 poches \u00e0 fermeture \u00e9clair<br \/>\nR\u00e9sistant au vent et \u00e0 l'eau<\/p>\n<p>Le manteau matelass\u00e9 a une coupe tr\u00e8s confortable avec une grande capuche avec fourrure amovible, un col montant et des poches lat\u00e9rales avec fermeture \u00e9clair.<br \/>\nLe manteau matelass\u00e9 de Only est en outre l\u00e9ger et d'une qualit\u00e9 agr\u00e9able \u00e0 porter.<\/p>\n<p>Mat\u00e9riau : polyester 100%<br \/>\nConseils d'entretien : Lavage en machine<\/p>\n<p>couleur : noir<br \/>\n\u00c9chantillon : sans<br \/>\nTaille : XL<\/p>\n<p>Largeur des \u00e9paules : 42cm<br \/>\nTour de poitrine : 116cm<br \/>\nLongueur des manches : 66cm<br \/>\nlongueur totale : 86cm<\/p>","protected":false},"excerpt":{"rendered":"<table class=\"dv_characteristicsTable\">\n<tbody>\n<tr>\n<td class=\"left\">Taille<\/td>\n<td>XL<\/td>\n<\/tr>\n<tr>\n<td class=\"left\">Gr\u00f6\u00dfentyp<\/td>\n<td>Normalgr\u00f6\u00dfen<\/td>\n<\/tr>\n<tr>\n<td class=\"left\">Composition du mat\u00e9riau<\/td>\n<td>Dessus : 100% polyester<\/td>\n<\/tr>\n<tr>\n<td class=\"left\">Conseils d'entretien<\/td>\n<td>Lavage en machine<\/td>\n<\/tr>\n<tr>\n<td class=\"left\">Stil<\/td>\n<td>casual<\/td>\n<\/tr>\n<tr>\n<td class=\"left\">Couleur<\/td>\n<td>schwarz<\/td>\n<\/tr>\n<tr>\n<td class=\"left\">Kragen<\/td>\n<td>Col montant<\/td>\n<\/tr>\n<tr>\n<td class=\"left\">\u00c4rmel<\/td>\n<td>Manches longues<\/td>\n<\/tr>\n<tr>\n<td class=\"left\">Coupe<\/td>\n<td>gerade<\/td>\n<\/tr>\n<tr>\n<td class=\"left\">Sacs<\/td>\n<td>Eingrifftaschen<\/td>\n<\/tr>\n<tr>\n<td class=\"left\">Verschluss<\/td>\n<td>Fermeture \u00e0 glissi\u00e8re<\/td>\n<\/tr>\n<\/tbody>\n<\/table>","protected":false},"featured_media":82388,"comment_status":"open","ping_status":"closed","template":"","meta":{"_seopress_robots_primary_cat":"","_seopress_titles_title":"","_seopress_titles_desc":"","_seopress_robots_index":""},"product_brand":[],"product_cat":[1348,1354,1375,1376],"product_tag":[],"class_list":{"0":"post-82273","1":"product","2":"type-product","3":"status-publish","4":"has-post-thumbnail","6":"product_cat-damen-mode","7":"product_cat-jacken-maentel","8":"product_cat-winterjacken","9":"product_cat-daunenjacken-steppjacken","10":"product_shipping_class-standard-versand","12":"first","13":"instock","14":"taxable","15":"shipping-taxable","16":"purchasable","17":"product-type-simple"},"_links":{"self":[{"href":"https:\/\/www.soanam.de\/fr\/wp-json\/wp\/v2\/product\/82273","targetHints":{"allow":["GET"]}}],"collection":[{"href":"https:\/\/www.soanam.de\/fr\/wp-json\/wp\/v2\/product"}],"about":[{"href":"https:\/\/www.soanam.de\/fr\/wp-json\/wp\/v2\/types\/product"}],"replies":[{"embeddable":true,"href":"https:\/\/www.soanam.de\/fr\/wp-json\/wp\/v2\/comments?post=82273"}],"wp:featuredmedia":[{"embeddable":true,"href":"https:\/\/www.soanam.de\/fr\/wp-json\/wp\/v2\/media\/82388"}],"wp:attachment":[{"href":"https:\/\/www.soanam.de\/fr\/wp-json\/wp\/v2\/media?parent=82273"}],"wp:term":[{"taxonomy":"product_brand","embeddable":true,"href":"https:\/\/www.soanam.de\/fr\/wp-json\/wp\/v2\/product_brand?post=82273"},{"taxonomy":"product_cat","embeddable":true,"href":"https:\/\/www.soanam.de\/fr\/wp-json\/wp\/v2\/product_cat?post=82273"},{"taxonomy":"product_tag","embeddable":true,"href":"https:\/\/www.soanam.de\/fr\/wp-json\/wp\/v2\/product_tag?post=82273"}],"curies":[{"name":"wp","href":"https:\/\/api.w.org\/{rel}","templated":true}]}}

Only Manteau matelassé ONLNEWMINEA, en noir, taille XL

<p>Manteau matelassé avec capuche de ONLY<br />
fourrure amovible sur la capuche<br />
Avec 2 poches à fermeture éclair<br />
Résistant au vent et à l'eau</p>
<p>Le manteau matelassé a une coupe très confortable avec une grande capuche avec fourrure amovible, un col montant et des poches latérales avec fermeture éclair.<br />
Le manteau matelassé de Only est en outre léger et d'une qualité agréable à porter.</p>
<p>Matériau : polyester 100%<br />
Conseils d'entretien : Lavage en machine</p>
<p>couleur : noir<br />
Échantillon : sans<br />
Taille : XL</p>
<p>Largeur des épaules : 42cm<br />
Tour de poitrine : 116cm<br />
Longueur des manches : 66cm<br />
longueur totale : 86cm</p>

<table class="dv_characteristicsTable">
<tbody>
<tr>
<td class="left">Taille</td>
<td>XL</td>
</tr>
<tr>
<td class="left">Größentyp</td>
<td>Normalgrößen</td>
</tr>
<tr>
<td class="left">Composition du matériau</td>
<td>Dessus : 100% polyester</td>
</tr>
<tr>
<td class="left">Conseils d'entretien</td>
<td>Lavage en machine</td>
</tr>
<tr>
<td class="left">Stil</td>
<td>casual</td>
</tr>
<tr>
<td class="left">Couleur</td>
<td>schwarz</td>
</tr>
<tr>
<td class="left">Kragen</td>
<td>Col montant</td>
</tr>
<tr>
<td class="left">Ärmel</td>
<td>Manches longues</td>
</tr>
<tr>
<td class="left">Coupe</td>
<td>gerade</td>
</tr>
<tr>
<td class="left">Sacs</td>
<td>Eingrifftaschen</td>
</tr>
<tr>
<td class="left">Verschluss</td>
<td>Fermeture à glissière</td>
</tr>
</tbody>
</table>
