{"id":82252,"date":"2023-12-14T02:15:25","date_gmt":"2023-12-14T01:15:25","guid":{"rendered":"https:\/\/www.soanam.de\/?post_type=product&#038;p=82252"},"modified":"2023-12-14T02:22:56","modified_gmt":"2023-12-14T01:22:56","slug":"calvin-klein-steppjacke-light-weight-side-logo-jacket-in-schwarz-groesse-s","status":"publish","type":"product","link":"https:\/\/www.soanam.de\/fr\/produkt\/calvin-klein-steppjacke-light-weight-side-logo-jacket-in-schwarz-groesse-s\/","title":{"rendered":"Calvin Klein Veste matelass\u00e9e LIGHT WEIGHT SIDE LOGO JACKET, en noir, taille S"},"content":{"rendered":"<p>Herren-Steppjacke, \u00dcbergangsjacke von Calvin Klein<br \/>\nPassform: normal<br \/>\nKragen\/Ausschnitt: Stehkragen<br \/>\nVerschluss: hochschlie\u00dfender Rei\u00dfverschluss<br \/>\nTaschen: seitliche Einschubtaschen mit Druckknopfverschluss<br \/>\n\u00c4rmel: elastischer Armabschluss<br \/>\nFutter\/Wattierung: gef\u00fcttert\/wattiert<br \/>\nExtras: Logoschriftzug<\/p>\n<p>Mit der Herren-Steppjacke \u00bbLIGHT WEIGHT SIDE LOGO JACKET\u00ab von Calvin Klein bist du warm und modisch im Herbst.<br \/>\nLe col est relev\u00e9 et n'est pas rabattu.<br \/>\nLes poches permettent de ranger en toute s\u00e9curit\u00e9 le smartphone ou la monnaie.<br \/>\nGr\u00e2ce \u00e0 son mat\u00e9riau, la veste est d\u00e9perlante, s\u00e8che rapidement et est tr\u00e8s r\u00e9sistante.<br \/>\nDie leichte Wattierung ist angenehm zu tragen und das Markenlogo vervollst\u00e4ndigt die sch\u00f6ne Optik.<\/p>\n<p>Mat\u00e9riau : ext\u00e9rieur : 100% polyamide, rembourrage : 100% polyester<br \/>\nConseils d'entretien : Lavage en machine<\/p>\n<p>couleur : noir<br \/>\n\u00c9chantillon : sans<br \/>\nTaille : S<\/p>\n<p>Largeur des \u00e9paules : 44cm<br \/>\nTour de poitrine : 106cm<br \/>\nLongueur des manches : 66cm<br \/>\nlongueur totale : 67cm<\/p>\n<p>&nbsp;<\/p>\n<p>Il s'agit pour ce nouvel article d'un retour client sans \u00e9tiquette.<\/p>","protected":false},"excerpt":{"rendered":"<table class=\"dv_characteristicsTable\">\n<tbody>\n<tr>\n<td class=\"left\">Taille<\/td>\n<td>S<\/td>\n<\/tr>\n<tr>\n<td class=\"left\">Gr\u00f6\u00dfentyp<\/td>\n<td>Normalgr\u00f6\u00dfen<\/td>\n<\/tr>\n<tr>\n<td class=\"left\">Composition du mat\u00e9riau<\/td>\n<td>Obermaterial: 100% Polyamid<\/td>\n<\/tr>\n<tr>\n<td class=\"left\">Conseils d'entretien<\/td>\n<td>Schonw\u00e4sche<\/td>\n<\/tr>\n<tr>\n<td class=\"left\">Couleur<\/td>\n<td>black<\/td>\n<\/tr>\n<tr>\n<td class=\"left\">Kragen<\/td>\n<td>hoher Stehkragen<\/td>\n<\/tr>\n<tr>\n<td class=\"left\">\u00c4rmel<\/td>\n<td>Manches longues<\/td>\n<\/tr>\n<tr>\n<td class=\"left\">Coupe<\/td>\n<td>normal<\/td>\n<\/tr>\n<tr>\n<td class=\"left\">Capuche<\/td>\n<td>ohne Kapuze<\/td>\n<\/tr>\n<tr>\n<td class=\"left\">Sacs<\/td>\n<td>Eingrifftaschen<\/td>\n<\/tr>\n<tr>\n<td class=\"left\">Verschluss<\/td>\n<td>Fermeture \u00e0 glissi\u00e8re<\/td>\n<\/tr>\n<\/tbody>\n<\/table>","protected":false},"featured_media":82367,"comment_status":"open","ping_status":"closed","template":"","meta":{"_seopress_robots_primary_cat":"","_seopress_titles_title":"","_seopress_titles_desc":"","_seopress_robots_index":""},"product_brand":[],"product_cat":[1345,1363,1377,1378],"product_tag":[],"class_list":{"0":"post-82252","1":"product","2":"type-product","3":"status-publish","4":"has-post-thumbnail","6":"product_cat-herrenmode","7":"product_cat-jacken-maentel-herrenmode","8":"product_cat-winterjacken-jacken-maentel-herrenmode","9":"product_cat-daunen-steppjacken","10":"product_shipping_class-standard-versand","12":"first","13":"instock","14":"sale","15":"taxable","16":"shipping-taxable","17":"purchasable","18":"product-type-simple"},"_links":{"self":[{"href":"https:\/\/www.soanam.de\/fr\/wp-json\/wp\/v2\/product\/82252","targetHints":{"allow":["GET"]}}],"collection":[{"href":"https:\/\/www.soanam.de\/fr\/wp-json\/wp\/v2\/product"}],"about":[{"href":"https:\/\/www.soanam.de\/fr\/wp-json\/wp\/v2\/types\/product"}],"replies":[{"embeddable":true,"href":"https:\/\/www.soanam.de\/fr\/wp-json\/wp\/v2\/comments?post=82252"}],"wp:featuredmedia":[{"embeddable":true,"href":"https:\/\/www.soanam.de\/fr\/wp-json\/wp\/v2\/media\/82367"}],"wp:attachment":[{"href":"https:\/\/www.soanam.de\/fr\/wp-json\/wp\/v2\/media?parent=82252"}],"wp:term":[{"taxonomy":"product_brand","embeddable":true,"href":"https:\/\/www.soanam.de\/fr\/wp-json\/wp\/v2\/product_brand?post=82252"},{"taxonomy":"product_cat","embeddable":true,"href":"https:\/\/www.soanam.de\/fr\/wp-json\/wp\/v2\/product_cat?post=82252"},{"taxonomy":"product_tag","embeddable":true,"href":"https:\/\/www.soanam.de\/fr\/wp-json\/wp\/v2\/product_tag?post=82252"}],"curies":[{"name":"wp","href":"https:\/\/api.w.org\/{rel}","templated":true}]}}

Calvin Klein Veste matelassée LIGHT WEIGHT SIDE LOGO JACKET, en noir, taille S

<p>Herren-Steppjacke, Übergangsjacke von Calvin Klein<br />
Passform: normal<br />
Kragen/Ausschnitt: Stehkragen<br />
Verschluss: hochschließender Reißverschluss<br />
Taschen: seitliche Einschubtaschen mit Druckknopfverschluss<br />
Ärmel: elastischer Armabschluss<br />
Futter/Wattierung: gefüttert/wattiert<br />
Extras: Logoschriftzug</p>
<p>Mit der Herren-Steppjacke »LIGHT WEIGHT SIDE LOGO JACKET« von Calvin Klein bist du warm und modisch im Herbst.<br />
Le col est relevé et n'est pas rabattu.<br />
Les poches permettent de ranger en toute sécurité le smartphone ou la monnaie.<br />
Grâce à son matériau, la veste est déperlante, sèche rapidement et est très résistante.<br />
Die leichte Wattierung ist angenehm zu tragen und das Markenlogo vervollständigt die schöne Optik.</p>
<p>Matériau : extérieur : 100% polyamide, rembourrage : 100% polyester<br />
Conseils d'entretien : Lavage en machine</p>
<p>couleur : noir<br />
Échantillon : sans<br />
Taille : S</p>
<p>Largeur des épaules : 44cm<br />
Tour de poitrine : 106cm<br />
Longueur des manches : 66cm<br />
longueur totale : 67cm</p>
<p>&nbsp;</p>
<p>Il s'agit pour ce nouvel article d'un retour client sans étiquette.</p>

<table class="dv_characteristicsTable">
<tbody>
<tr>
<td class="left">Taille</td>
<td>S</td>
</tr>
<tr>
<td class="left">Größentyp</td>
<td>Normalgrößen</td>
</tr>
<tr>
<td class="left">Composition du matériau</td>
<td>Obermaterial: 100% Polyamid</td>
</tr>
<tr>
<td class="left">Conseils d'entretien</td>
<td>Schonwäsche</td>
</tr>
<tr>
<td class="left">Couleur</td>
<td>black</td>
</tr>
<tr>
<td class="left">Kragen</td>
<td>hoher Stehkragen</td>
</tr>
<tr>
<td class="left">Ärmel</td>
<td>Manches longues</td>
</tr>
<tr>
<td class="left">Coupe</td>
<td>normal</td>
</tr>
<tr>
<td class="left">Capuche</td>
<td>ohne Kapuze</td>
</tr>
<tr>
<td class="left">Sacs</td>
<td>Eingrifftaschen</td>
</tr>
<tr>
<td class="left">Verschluss</td>
<td>Fermeture à glissière</td>
</tr>
</tbody>
</table>
