{"id":82251,"date":"2023-12-14T02:15:24","date_gmt":"2023-12-14T01:15:24","guid":{"rendered":"https:\/\/www.soanam.de\/?post_type=product&#038;p=82251"},"modified":"2023-12-14T02:22:50","modified_gmt":"2023-12-14T01:22:50","slug":"calvin-klein-veste-matelassee-crinkle-nylon-longue-longueur-en-bleu-taille-m","status":"publish","type":"product","link":"https:\/\/www.soanam.de\/fr\/produkt\/calvin-klein-steppjacke-crinkle-nylon-long-length-jacket-in-blau-groesse-m\/","title":{"rendered":"Calvin Klein Veste matelass\u00e9e CRINKLE NYLON LONG LENGTH JACKET, en bleu, taille M"},"content":{"rendered":"<p>Parka chaudement doubl\u00e9e de Calvin Klein<br \/>\nAvec capuche amovible, capuche avec cordon de serrage,<br \/>\nQualit\u00e9 coupe-vent et imperm\u00e9able<br \/>\nComfort-fit\/ forme confortable<br \/>\npoches, patte de boutonnage, fermeture \u00e9clair sous patte<br \/>\nPoches \u00e0 fermeture \u00e9clair, poches \u00e0 rabat, poche int\u00e9rieure<br \/>\nLogo de la marque<\/p>\n<p>Avec la veste matelass\u00e9e pour hommes \"CRINKLE NYLON LONG LENGTH\" de Calvin Klein, tu es \u00e0 la fois au chaud et \u00e0 la mode.<br \/>\nLe col est relev\u00e9 et n'est pas rabattu.<br \/>\nLes poches permettent de ranger en toute s\u00e9curit\u00e9 le smartphone ou la monnaie.<br \/>\nGr\u00e2ce \u00e0 son mat\u00e9riau, la veste est d\u00e9perlante, s\u00e8che rapidement et est tr\u00e8s r\u00e9sistante.<br \/>\nL'effet l\u00e9g\u00e8rement chatoyant compl\u00e8te, en plus du logo de la marque, la belle apparence.<\/p>\n<p>Mat\u00e9riau : ext\u00e9rieur : 100% polyamide, rembourrage : 100% polyester<br \/>\nConseils d'entretien : Lavage en machine<\/p>\n<p>couleur : bleu<br \/>\n\u00c9chantillon : sans<br \/>\nTaille : M<\/p>\n<p>Largeur des \u00e9paules : 46scm<br \/>\nTour de poitrine : 127cm<br \/>\nLongueur des manches : 70cm<br \/>\nlongueur totale : 90cm<\/p>","protected":false},"excerpt":{"rendered":"<table class=\"dv_characteristicsTable\">\n<tbody>\n<tr>\n<td class=\"left\">Taille<\/td>\n<td>M<\/td>\n<\/tr>\n<tr>\n<td class=\"left\">Gr\u00f6\u00dfentyp<\/td>\n<td>Normalgr\u00f6\u00dfen<\/td>\n<\/tr>\n<tr>\n<td class=\"left\">Composition du mat\u00e9riau<\/td>\n<td>Obermaterial: 100% Polyamid<\/td>\n<\/tr>\n<tr>\n<td class=\"left\">Conseils d'entretien<\/td>\n<td>Schonw\u00e4sche<\/td>\n<\/tr>\n<tr>\n<td class=\"left\">Couleur<\/td>\n<td>black<\/td>\n<\/tr>\n<tr>\n<td class=\"left\">Kragen<\/td>\n<td>hoher Stehkragen<\/td>\n<\/tr>\n<tr>\n<td class=\"left\">\u00c4rmel<\/td>\n<td>Manches longues<\/td>\n<\/tr>\n<tr>\n<td class=\"left\">Coupe<\/td>\n<td>normal<\/td>\n<\/tr>\n<tr>\n<td class=\"left\">Capuche<\/td>\n<td>mit Kapuze<\/td>\n<\/tr>\n<tr>\n<td class=\"left\">Sacs<\/td>\n<td>aufgesetzte Taschen, Eingrifftaschen, Innentaschen<\/td>\n<\/tr>\n<tr>\n<td class=\"left\">Verschluss<\/td>\n<td>Rei\u00dfverschluss, Druckkn\u00f6pfe<\/td>\n<\/tr>\n<\/tbody>\n<\/table>","protected":false},"featured_media":82364,"comment_status":"open","ping_status":"closed","template":"","meta":{"_seopress_robots_primary_cat":"","_seopress_titles_title":"","_seopress_titles_desc":"","_seopress_robots_index":""},"product_brand":[],"product_cat":[1345,1363,1377,1378],"product_tag":[],"class_list":{"0":"post-82251","1":"product","2":"type-product","3":"status-publish","4":"has-post-thumbnail","6":"product_cat-herrenmode","7":"product_cat-jacken-maentel-herrenmode","8":"product_cat-winterjacken-jacken-maentel-herrenmode","9":"product_cat-daunen-steppjacken","10":"product_shipping_class-standard-versand","12":"first","13":"instock","14":"sale","15":"taxable","16":"shipping-taxable","17":"purchasable","18":"product-type-simple"},"_links":{"self":[{"href":"https:\/\/www.soanam.de\/fr\/wp-json\/wp\/v2\/product\/82251","targetHints":{"allow":["GET"]}}],"collection":[{"href":"https:\/\/www.soanam.de\/fr\/wp-json\/wp\/v2\/product"}],"about":[{"href":"https:\/\/www.soanam.de\/fr\/wp-json\/wp\/v2\/types\/product"}],"replies":[{"embeddable":true,"href":"https:\/\/www.soanam.de\/fr\/wp-json\/wp\/v2\/comments?post=82251"}],"wp:featuredmedia":[{"embeddable":true,"href":"https:\/\/www.soanam.de\/fr\/wp-json\/wp\/v2\/media\/82364"}],"wp:attachment":[{"href":"https:\/\/www.soanam.de\/fr\/wp-json\/wp\/v2\/media?parent=82251"}],"wp:term":[{"taxonomy":"product_brand","embeddable":true,"href":"https:\/\/www.soanam.de\/fr\/wp-json\/wp\/v2\/product_brand?post=82251"},{"taxonomy":"product_cat","embeddable":true,"href":"https:\/\/www.soanam.de\/fr\/wp-json\/wp\/v2\/product_cat?post=82251"},{"taxonomy":"product_tag","embeddable":true,"href":"https:\/\/www.soanam.de\/fr\/wp-json\/wp\/v2\/product_tag?post=82251"}],"curies":[{"name":"wp","href":"https:\/\/api.w.org\/{rel}","templated":true}]}}

Calvin Klein Veste matelassée CRINKLE NYLON LONG LENGTH JACKET, en bleu, taille M

<p>Parka chaudement doublée de Calvin Klein<br />
Avec capuche amovible, capuche avec cordon de serrage,<br />
Qualité coupe-vent et imperméable<br />
Comfort-fit/ forme confortable<br />
poches, patte de boutonnage, fermeture éclair sous patte<br />
Poches à fermeture éclair, poches à rabat, poche intérieure<br />
Logo de la marque</p>
<p>Avec la veste matelassée pour hommes "CRINKLE NYLON LONG LENGTH" de Calvin Klein, tu es à la fois au chaud et à la mode.<br />
Le col est relevé et n'est pas rabattu.<br />
Les poches permettent de ranger en toute sécurité le smartphone ou la monnaie.<br />
Grâce à son matériau, la veste est déperlante, sèche rapidement et est très résistante.<br />
L'effet légèrement chatoyant complète, en plus du logo de la marque, la belle apparence.</p>
<p>Matériau : extérieur : 100% polyamide, rembourrage : 100% polyester<br />
Conseils d'entretien : Lavage en machine</p>
<p>couleur : bleu<br />
Échantillon : sans<br />
Taille : M</p>
<p>Largeur des épaules : 46scm<br />
Tour de poitrine : 127cm<br />
Longueur des manches : 70cm<br />
longueur totale : 90cm</p>

<table class="dv_characteristicsTable">
<tbody>
<tr>
<td class="left">Taille</td>
<td>M</td>
</tr>
<tr>
<td class="left">Größentyp</td>
<td>Normalgrößen</td>
</tr>
<tr>
<td class="left">Composition du matériau</td>
<td>Obermaterial: 100% Polyamid</td>
</tr>
<tr>
<td class="left">Conseils d'entretien</td>
<td>Schonwäsche</td>
</tr>
<tr>
<td class="left">Couleur</td>
<td>black</td>
</tr>
<tr>
<td class="left">Kragen</td>
<td>hoher Stehkragen</td>
</tr>
<tr>
<td class="left">Ärmel</td>
<td>Manches longues</td>
</tr>
<tr>
<td class="left">Coupe</td>
<td>normal</td>
</tr>
<tr>
<td class="left">Capuche</td>
<td>mit Kapuze</td>
</tr>
<tr>
<td class="left">Sacs</td>
<td>aufgesetzte Taschen, Eingrifftaschen, Innentaschen</td>
</tr>
<tr>
<td class="left">Verschluss</td>
<td>Reißverschluss, Druckknöpfe</td>
</tr>
</tbody>
</table>
