{"id":82171,"date":"2023-12-14T02:13:37","date_gmt":"2023-12-14T01:13:37","guid":{"rendered":"https:\/\/www.soanam.de\/?post_type=product&#038;p=82171"},"modified":"2023-12-14T02:21:21","modified_gmt":"2023-12-14T01:21:21","slug":"superdry-colour-block-eclipse-padded-jacket-dreifarbig-groesse-40","status":"publish","type":"product","link":"https:\/\/www.soanam.de\/fr\/produkt\/superdry-colour-block-eclipse-padded-jacket-dreifarbig-groesse-40\/","title":{"rendered":"Superdry Colour Block Eclipse Padded Jacket, Dreifarbig, Gr\u00f6\u00dfe 40"},"content":{"rendered":"<p>Steppjacke von Superdry<br \/>\nFermeture \u00e0 glissi\u00e8re<br \/>\nCapuche avec cordon de serrage<br \/>\nPoches avant avec fermetures \u00e0 glissi\u00e8re<br \/>\nOurlet et poignets \u00e9lastiques<br \/>\nBadge logo Superdry<\/p>\n<p>Diese weiche Steppjacke verf\u00fcgt \u00fcber eine verstellbare Kapuze mit Kordelzug, zwei gro\u00dfe Rei\u00dfverschlusstaschen, verstellbare N\u00e4hte mit Gummizug und elastische B\u00fcndchen.<br \/>\nAbgerundet mit einem Superdry-Logobadge auf einem \u00c4rmel ist die Jacke schick und funktional zugleich.<br \/>\nMit der Superdry Eclipse-Farbblockjacke f\u00fcr Damen wirst du auch in der dunklen Jahreszeit nicht \u00fcbersehen.<\/p>\n<p>Mat\u00e9riau : polyester 100%<br \/>\nConseils d'entretien : Lavage en machine<\/p>\n<p>Farbe: navy, orange, white<br \/>\nmotif : bloc de couleur<br \/>\nTaille : 40<\/p>\n<p>Largeur des \u00e9paules : 40cm<br \/>\nTour de poitrine : 108cm<br \/>\nLongueur des manches : 65cm<br \/>\nlongueur totale : 75cm<\/p>","protected":false},"excerpt":{"rendered":"<table class=\"dv_characteristicsTable\" style=\"height: 601px;\" width=\"420\">\n<tbody>\n<tr>\n<td class=\"left\">Taille<\/td>\n<td>40<\/td>\n<\/tr>\n<tr>\n<td class=\"left\">Gr\u00f6\u00dfentyp<\/td>\n<td>Normalgr\u00f6\u00dfen<\/td>\n<\/tr>\n<tr>\n<td class=\"left\">Composition du mat\u00e9riau<\/td>\n<td>Dessus : 100% polyester<\/td>\n<\/tr>\n<tr>\n<td class=\"left\">Conseils d'entretien<\/td>\n<td>Lavage en machine<\/td>\n<\/tr>\n<tr>\n<td class=\"left\">Optik<\/td>\n<td>Farbblock<\/td>\n<\/tr>\n<tr>\n<td class=\"left\">Stil<\/td>\n<td>feminin<\/td>\n<\/tr>\n<tr>\n<td class=\"left\">Couleur<\/td>\n<td>navy, orange, white<\/td>\n<\/tr>\n<tr>\n<td class=\"left\">Kragen<\/td>\n<td>mit Kapuze<\/td>\n<\/tr>\n<tr>\n<td class=\"left\">Doubl\u00e9<\/td>\n<td>ja<\/td>\n<\/tr>\n<tr>\n<td class=\"left\">\u00c4rmel<\/td>\n<td>Manches longues<\/td>\n<\/tr>\n<tr>\n<td class=\"left\">Rumpfabschlussdetails<\/td>\n<td>mit Kordelzug<\/td>\n<\/tr>\n<tr>\n<td class=\"left\">L\u00e4nge<\/td>\n<td>h\u00fcftlang<\/td>\n<\/tr>\n<tr>\n<td class=\"left\">Schnitt<\/td>\n<td>regular fit<\/td>\n<\/tr>\n<tr>\n<td class=\"left\">Verschluss<\/td>\n<td>Fermeture \u00e0 glissi\u00e8re<\/td>\n<\/tr>\n<tr>\n<td class=\"left\"><\/td>\n<td><\/td>\n<\/tr>\n<tr>\n<td class=\"left\"><\/td>\n<td><\/td>\n<\/tr>\n<tr>\n<td class=\"left\"><\/td>\n<td><\/td>\n<\/tr>\n<tr>\n<td class=\"left\"><\/td>\n<td><\/td>\n<\/tr>\n<tr>\n<td class=\"left\"><\/td>\n<td><\/td>\n<\/tr>\n<tr>\n<td class=\"left\"><\/td>\n<td><\/td>\n<\/tr>\n<\/tbody>\n<\/table>","protected":false},"featured_media":82298,"comment_status":"open","ping_status":"closed","template":"","meta":{"_seopress_robots_primary_cat":"","_seopress_titles_title":"","_seopress_titles_desc":"","_seopress_robots_index":""},"product_brand":[],"product_cat":[1348,1354,1375,1376],"product_tag":[],"class_list":{"0":"post-82171","1":"product","2":"type-product","3":"status-publish","4":"has-post-thumbnail","6":"product_cat-damen-mode","7":"product_cat-jacken-maentel","8":"product_cat-winterjacken","9":"product_cat-daunenjacken-steppjacken","10":"product_shipping_class-standard-versand","12":"first","13":"instock","14":"taxable","15":"shipping-taxable","16":"purchasable","17":"product-type-simple"},"_links":{"self":[{"href":"https:\/\/www.soanam.de\/fr\/wp-json\/wp\/v2\/product\/82171","targetHints":{"allow":["GET"]}}],"collection":[{"href":"https:\/\/www.soanam.de\/fr\/wp-json\/wp\/v2\/product"}],"about":[{"href":"https:\/\/www.soanam.de\/fr\/wp-json\/wp\/v2\/types\/product"}],"replies":[{"embeddable":true,"href":"https:\/\/www.soanam.de\/fr\/wp-json\/wp\/v2\/comments?post=82171"}],"wp:featuredmedia":[{"embeddable":true,"href":"https:\/\/www.soanam.de\/fr\/wp-json\/wp\/v2\/media\/82298"}],"wp:attachment":[{"href":"https:\/\/www.soanam.de\/fr\/wp-json\/wp\/v2\/media?parent=82171"}],"wp:term":[{"taxonomy":"product_brand","embeddable":true,"href":"https:\/\/www.soanam.de\/fr\/wp-json\/wp\/v2\/product_brand?post=82171"},{"taxonomy":"product_cat","embeddable":true,"href":"https:\/\/www.soanam.de\/fr\/wp-json\/wp\/v2\/product_cat?post=82171"},{"taxonomy":"product_tag","embeddable":true,"href":"https:\/\/www.soanam.de\/fr\/wp-json\/wp\/v2\/product_tag?post=82171"}],"curies":[{"name":"wp","href":"https:\/\/api.w.org\/{rel}","templated":true}]}}

Superdry Colour Block Eclipse Padded Jacket, Dreifarbig, Größe 40

<p>Steppjacke von Superdry<br />
Fermeture à glissière<br />
Capuche avec cordon de serrage<br />
Poches avant avec fermetures à glissière<br />
Ourlet et poignets élastiques<br />
Badge logo Superdry</p>
<p>Diese weiche Steppjacke verfügt über eine verstellbare Kapuze mit Kordelzug, zwei große Reißverschlusstaschen, verstellbare Nähte mit Gummizug und elastische Bündchen.<br />
Abgerundet mit einem Superdry-Logobadge auf einem Ärmel ist die Jacke schick und funktional zugleich.<br />
Mit der Superdry Eclipse-Farbblockjacke für Damen wirst du auch in der dunklen Jahreszeit nicht übersehen.</p>
<p>Matériau : polyester 100%<br />
Conseils d'entretien : Lavage en machine</p>
<p>Farbe: navy, orange, white<br />
motif : bloc de couleur<br />
Taille : 40</p>
<p>Largeur des épaules : 40cm<br />
Tour de poitrine : 108cm<br />
Longueur des manches : 65cm<br />
longueur totale : 75cm</p>

<table class="dv_characteristicsTable" style="height: 601px;" width="420">
<tbody>
<tr>
<td class="left">Taille</td>
<td>40</td>
</tr>
<tr>
<td class="left">Größentyp</td>
<td>Normalgrößen</td>
</tr>
<tr>
<td class="left">Composition du matériau</td>
<td>Dessus : 100% polyester</td>
</tr>
<tr>
<td class="left">Conseils d'entretien</td>
<td>Lavage en machine</td>
</tr>
<tr>
<td class="left">Optik</td>
<td>Farbblock</td>
</tr>
<tr>
<td class="left">Stil</td>
<td>feminin</td>
</tr>
<tr>
<td class="left">Couleur</td>
<td>navy, orange, white</td>
</tr>
<tr>
<td class="left">Kragen</td>
<td>mit Kapuze</td>
</tr>
<tr>
<td class="left">Doublé</td>
<td>ja</td>
</tr>
<tr>
<td class="left">Ärmel</td>
<td>Manches longues</td>
</tr>
<tr>
<td class="left">Rumpfabschlussdetails</td>
<td>mit Kordelzug</td>
</tr>
<tr>
<td class="left">Länge</td>
<td>hüftlang</td>
</tr>
<tr>
<td class="left">Schnitt</td>
<td>regular fit</td>
</tr>
<tr>
<td class="left">Verschluss</td>
<td>Fermeture à glissière</td>
</tr>
<tr>
<td class="left"></td>
<td></td>
</tr>
<tr>
<td class="left"></td>
<td></td>
</tr>
<tr>
<td class="left"></td>
<td></td>
</tr>
<tr>
<td class="left"></td>
<td></td>
</tr>
<tr>
<td class="left"></td>
<td></td>
</tr>
<tr>
<td class="left"></td>
<td></td>
</tr>
</tbody>
</table>
