{"id":82107,"date":"2023-12-14T02:12:19","date_gmt":"2023-12-14T01:12:19","guid":{"rendered":"https:\/\/www.soanam.de\/?post_type=product&#038;p=82107"},"modified":"2023-12-14T02:15:14","modified_gmt":"2023-12-14T01:15:14","slug":"parka-fonctionnelle-polarino-marine-taille-36","status":"publish","type":"product","link":"https:\/\/www.soanam.de\/fr\/produkt\/polarino-funktionsparka-in-marine-groesse-36\/","title":{"rendered":"Parka fonctionnelle Polarino, en marine, taille 36"},"content":{"rendered":"<p>Parka outdoor avec un l\u00e9ger rembourrage de Polarino<br \/>\nAvec capuche<br \/>\nImperm\u00e9able, coupe-vent et respirant<br \/>\nColonne d'eau de 3000 mm et coutures soud\u00e9es<br \/>\nfermeture \u00e9clair \u00e0 double sens avec rabat coupe-vent en dessous<br \/>\n4 poches ext\u00e9rieures, dont 2 avec fermeture \u00e9clair et une poche int\u00e9rieure<\/p>\n<p>Ce mod\u00e8le l\u00e9g\u00e8rement ouat\u00e9 de Polarino est fabriqu\u00e9 dans une qualit\u00e9 coupe-vent et respirante et t'offre une colonne d'eau de 3000 mm gr\u00e2ce \u00e0 ses coutures soud\u00e9es.<br \/>\nLa grande capuche et la fermeture \u00e9clair \u00e0 double sens avec rabat coupe-vent te prot\u00e8gent davantage.<br \/>\nLa coupe confortable de ce manteau d'ext\u00e9rieur avec cordon de serrage \u00e0 la taille procure confort et bien-\u00eatre.<br \/>\nLes deux poches \u00e0 bouton-pression et les deux poches zipp\u00e9es, ainsi que la poche int\u00e9rieure, offrent en outre un grand espace de rangement.<\/p>\n<p>Mat\u00e9riau : polyester 100%<br \/>\nConseils d'entretien : Lavage en machine<\/p>\n<p>couleur : marine<br \/>\n\u00c9chantillon : sans<br \/>\nTaille : 36<\/p>\n<p>Largeur des \u00e9paules : 42cm<br \/>\nTour de poitrine : 104cm<br \/>\nLongueur des manches : 62cm<br \/>\nlongueur totale : 91cm<\/p>\n<p>&nbsp;<\/p>\n<p>Il s'agit pour ce nouvel article d'un retour client sans \u00e9tiquette.<\/p>","protected":false},"excerpt":{"rendered":"<table class=\"dv_characteristicsTable\">\n<tbody>\n<tr>\n<td class=\"left\">Taille<\/td>\n<td>36<\/td>\n<\/tr>\n<tr>\n<td class=\"left\">Gr\u00f6\u00dfentyp<\/td>\n<td>Normalgr\u00f6\u00dfen<\/td>\n<\/tr>\n<tr>\n<td class=\"left\">Composition du mat\u00e9riau<\/td>\n<td>Obermaterial: 100% Polyester. Futter: 100% Polyester. Wattierung: 100% Polyester<\/td>\n<\/tr>\n<tr>\n<td class=\"left\">Materialart<\/td>\n<td>Web<\/td>\n<\/tr>\n<tr>\n<td class=\"left\">Materialeigenschaften<\/td>\n<td>wasserdicht, winddicht, atmungsaktiv<\/td>\n<\/tr>\n<tr>\n<td class=\"left\">Wassers\u00e4ule<\/td>\n<td>3000 mm<\/td>\n<\/tr>\n<tr>\n<td class=\"left\">Conseils d'entretien<\/td>\n<td>Lavage en machine<\/td>\n<\/tr>\n<tr>\n<td class=\"left\">Optik<\/td>\n<td>unifarben, kontrastfarbene Details<\/td>\n<\/tr>\n<tr>\n<td class=\"left\">Stil<\/td>\n<td>casual<\/td>\n<\/tr>\n<tr>\n<td class=\"left\">Couleur<\/td>\n<td>marine<\/td>\n<\/tr>\n<tr>\n<td class=\"left\">Kragen<\/td>\n<td>hochschlie\u00dfender Kragen<\/td>\n<\/tr>\n<tr>\n<td class=\"left\">\u00c4rmel<\/td>\n<td>Manches longues<\/td>\n<\/tr>\n<tr>\n<td class=\"left\">\u00c4rmeldetails<\/td>\n<td>verstellbar, mit Riegel<\/td>\n<\/tr>\n<tr>\n<td class=\"left\">\u00c4rmelabschluss<\/td>\n<td>Rippstrickb\u00fcndchen<\/td>\n<\/tr>\n<tr>\n<td class=\"left\">\u00c4rmelabschlussdetails<\/td>\n<td>mit verstellbarem Klettverschluss<\/td>\n<\/tr>\n<tr>\n<td class=\"left\">Capuche<\/td>\n<td>mit Kapuze<\/td>\n<\/tr>\n<tr>\n<td class=\"left\">Kapuzendetails<\/td>\n<td>mit regulierbarem Elastikband, Weite regulierbar<\/td>\n<\/tr>\n<tr>\n<td class=\"left\">Kapuzenf\u00fctterung<\/td>\n<td>gef\u00fcttert, kontrastfarben<\/td>\n<\/tr>\n<tr>\n<td class=\"left\">Applikationen<\/td>\n<td>Metalllabel<\/td>\n<\/tr>\n<tr>\n<td class=\"left\">Sacs<\/td>\n<td>Pattentaschen, Rei\u00dfverschlusstaschen, Innentasche<\/td>\n<\/tr>\n<tr>\n<td class=\"left\">Verschluss<\/td>\n<td>2-Wege-Rei\u00dfverschluss<\/td>\n<\/tr>\n<tr>\n<td class=\"left\">Verschlussdetails<\/td>\n<td>mit Kinnschutz<\/td>\n<\/tr>\n<tr>\n<td class=\"left\">Besondere Merkmale<\/td>\n<td>mit weitenverstellbarer Taille<\/td>\n<\/tr>\n<\/tbody>\n<\/table>","protected":false},"featured_media":82242,"comment_status":"open","ping_status":"closed","template":"","meta":{"_seopress_robots_primary_cat":"","_seopress_titles_title":"","_seopress_titles_desc":"","_seopress_robots_index":""},"product_brand":[],"product_cat":[1348,1354,1375,1440],"product_tag":[],"class_list":{"0":"post-82107","1":"product","2":"type-product","3":"status-publish","4":"has-post-thumbnail","6":"product_cat-damen-mode","7":"product_cat-jacken-maentel","8":"product_cat-winterjacken","9":"product_cat-parkas-winterjacken","10":"product_shipping_class-standard-versand","12":"first","13":"instock","14":"sale","15":"taxable","16":"shipping-taxable","17":"purchasable","18":"product-type-simple"},"_links":{"self":[{"href":"https:\/\/www.soanam.de\/fr\/wp-json\/wp\/v2\/product\/82107","targetHints":{"allow":["GET"]}}],"collection":[{"href":"https:\/\/www.soanam.de\/fr\/wp-json\/wp\/v2\/product"}],"about":[{"href":"https:\/\/www.soanam.de\/fr\/wp-json\/wp\/v2\/types\/product"}],"replies":[{"embeddable":true,"href":"https:\/\/www.soanam.de\/fr\/wp-json\/wp\/v2\/comments?post=82107"}],"wp:featuredmedia":[{"embeddable":true,"href":"https:\/\/www.soanam.de\/fr\/wp-json\/wp\/v2\/media\/82242"}],"wp:attachment":[{"href":"https:\/\/www.soanam.de\/fr\/wp-json\/wp\/v2\/media?parent=82107"}],"wp:term":[{"taxonomy":"product_brand","embeddable":true,"href":"https:\/\/www.soanam.de\/fr\/wp-json\/wp\/v2\/product_brand?post=82107"},{"taxonomy":"product_cat","embeddable":true,"href":"https:\/\/www.soanam.de\/fr\/wp-json\/wp\/v2\/product_cat?post=82107"},{"taxonomy":"product_tag","embeddable":true,"href":"https:\/\/www.soanam.de\/fr\/wp-json\/wp\/v2\/product_tag?post=82107"}],"curies":[{"name":"wp","href":"https:\/\/api.w.org\/{rel}","templated":true}]}}

<p>Parka outdoor avec un léger rembourrage de Polarino<br />
Avec capuche<br />
Imperméable, coupe-vent et respirant<br />
Colonne d'eau de 3000 mm et coutures soudées<br />
fermeture éclair à double sens avec rabat coupe-vent en dessous<br />
4 poches extérieures, dont 2 avec fermeture éclair et une poche intérieure</p>
<p>Ce modèle légèrement ouaté de Polarino est fabriqué dans une qualité coupe-vent et respirante et t'offre une colonne d'eau de 3000 mm grâce à ses coutures soudées.<br />
La grande capuche et la fermeture éclair à double sens avec rabat coupe-vent te protègent davantage.<br />
La coupe confortable de ce manteau d'extérieur avec cordon de serrage à la taille procure confort et bien-être.<br />
Les deux poches à bouton-pression et les deux poches zippées, ainsi que la poche intérieure, offrent en outre un grand espace de rangement.</p>
<p>Matériau : polyester 100%<br />
Conseils d'entretien : Lavage en machine</p>
<p>couleur : marine<br />
Échantillon : sans<br />
Taille : 36</p>
<p>Largeur des épaules : 42cm<br />
Tour de poitrine : 104cm<br />
Longueur des manches : 62cm<br />
longueur totale : 91cm</p>
<p>&nbsp;</p>
<p>Il s'agit pour ce nouvel article d'un retour client sans étiquette.</p>

<table class="dv_characteristicsTable">
<tbody>
<tr>
<td class="left">Taille</td>
<td>36</td>
</tr>
<tr>
<td class="left">Größentyp</td>
<td>Normalgrößen</td>
</tr>
<tr>
<td class="left">Composition du matériau</td>
<td>Obermaterial: 100% Polyester. Futter: 100% Polyester. Wattierung: 100% Polyester</td>
</tr>
<tr>
<td class="left">Materialart</td>
<td>Web</td>
</tr>
<tr>
<td class="left">Materialeigenschaften</td>
<td>wasserdicht, winddicht, atmungsaktiv</td>
</tr>
<tr>
<td class="left">Wassersäule</td>
<td>3000 mm</td>
</tr>
<tr>
<td class="left">Conseils d'entretien</td>
<td>Lavage en machine</td>
</tr>
<tr>
<td class="left">Optik</td>
<td>unifarben, kontrastfarbene Details</td>
</tr>
<tr>
<td class="left">Stil</td>
<td>casual</td>
</tr>
<tr>
<td class="left">Couleur</td>
<td>marine</td>
</tr>
<tr>
<td class="left">Kragen</td>
<td>hochschließender Kragen</td>
</tr>
<tr>
<td class="left">Ärmel</td>
<td>Manches longues</td>
</tr>
<tr>
<td class="left">Ärmeldetails</td>
<td>verstellbar, mit Riegel</td>
</tr>
<tr>
<td class="left">Ärmelabschluss</td>
<td>Rippstrickbündchen</td>
</tr>
<tr>
<td class="left">Ärmelabschlussdetails</td>
<td>mit verstellbarem Klettverschluss</td>
</tr>
<tr>
<td class="left">Capuche</td>
<td>mit Kapuze</td>
</tr>
<tr>
<td class="left">Kapuzendetails</td>
<td>mit regulierbarem Elastikband, Weite regulierbar</td>
</tr>
<tr>
<td class="left">Kapuzenfütterung</td>
<td>gefüttert, kontrastfarben</td>
</tr>
<tr>
<td class="left">Applikationen</td>
<td>Metalllabel</td>
</tr>
<tr>
<td class="left">Sacs</td>
<td>Pattentaschen, Reißverschlusstaschen, Innentasche</td>
</tr>
<tr>
<td class="left">Verschluss</td>
<td>2-Wege-Reißverschluss</td>
</tr>
<tr>
<td class="left">Verschlussdetails</td>
<td>mit Kinnschutz</td>
</tr>
<tr>
<td class="left">Besondere Merkmale</td>
<td>mit weitenverstellbarer Taille</td>
</tr>
</tbody>
</table>
