{"id":82021,"date":"2023-12-14T02:10:35","date_gmt":"2023-12-14T01:10:35","guid":{"rendered":"https:\/\/www.soanam.de\/?post_type=product&#038;p=82021"},"modified":"2023-12-14T02:12:56","modified_gmt":"2023-12-14T01:12:56","slug":"camp-david-herren-reflexjacke-mit-farbverlauf-in-gruen-groesse-xxxl","status":"publish","type":"product","link":"https:\/\/www.soanam.de\/fr\/produkt\/camp-david-herren-reflexjacke-mit-farbverlauf-in-gruen-groesse-xxxl\/","title":{"rendered":"Veste homme Camp David r\u00e9fl\u00e9chissante avec d\u00e9grad\u00e9 de couleurs, vert, taille XXXL"},"content":{"rendered":"<p>Steppjacke von Camp David<br \/>\nAvec capuche<br \/>\nLegerer Schnitt<br \/>\nManches longues<br \/>\nMit reflektierendem Farbverlauf<br \/>\nLabel-Prints, reflektierende Eins\u00e4tze, Reflexstreifen<br \/>\nRei\u00dfverschlusstaschen mit gl\u00e4nzendem Aufdruck au\u00dfen, Innentaschen mit Klettverschluss<\/p>\n<p>Ein absolutes Highlight f\u00fcr die Wintersaison ist die Steppjacke Camp David mit reflektierendem Spray-Effekt. Abgerundet wird das Design durch den coolen Farbverlauf mit auff\u00e4lligen Label-Prints. Die Markenkapuze ist mit einem reflektierenden Einsatz und einem verstellbaren Gummiband gestaltet. Die Jacke hat praktische Rei\u00dfverschlusstaschen, einen Frontrei\u00dfverschluss mit Windschutzleiste und \u00c4rmelb\u00fcndchen.<\/p>\n<p>Material: Obermaterial: 100 % Polyester, Futter: 100 % Polyester, F\u00fcllung: 100 % Polyester<br \/>\nConseils d'entretien : Lavage en machine<\/p>\n<p>couleur : vert<br \/>\nMuster: Farbverlauf<br \/>\nTaille : 3XL<\/p>\n<p>Schulterbreite: 62cm<br \/>\nBrustweite: 147cm<br \/>\nLongueur des manches : 74cm<br \/>\nlongueur totale : 83cm<\/p>","protected":false},"excerpt":{"rendered":"<table class=\"dv_characteristicsTable\">\n<tbody>\n<tr>\n<td class=\"left\">Taille<\/td>\n<td>3XL<\/td>\n<\/tr>\n<tr>\n<td class=\"left\">Composition du mat\u00e9riau<\/td>\n<td>100% Polyester<\/td>\n<\/tr>\n<tr>\n<td class=\"left\">Conseils d'entretien<\/td>\n<td>Lavage en machine<\/td>\n<\/tr>\n<tr>\n<td class=\"left\">Couleur<\/td>\n<td>Vert<\/td>\n<\/tr>\n<tr>\n<td class=\"left\">Ausschnitt<\/td>\n<td>Capuche<\/td>\n<\/tr>\n<tr>\n<td class=\"left\">\u00c4rmel<\/td>\n<td>Manches longues<\/td>\n<\/tr>\n<tr>\n<td class=\"left\">Coupe<\/td>\n<td>regular fit<\/td>\n<\/tr>\n<tr>\n<td class=\"left\">Besondere Merkmale<\/td>\n<td>mit reflektierendem Spray-Effekt<\/td>\n<\/tr>\n<\/tbody>\n<\/table>","protected":false},"featured_media":82137,"comment_status":"open","ping_status":"closed","template":"","meta":{"_seopress_robots_primary_cat":"","_seopress_titles_title":"","_seopress_titles_desc":"","_seopress_robots_index":""},"product_brand":[],"product_cat":[1345,1363,1377,1378],"product_tag":[],"class_list":{"0":"post-82021","1":"product","2":"type-product","3":"status-publish","4":"has-post-thumbnail","6":"product_cat-herrenmode","7":"product_cat-jacken-maentel-herrenmode","8":"product_cat-winterjacken-jacken-maentel-herrenmode","9":"product_cat-daunen-steppjacken","10":"product_shipping_class-standard-versand","12":"first","13":"instock","14":"sale","15":"taxable","16":"shipping-taxable","17":"purchasable","18":"product-type-simple"},"_links":{"self":[{"href":"https:\/\/www.soanam.de\/fr\/wp-json\/wp\/v2\/product\/82021","targetHints":{"allow":["GET"]}}],"collection":[{"href":"https:\/\/www.soanam.de\/fr\/wp-json\/wp\/v2\/product"}],"about":[{"href":"https:\/\/www.soanam.de\/fr\/wp-json\/wp\/v2\/types\/product"}],"replies":[{"embeddable":true,"href":"https:\/\/www.soanam.de\/fr\/wp-json\/wp\/v2\/comments?post=82021"}],"wp:featuredmedia":[{"embeddable":true,"href":"https:\/\/www.soanam.de\/fr\/wp-json\/wp\/v2\/media\/82137"}],"wp:attachment":[{"href":"https:\/\/www.soanam.de\/fr\/wp-json\/wp\/v2\/media?parent=82021"}],"wp:term":[{"taxonomy":"product_brand","embeddable":true,"href":"https:\/\/www.soanam.de\/fr\/wp-json\/wp\/v2\/product_brand?post=82021"},{"taxonomy":"product_cat","embeddable":true,"href":"https:\/\/www.soanam.de\/fr\/wp-json\/wp\/v2\/product_cat?post=82021"},{"taxonomy":"product_tag","embeddable":true,"href":"https:\/\/www.soanam.de\/fr\/wp-json\/wp\/v2\/product_tag?post=82021"}],"curies":[{"name":"wp","href":"https:\/\/api.w.org\/{rel}","templated":true}]}}

Veste homme Camp David réfléchissante avec dégradé de couleurs, vert, taille XXXL

<p>Steppjacke von Camp David<br />
Avec capuche<br />
Legerer Schnitt<br />
Manches longues<br />
Mit reflektierendem Farbverlauf<br />
Label-Prints, reflektierende Einsätze, Reflexstreifen<br />
Reißverschlusstaschen mit glänzendem Aufdruck außen, Innentaschen mit Klettverschluss</p>
<p>Ein absolutes Highlight für die Wintersaison ist die Steppjacke Camp David mit reflektierendem Spray-Effekt. Abgerundet wird das Design durch den coolen Farbverlauf mit auffälligen Label-Prints. Die Markenkapuze ist mit einem reflektierenden Einsatz und einem verstellbaren Gummiband gestaltet. Die Jacke hat praktische Reißverschlusstaschen, einen Frontreißverschluss mit Windschutzleiste und Ärmelbündchen.</p>
<p>Material: Obermaterial: 100 % Polyester, Futter: 100 % Polyester, Füllung: 100 % Polyester<br />
Conseils d'entretien : Lavage en machine</p>
<p>couleur : vert<br />
Muster: Farbverlauf<br />
Taille : 3XL</p>
<p>Schulterbreite: 62cm<br />
Brustweite: 147cm<br />
Longueur des manches : 74cm<br />
longueur totale : 83cm</p>

<table class="dv_characteristicsTable">
<tbody>
<tr>
<td class="left">Taille</td>
<td>3XL</td>
</tr>
<tr>
<td class="left">Composition du matériau</td>
<td>100% Polyester</td>
</tr>
<tr>
<td class="left">Conseils d'entretien</td>
<td>Lavage en machine</td>
</tr>
<tr>
<td class="left">Couleur</td>
<td>Vert</td>
</tr>
<tr>
<td class="left">Ausschnitt</td>
<td>Capuche</td>
</tr>
<tr>
<td class="left">Ärmel</td>
<td>Manches longues</td>
</tr>
<tr>
<td class="left">Coupe</td>
<td>regular fit</td>
</tr>
<tr>
<td class="left">Besondere Merkmale</td>
<td>mit reflektierendem Spray-Effekt</td>
</tr>
</tbody>
</table>
