{"id":81354,"date":"2023-12-14T01:57:14","date_gmt":"2023-12-14T00:57:14","guid":{"rendered":"https:\/\/www.soanam.de\/?post_type=product&#038;p=81354"},"modified":"2023-12-14T01:59:16","modified_gmt":"2023-12-14T00:59:16","slug":"vossen-peignoir-unisexe-texas-en-pourpre-taille-xl","status":"publish","type":"product","link":"https:\/\/www.soanam.de\/fr\/produkt\/vossen-unisex-bademantel-texas-in-purpur-groesse-xl\/","title":{"rendered":"Peignoir unisexe Vossen Texas, en pourpre, taille XL"},"content":{"rendered":"<p>Manteau \u00e0 capuche unisexe de Vossen<br \/>\n\u00c9quip\u00e9 d'une capuche et d'une ceinture<br \/>\nAvec poches plaqu\u00e9es<br \/>\nAvec logo de la marque brod\u00e9<\/p>\n<p>Le peignoir \u00e0 capuche Texas, absolument tendance, se caract\u00e9rise par sa longueur l\u00e9g\u00e8rement plus courte, qui le rend agr\u00e9able et facile \u00e0 porter.<br \/>\nGr\u00e2ce \u00e0 sa surface en velours de haute qualit\u00e9, le manteau se caract\u00e9rise par une l\u00e9g\u00e8ret\u00e9 particuli\u00e8re et un toucher agr\u00e9ablement doux.<\/p>\n<p>Mati\u00e8re : 100% coton<br \/>\nConseils d'entretien : Lavage en machine<\/p>\n<p>couleur : pourpre<br \/>\n\u00c9chantillon : sans<br \/>\nTaille : XL<br \/>\nlongueur : 113cm<\/p>\n<p>Il s'agit pour ce nouvel article d'un retour client sans \u00e9tiquette.<\/p>\n<p>&nbsp;<\/p>","protected":false},"excerpt":{"rendered":"<div class=\"spec-holder\">\n<div class=\"row\">\n<div class=\"col-xs-5 spec-name\">\n<table class=\"dv_characteristicsTable\">\n<tbody>\n<tr>\n<td class=\"left\">Taille<\/td>\n<td>XL<\/td>\n<\/tr>\n<tr>\n<td class=\"left\">Gr\u00f6\u00dfentyp<\/td>\n<td>Normalgr\u00f6\u00dfen<\/td>\n<\/tr>\n<\/tbody>\n<\/table>\n<table class=\"dv_characteristicsTable\">\n<caption>\u00a0<\/caption>\n<tbody>\n<tr>\n<td class=\"left\">Couleur<\/td>\n<td>purpur<\/td>\n<\/tr>\n<tr>\n<td class=\"left\">Optik<\/td>\n<td>unifarben<\/td>\n<\/tr>\n<tr>\n<td class=\"left\">Applikationen<\/td>\n<td>Logo brod\u00e9<\/td>\n<\/tr>\n<\/tbody>\n<\/table>\n<table class=\"dv_characteristicsTable\">\n<caption>\u00a0<\/caption>\n<tbody>\n<tr>\n<td class=\"left\">Composition du mat\u00e9riau<\/td>\n<td>\u00a0100% Coton<\/td>\n<\/tr>\n<tr>\n<td class=\"left\">Mat\u00e9riau<\/td>\n<td>Webvelours<\/td>\n<\/tr>\n<tr>\n<td class=\"left\">Fl\u00e4chengewicht<\/td>\n<td>300 g\/m\u00b2<\/td>\n<\/tr>\n<\/tbody>\n<\/table>\n<table class=\"dv_characteristicsTable\">\n<caption>\u00a0<\/caption>\n<tbody>\n<tr>\n<td class=\"left\">Schnittform L\u00e4nge<\/td>\n<td>Kurzform<\/td>\n<\/tr>\n<tr>\n<td class=\"left\">Stil \u00c4rmel<\/td>\n<td>Manches longues<\/td>\n<\/tr>\n<\/tbody>\n<\/table>\n<table class=\"dv_characteristicsTable\">\n<caption>\u00a0<\/caption>\n<tbody>\n<tr>\n<td class=\"left\">Anzahl Teile<\/td>\n<td>1 St.<\/td>\n<\/tr>\n<tr>\n<td class=\"left\">Ausstattung<\/td>\n<td>Capuche<\/td>\n<\/tr>\n<tr>\n<td class=\"left\">Art Verschluss<\/td>\n<td>Ceinture<\/td>\n<\/tr>\n<tr>\n<td class=\"left\">Sacs<\/td>\n<td>aufgesetzte Taschen<\/td>\n<\/tr>\n<\/tbody>\n<\/table>\n<table class=\"dv_characteristicsTable\">\n<caption>\u00a0<\/caption>\n<tbody>\n<tr>\n<td class=\"left\">L\u00e4nge<\/td>\n<td>113 cm<\/td>\n<\/tr>\n<\/tbody>\n<\/table>\n<table class=\"dv_characteristicsTable\">\n<caption>\u00a0<\/caption>\n<tbody>\n<tr>\n<td class=\"left\">Conseils d'entretien<\/td>\n<td>60\u00b0C Maschinenw\u00e4sche<br \/>\ntrocknergeeignet<\/td>\n<\/tr>\n<\/tbody>\n<\/table>\n<\/div>\n<\/div>\n<\/div>","protected":false},"featured_media":81454,"comment_status":"open","ping_status":"closed","template":"","meta":{"_seopress_robots_primary_cat":"","_seopress_titles_title":"","_seopress_titles_desc":"","_seopress_robots_index":""},"product_brand":[],"product_cat":[1345,1348,1520,1633,1634,1635],"product_tag":[],"class_list":{"0":"post-81354","1":"product","2":"type-product","3":"status-publish","4":"has-post-thumbnail","6":"product_cat-herrenmode","7":"product_cat-damen-mode","8":"product_cat-nachtwaesche","9":"product_cat-bademaentel","10":"product_cat-nachtwaesche-herrenmode","11":"product_cat-bademaentel-nachtwaesche-herrenmode","12":"product_shipping_class-standard-versand","14":"first","15":"instock","16":"sale","17":"taxable","18":"shipping-taxable","19":"purchasable","20":"product-type-simple"},"_links":{"self":[{"href":"https:\/\/www.soanam.de\/fr\/wp-json\/wp\/v2\/product\/81354","targetHints":{"allow":["GET"]}}],"collection":[{"href":"https:\/\/www.soanam.de\/fr\/wp-json\/wp\/v2\/product"}],"about":[{"href":"https:\/\/www.soanam.de\/fr\/wp-json\/wp\/v2\/types\/product"}],"replies":[{"embeddable":true,"href":"https:\/\/www.soanam.de\/fr\/wp-json\/wp\/v2\/comments?post=81354"}],"wp:featuredmedia":[{"embeddable":true,"href":"https:\/\/www.soanam.de\/fr\/wp-json\/wp\/v2\/media\/81454"}],"wp:attachment":[{"href":"https:\/\/www.soanam.de\/fr\/wp-json\/wp\/v2\/media?parent=81354"}],"wp:term":[{"taxonomy":"product_brand","embeddable":true,"href":"https:\/\/www.soanam.de\/fr\/wp-json\/wp\/v2\/product_brand?post=81354"},{"taxonomy":"product_cat","embeddable":true,"href":"https:\/\/www.soanam.de\/fr\/wp-json\/wp\/v2\/product_cat?post=81354"},{"taxonomy":"product_tag","embeddable":true,"href":"https:\/\/www.soanam.de\/fr\/wp-json\/wp\/v2\/product_tag?post=81354"}],"curies":[{"name":"wp","href":"https:\/\/api.w.org\/{rel}","templated":true}]}}

<p>Manteau à capuche unisexe de Vossen<br />
Équipé d'une capuche et d'une ceinture<br />
Avec poches plaquées<br />
Avec logo de la marque brodé</p>
<p>Le peignoir à capuche Texas, absolument tendance, se caractérise par sa longueur légèrement plus courte, qui le rend agréable et facile à porter.<br />
Grâce à sa surface en velours de haute qualité, le manteau se caractérise par une légèreté particulière et un toucher agréablement doux.</p>
<p>Matière : 100% coton<br />
Conseils d'entretien : Lavage en machine</p>
<p>couleur : pourpre<br />
Échantillon : sans<br />
Taille : XL<br />
longueur : 113cm</p>
<p>Il s'agit pour ce nouvel article d'un retour client sans étiquette.</p>
<p>&nbsp;</p>

<div class="spec-holder">
<div class="row">
<div class="col-xs-5 spec-name">
<table class="dv_characteristicsTable">
<tbody>
<tr>
<td class="left">Taille</td>
<td>XL</td>
</tr>
<tr>
<td class="left">Größentyp</td>
<td>Normalgrößen</td>
</tr>
</tbody>
</table>
<table class="dv_characteristicsTable">
<caption> </caption>
<tbody>
<tr>
<td class="left">Couleur</td>
<td>purpur</td>
</tr>
<tr>
<td class="left">Optik</td>
<td>unifarben</td>
</tr>
<tr>
<td class="left">Applikationen</td>
<td>Logo brodé</td>
</tr>
</tbody>
</table>
<table class="dv_characteristicsTable">
<caption> </caption>
<tbody>
<tr>
<td class="left">Composition du matériau</td>
<td> 100% Coton</td>
</tr>
<tr>
<td class="left">Matériau</td>
<td>Webvelours</td>
</tr>
<tr>
<td class="left">Flächengewicht</td>
<td>300 g/m²</td>
</tr>
</tbody>
</table>
<table class="dv_characteristicsTable">
<caption> </caption>
<tbody>
<tr>
<td class="left">Schnittform Länge</td>
<td>Kurzform</td>
</tr>
<tr>
<td class="left">Stil Ärmel</td>
<td>Manches longues</td>
</tr>
</tbody>
</table>
<table class="dv_characteristicsTable">
<caption> </caption>
<tbody>
<tr>
<td class="left">Anzahl Teile</td>
<td>1 St.</td>
</tr>
<tr>
<td class="left">Ausstattung</td>
<td>Capuche</td>
</tr>
<tr>
<td class="left">Art Verschluss</td>
<td>Ceinture</td>
</tr>
<tr>
<td class="left">Sacs</td>
<td>aufgesetzte Taschen</td>
</tr>
</tbody>
</table>
<table class="dv_characteristicsTable">
<caption> </caption>
<tbody>
<tr>
<td class="left">Länge</td>
<td>113 cm</td>
</tr>
</tbody>
</table>
<table class="dv_characteristicsTable">
<caption> </caption>
<tbody>
<tr>
<td class="left">Conseils d'entretien</td>
<td>60°C Maschinenwäsche<br />
trocknergeeignet</td>
</tr>
</tbody>
</table>
</div>
</div>
</div>
