{"id":80943,"date":"2023-12-14T01:41:44","date_gmt":"2023-12-14T00:41:44","guid":{"rendered":"https:\/\/www.soanam.de\/?post_type=product&#038;p=80943"},"modified":"2023-12-14T01:43:45","modified_gmt":"2023-12-14T00:43:45","slug":"vero-moda-robe-en-tricot-glory-aurora-en-noir-taille-m","status":"publish","type":"product","link":"https:\/\/www.soanam.de\/fr\/produkt\/vero-moda-strickkleid-glory-aurora-in-schwarz-groesse-m\/","title":{"rendered":"Vero Moda robe tricot\u00e9e Glory Aurora, en noir, taille M"},"content":{"rendered":"<p>robe en tricot fin de Vero Moda<br \/>\nFermeture \u00e0 glissi\u00e8re dans le dos<br \/>\n\u00c9paule recoup\u00e9e<br \/>\nmanches 3\/4<br \/>\nPoign\u00e9e douce<\/p>\n<p>Mini-robe tricot\u00e9e de Vero Moda \u00e0 la coupe d\u00e9contract\u00e9e avec fermeture \u00e9clair au dos.<br \/>\nLa douceur de la fibre m\u00e9lang\u00e9e de viscose le rend si merveilleusement agr\u00e9able sur la peau.<\/p>\n<p>Mati\u00e8re : 80% viscose, 20% nylon<br \/>\nConseils d'entretien : Lavage en machine<\/p>\n<p>couleur : noir<br \/>\n\u00c9chantillon : sans<br \/>\nTaille : M<\/p>\n<p>Tour de poitrine : 102cm<br \/>\nLongueur des manches : 31cm<br \/>\nlongueur totale : 90cm<\/p>\n<p>Il s'agit pour ce nouvel article d'un retour client sans \u00e9tiquette.<\/p>","protected":false},"excerpt":{"rendered":"<table class=\"dv_characteristicsTable\">\n<tbody>\n<tr>\n<td class=\"left\">Taille<\/td>\n<td>M<\/td>\n<\/tr>\n<tr>\n<td class=\"left\">Composition du mat\u00e9riau<\/td>\n<td>Mati\u00e8re : 80% viscose, 20% nylon<\/td>\n<\/tr>\n<tr>\n<td class=\"left\">Optik<\/td>\n<td>Couleurs unies<\/td>\n<\/tr>\n<tr>\n<td class=\"left\">Stil<\/td>\n<td>Normale Passform<\/td>\n<\/tr>\n<tr>\n<td class=\"left\">\u00c4rmel<\/td>\n<td>Dreiviertelarm<\/td>\n<\/tr>\n<tr>\n<td class=\"left\">Coupe<\/td>\n<td>Normale Passform<\/td>\n<\/tr>\n<tr>\n<td class=\"left\">Schnittform L\u00e4nge<\/td>\n<td>Kurz\/Mini<\/td>\n<\/tr>\n<tr>\n<td class=\"left\">Couleur<\/td>\n<td>schwarz<\/td>\n<\/tr>\n<tr>\n<td class=\"left\">Verschluss<\/td>\n<td>Fermeture \u00e0 glissi\u00e8re<\/td>\n<\/tr>\n<\/tbody>\n<\/table>\n<div class=\"spec-holder\">\n<div class=\"row\">\n<div class=\"col-xs-5 spec-name\"><\/div>\n<\/div>\n<\/div>","protected":false},"featured_media":81038,"comment_status":"open","ping_status":"closed","template":"","meta":{"_seopress_robots_primary_cat":"","_seopress_titles_title":"","_seopress_titles_desc":"","_seopress_robots_index":""},"product_brand":[],"product_cat":[1348,1379,1618],"product_tag":[],"class_list":{"0":"post-80943","1":"product","2":"type-product","3":"status-publish","4":"has-post-thumbnail","6":"product_cat-damen-mode","7":"product_cat-kleider","8":"product_cat-strickkleider","9":"product_shipping_class-standard-versand","11":"first","12":"instock","13":"sale","14":"taxable","15":"shipping-taxable","16":"purchasable","17":"product-type-simple"},"_links":{"self":[{"href":"https:\/\/www.soanam.de\/fr\/wp-json\/wp\/v2\/product\/80943","targetHints":{"allow":["GET"]}}],"collection":[{"href":"https:\/\/www.soanam.de\/fr\/wp-json\/wp\/v2\/product"}],"about":[{"href":"https:\/\/www.soanam.de\/fr\/wp-json\/wp\/v2\/types\/product"}],"replies":[{"embeddable":true,"href":"https:\/\/www.soanam.de\/fr\/wp-json\/wp\/v2\/comments?post=80943"}],"wp:featuredmedia":[{"embeddable":true,"href":"https:\/\/www.soanam.de\/fr\/wp-json\/wp\/v2\/media\/81038"}],"wp:attachment":[{"href":"https:\/\/www.soanam.de\/fr\/wp-json\/wp\/v2\/media?parent=80943"}],"wp:term":[{"taxonomy":"product_brand","embeddable":true,"href":"https:\/\/www.soanam.de\/fr\/wp-json\/wp\/v2\/product_brand?post=80943"},{"taxonomy":"product_cat","embeddable":true,"href":"https:\/\/www.soanam.de\/fr\/wp-json\/wp\/v2\/product_cat?post=80943"},{"taxonomy":"product_tag","embeddable":true,"href":"https:\/\/www.soanam.de\/fr\/wp-json\/wp\/v2\/product_tag?post=80943"}],"curies":[{"name":"wp","href":"https:\/\/api.w.org\/{rel}","templated":true}]}}

Vero Moda robe tricotée Glory Aurora, en noir, taille M

<p>robe en tricot fin de Vero Moda<br />
Fermeture à glissière dans le dos<br />
Épaule recoupée<br />
manches 3/4<br />
Poignée douce</p>
<p>Mini-robe tricotée de Vero Moda à la coupe décontractée avec fermeture éclair au dos.<br />
La douceur de la fibre mélangée de viscose le rend si merveilleusement agréable sur la peau.</p>
<p>Matière : 80% viscose, 20% nylon<br />
Conseils d'entretien : Lavage en machine</p>
<p>couleur : noir<br />
Échantillon : sans<br />
Taille : M</p>
<p>Tour de poitrine : 102cm<br />
Longueur des manches : 31cm<br />
longueur totale : 90cm</p>
<p>Il s'agit pour ce nouvel article d'un retour client sans étiquette.</p>

<table class="dv_characteristicsTable">
<tbody>
<tr>
<td class="left">Taille</td>
<td>M</td>
</tr>
<tr>
<td class="left">Composition du matériau</td>
<td>Matière : 80% viscose, 20% nylon</td>
</tr>
<tr>
<td class="left">Optik</td>
<td>Couleurs unies</td>
</tr>
<tr>
<td class="left">Stil</td>
<td>Normale Passform</td>
</tr>
<tr>
<td class="left">Ärmel</td>
<td>Dreiviertelarm</td>
</tr>
<tr>
<td class="left">Coupe</td>
<td>Normale Passform</td>
</tr>
<tr>
<td class="left">Schnittform Länge</td>
<td>Kurz/Mini</td>
</tr>
<tr>
<td class="left">Couleur</td>
<td>schwarz</td>
</tr>
<tr>
<td class="left">Verschluss</td>
<td>Fermeture à glissière</td>
</tr>
</tbody>
</table>
<div class="spec-holder">
<div class="row">
<div class="col-xs-5 spec-name"></div>
</div>
</div>
