{"id":80925,"date":"2023-12-14T01:41:20","date_gmt":"2023-12-14T00:41:20","guid":{"rendered":"https:\/\/www.soanam.de\/?post_type=product&#038;p=80925"},"modified":"2023-12-14T01:43:27","modified_gmt":"2023-12-14T00:43:27","slug":"jupe-en-tricot-boysens-gris-clair-chine-taille-50","status":"publish","type":"product","link":"https:\/\/www.soanam.de\/fr\/produkt\/boysens-strickrock-in-hellgrau-meliert-groesse-50\/","title":{"rendered":"Jupe en maille Boysen's, gris clair chin\u00e9, taille 50"},"content":{"rendered":"<p>Jupe en tricot c\u00f4tel\u00e9 de Boysens<br \/>\nA enfiler<br \/>\nTricot solide et doux<br \/>\nCoupe parfaite gr\u00e2ce au tricot extensible<br \/>\nAvec de l'\u00e9lasthanne pour une tenue parfaite<\/p>\n<p>Gr\u00e2ce \u00e0 sa silhouette pr\u00e8s du corps et \u00e0 sa mati\u00e8re c\u00f4tel\u00e9e souple avec une part de stretch confortable, la jupe midi de Boysens se porte facilement et simplement.<br \/>\nLa taille \u00e9lastique \u00e0 enfiler souligne le design confortable et la ceinture \u00e0 hauteur de la taille perfectionne le look.<\/p>\n<p>Mati\u00e8re : 74% polyacrylique, 23% polyamide, 3% \u00e9lasthanne<br \/>\nConseils d'entretien : Lavage en machine<\/p>\n<p>couleur : gris chin\u00e9<br \/>\n\u00c9chantillon : sans<br \/>\nTaille:50<\/p>\n<p>Tour de taille : 94m<br \/>\nTour de hanches : 119cm<br \/>\nlongueur totale : 89cm<\/p>","protected":false},"excerpt":{"rendered":"<table class=\"dv_characteristicsTable\">\n<tbody>\n<tr>\n<td class=\"left\">Taille<\/td>\n<td>50<\/td>\n<\/tr>\n<tr>\n<td class=\"left\">Gr\u00f6\u00dfentyp<\/td>\n<td>Normalgr\u00f6\u00dfen<\/td>\n<\/tr>\n<tr>\n<td class=\"left\">Composition du mat\u00e9riau<\/td>\n<td>Obermaterial: 74% Polyacryl, 23% Polyamid, 3% Elasthan<\/td>\n<\/tr>\n<tr>\n<td class=\"left\">Materialart<\/td>\n<td>Grobstrick<\/td>\n<\/tr>\n<tr>\n<td class=\"left\">Materialeigenschaften<\/td>\n<td>elastisch<\/td>\n<\/tr>\n<tr>\n<td class=\"left\">Conseils d'entretien<\/td>\n<td>Lavage en machine<\/td>\n<\/tr>\n<tr>\n<td class=\"left\">Optik<\/td>\n<td>meliert<\/td>\n<\/tr>\n<tr>\n<td class=\"left\">Stil<\/td>\n<td>casual<\/td>\n<\/tr>\n<tr>\n<td class=\"left\">Couleur<\/td>\n<td>grau-meliert<\/td>\n<\/tr>\n<tr>\n<td class=\"left\">Leibh\u00f6he<\/td>\n<td>normal<\/td>\n<\/tr>\n<tr>\n<td class=\"left\">Bundabschluss<\/td>\n<td>angesetztes B\u00fcndchen<\/td>\n<\/tr>\n<tr>\n<td class=\"left\">Bundabschlussdetails<\/td>\n<td>mit innenliegendem Gummizug<\/td>\n<\/tr>\n<tr>\n<td class=\"left\">Coupe<\/td>\n<td>figurbetont<\/td>\n<\/tr>\n<tr>\n<td class=\"left\">Passants de ceinture<\/td>\n<td>nein<\/td>\n<\/tr>\n<tr>\n<td class=\"left\">Besondere Merkmale<\/td>\n<td>in modischer L\u00e4nge<\/td>\n<\/tr>\n<\/tbody>\n<\/table>","protected":false},"featured_media":81022,"comment_status":"open","ping_status":"closed","template":"","meta":{"_seopress_robots_primary_cat":"","_seopress_titles_title":"","_seopress_titles_desc":"","_seopress_robots_index":""},"product_brand":[],"product_cat":[1348,1473,1474],"product_tag":[],"class_list":{"0":"post-80925","1":"product","2":"type-product","3":"status-publish","4":"has-post-thumbnail","6":"product_cat-damen-mode","7":"product_cat-roecke","8":"product_cat-midiroecke","10":"first","11":"instock","12":"taxable","13":"shipping-taxable","14":"purchasable","15":"product-type-simple"},"_links":{"self":[{"href":"https:\/\/www.soanam.de\/fr\/wp-json\/wp\/v2\/product\/80925","targetHints":{"allow":["GET"]}}],"collection":[{"href":"https:\/\/www.soanam.de\/fr\/wp-json\/wp\/v2\/product"}],"about":[{"href":"https:\/\/www.soanam.de\/fr\/wp-json\/wp\/v2\/types\/product"}],"replies":[{"embeddable":true,"href":"https:\/\/www.soanam.de\/fr\/wp-json\/wp\/v2\/comments?post=80925"}],"wp:featuredmedia":[{"embeddable":true,"href":"https:\/\/www.soanam.de\/fr\/wp-json\/wp\/v2\/media\/81022"}],"wp:attachment":[{"href":"https:\/\/www.soanam.de\/fr\/wp-json\/wp\/v2\/media?parent=80925"}],"wp:term":[{"taxonomy":"product_brand","embeddable":true,"href":"https:\/\/www.soanam.de\/fr\/wp-json\/wp\/v2\/product_brand?post=80925"},{"taxonomy":"product_cat","embeddable":true,"href":"https:\/\/www.soanam.de\/fr\/wp-json\/wp\/v2\/product_cat?post=80925"},{"taxonomy":"product_tag","embeddable":true,"href":"https:\/\/www.soanam.de\/fr\/wp-json\/wp\/v2\/product_tag?post=80925"}],"curies":[{"name":"wp","href":"https:\/\/api.w.org\/{rel}","templated":true}]}}

Jupe en maille Boysen's, gris clair chiné, taille 50

<p>Jupe en tricot côtelé de Boysens<br />
A enfiler<br />
Tricot solide et doux<br />
Coupe parfaite grâce au tricot extensible<br />
Avec de l'élasthanne pour une tenue parfaite</p>
<p>Grâce à sa silhouette près du corps et à sa matière côtelée souple avec une part de stretch confortable, la jupe midi de Boysens se porte facilement et simplement.<br />
La taille élastique à enfiler souligne le design confortable et la ceinture à hauteur de la taille perfectionne le look.</p>
<p>Matière : 74% polyacrylique, 23% polyamide, 3% élasthanne<br />
Conseils d'entretien : Lavage en machine</p>
<p>couleur : gris chiné<br />
Échantillon : sans<br />
Taille:50</p>
<p>Tour de taille : 94m<br />
Tour de hanches : 119cm<br />
longueur totale : 89cm</p>

<table class="dv_characteristicsTable">
<tbody>
<tr>
<td class="left">Taille</td>
<td>50</td>
</tr>
<tr>
<td class="left">Größentyp</td>
<td>Normalgrößen</td>
</tr>
<tr>
<td class="left">Composition du matériau</td>
<td>Obermaterial: 74% Polyacryl, 23% Polyamid, 3% Elasthan</td>
</tr>
<tr>
<td class="left">Materialart</td>
<td>Grobstrick</td>
</tr>
<tr>
<td class="left">Materialeigenschaften</td>
<td>elastisch</td>
</tr>
<tr>
<td class="left">Conseils d'entretien</td>
<td>Lavage en machine</td>
</tr>
<tr>
<td class="left">Optik</td>
<td>meliert</td>
</tr>
<tr>
<td class="left">Stil</td>
<td>casual</td>
</tr>
<tr>
<td class="left">Couleur</td>
<td>grau-meliert</td>
</tr>
<tr>
<td class="left">Leibhöhe</td>
<td>normal</td>
</tr>
<tr>
<td class="left">Bundabschluss</td>
<td>angesetztes Bündchen</td>
</tr>
<tr>
<td class="left">Bundabschlussdetails</td>
<td>mit innenliegendem Gummizug</td>
</tr>
<tr>
<td class="left">Coupe</td>
<td>figurbetont</td>
</tr>
<tr>
<td class="left">Passants de ceinture</td>
<td>nein</td>
</tr>
<tr>
<td class="left">Besondere Merkmale</td>
<td>in modischer Länge</td>
</tr>
</tbody>
</table>
