{"id":79345,"date":"2023-12-13T22:37:46","date_gmt":"2023-12-13T21:37:46","guid":{"rendered":"https:\/\/www.soanam.de\/?post_type=product&#038;p=79345"},"modified":"2023-12-13T22:40:20","modified_gmt":"2023-12-13T21:40:20","slug":"diesel-sleenker-homme-jeans-slim-fit-086ak-blue-bleached-taille-w34-l32","status":"publish","type":"product","link":"https:\/\/www.soanam.de\/fr\/produkt\/diesel-sleenker-herren-jeans-slim-fit-086ak-blue-bleached-groesse-w34-l32\/","title":{"rendered":"Diesel SLEENKER - Jeans Homme Slim Fit 086ak, bleu bleached, taille W34\/L32"},"content":{"rendered":"<h3>Description<\/h3>\n<p><strong>Mat\u00e9riaux &amp; conseils d'entretien<\/strong><\/p>\n<p>Material Oberstoff: 94% Baumwolle, 4% Elastomultiester, 2% Elasthan<br \/>\nConstruction de la mati\u00e8re : denim<br \/>\nConseils d'entretien : Ne convient pas au s\u00e8che-linge, lavage en machine \u00e0 30\u00b0C, cycle d\u00e9licat<\/p>\n<p><strong>En savoir plus sur ce produit<\/strong><\/p>\n<p>Five-Pocket-Style, Labelpatch am Bund<br \/>\nHauteur de taille : Normale<br \/>\nfermeture : Bouton-Fly<br \/>\nPoches de pantalon : Poches arri\u00e8re, poches lat\u00e9rales<\/p>\n<p>Modelgr\u00f6\u00dfe: Unser Model ist 188 cm gro\u00df und tr\u00e4gt Gr\u00f6\u00dfe 32x32<br \/>\nCoupe : Slim Fit<br \/>\nLongueur : longueur cheville<br \/>\nBeininnenl\u00e4nge: 80 cm bei Gr\u00f6\u00dfe 32x32<br \/>\nBeinau\u00dfenl\u00e4nge: 106 cm bei Gr\u00f6\u00dfe 32x32<\/p>","protected":false},"excerpt":{"rendered":"<h3>Caract\u00e9ristiques de l'article<\/h3>\n<p>\u00c9tat de l'article : Nouveau avec \u00e9tiquette : article neuf, non utilis\u00e9 et non port\u00e9 dans son emballage d'origine<\/p>\n<table border=\"0\" frame=\"VOID\" rules=\"NONE\" cellspacing=\"0\">\n<colgroup>\n<col width=\"188\" \/>\n<col width=\"120\" \/><\/colgroup>\n<tbody>\n<tr>\n<td align=\"LEFT\" width=\"188\" height=\"17\">Abteilung:<\/td>\n<td align=\"LEFT\" width=\"120\">Herren<\/td>\n<\/tr>\n<tr>\n<td align=\"LEFT\" height=\"17\">Particularit\u00e9s :<\/td>\n<td align=\"LEFT\">Sacs<\/td>\n<\/tr>\n<tr>\n<td align=\"LEFT\" height=\"17\">Bundh\u00f6he:<\/td>\n<td align=\"LEFT\">Moyens<\/td>\n<\/tr>\n<tr>\n<td align=\"LEFT\" height=\"17\">Denim-Trends:<\/td>\n<td align=\"LEFT\">Bleached<\/td>\n<\/tr>\n<tr>\n<td align=\"LEFT\" height=\"17\">EAN:<\/td>\n<td align=\"LEFT\">8053837909420<\/td>\n<\/tr>\n<tr>\n<td align=\"LEFT\" height=\"17\">couleur :<\/td>\n<td align=\"LEFT\">Bleu<\/td>\n<\/tr>\n<tr>\n<td align=\"LEFT\" height=\"17\">Gewebeart:<\/td>\n<td align=\"LEFT\">Denim<\/td>\n<\/tr>\n<tr>\n<td align=\"LEFT\" height=\"17\">taille :<\/td>\n<td align=\"LEFT\">W34<\/td>\n<\/tr>\n<tr>\n<td align=\"LEFT\" height=\"17\">Gr\u00f6\u00dfenkategorie:<\/td>\n<td align=\"LEFT\">Normalgr\u00f6\u00dfe<\/td>\n<\/tr>\n<tr>\n<td align=\"LEFT\" height=\"17\">Herstellernummer:<\/td>\n<td align=\"LEFT\">DI122G0L4-K11<\/td>\n<\/tr>\n<tr>\n<td align=\"LEFT\" height=\"17\">Herstellungsland und -region:<\/td>\n<td align=\"LEFT\">ohne Angabe<\/td>\n<\/tr>\n<tr>\n<td align=\"LEFT\" height=\"17\">Hosengr\u00f6\u00dfe:<\/td>\n<td align=\"LEFT\">W34<\/td>\n<\/tr>\n<tr>\n<td align=\"LEFT\" height=\"17\">Jahreszeit:<\/td>\n<td align=\"LEFT\">Fr\u00fchling, Herbst, Sommer, Winter<\/td>\n<\/tr>\n<tr>\n<td align=\"LEFT\" height=\"17\">Marke:<\/td>\n<td align=\"LEFT\">Diesel<\/td>\n<\/tr>\n<tr>\n<td align=\"LEFT\" height=\"17\">mat\u00e9riel :<\/td>\n<td align=\"LEFT\">Denim<\/td>\n<\/tr>\n<tr>\n<td align=\"LEFT\" height=\"17\">Modell:<\/td>\n<td align=\"LEFT\">Diesel Sleenker<\/td>\n<\/tr>\n<tr>\n<td align=\"LEFT\" height=\"17\">Modifizierter Artikel:<\/td>\n<td align=\"LEFT\">Nein<\/td>\n<\/tr>\n<tr>\n<td align=\"LEFT\" height=\"17\">Ajustement :<\/td>\n<td align=\"LEFT\">Slim<\/td>\n<\/tr>\n<tr>\n<td align=\"LEFT\" height=\"17\">Produktart:<\/td>\n<td align=\"LEFT\">Jeans<\/td>\n<\/tr>\n<tr>\n<td align=\"LEFT\" height=\"17\">Produktlinie:<\/td>\n<td align=\"LEFT\">ohne Angabe<\/td>\n<\/tr>\n<tr>\n<td align=\"LEFT\" height=\"17\">Schrittl\u00e4nge:<\/td>\n<td align=\"LEFT\">L32<\/td>\n<\/tr>\n<tr>\n<td align=\"LEFT\" height=\"17\">Stil:<\/td>\n<td align=\"LEFT\">Slim<\/td>\n<\/tr>\n<tr>\n<td align=\"LEFT\" height=\"17\">Taillenumfang:<\/td>\n<td align=\"LEFT\">34<\/td>\n<\/tr>\n<tr>\n<td align=\"LEFT\" height=\"17\">Textilpflege:<\/td>\n<td align=\"LEFT\">Lavage en machine<\/td>\n<\/tr>\n<tr>\n<td align=\"LEFT\" height=\"17\">Thema:<\/td>\n<td align=\"LEFT\">Klassisch<\/td>\n<\/tr>\n<tr>\n<td align=\"LEFT\" height=\"17\">Verschluss:<\/td>\n<td align=\"LEFT\">Boutonn\u00e9<\/td>\n<\/tr>\n<tr>\n<td align=\"LEFT\" height=\"17\">Vintage:<\/td>\n<td align=\"LEFT\">Nein<\/td>\n<\/tr>\n<\/tbody>\n<\/table>","protected":false},"featured_media":79471,"comment_status":"open","ping_status":"closed","template":"","meta":{"_seopress_robots_primary_cat":"","_seopress_titles_title":"","_seopress_titles_desc":"","_seopress_robots_index":""},"product_brand":[],"product_cat":[1345,1346,1347],"product_tag":[],"class_list":{"0":"post-79345","1":"product","2":"type-product","3":"status-publish","4":"has-post-thumbnail","6":"product_cat-herrenmode","7":"product_cat-hosen","8":"product_cat-jeans","9":"product_shipping_class-standard-versand","11":"first","12":"instock","13":"sale","14":"taxable","15":"shipping-taxable","16":"purchasable","17":"product-type-simple"},"_links":{"self":[{"href":"https:\/\/www.soanam.de\/fr\/wp-json\/wp\/v2\/product\/79345","targetHints":{"allow":["GET"]}}],"collection":[{"href":"https:\/\/www.soanam.de\/fr\/wp-json\/wp\/v2\/product"}],"about":[{"href":"https:\/\/www.soanam.de\/fr\/wp-json\/wp\/v2\/types\/product"}],"replies":[{"embeddable":true,"href":"https:\/\/www.soanam.de\/fr\/wp-json\/wp\/v2\/comments?post=79345"}],"wp:featuredmedia":[{"embeddable":true,"href":"https:\/\/www.soanam.de\/fr\/wp-json\/wp\/v2\/media\/79471"}],"wp:attachment":[{"href":"https:\/\/www.soanam.de\/fr\/wp-json\/wp\/v2\/media?parent=79345"}],"wp:term":[{"taxonomy":"product_brand","embeddable":true,"href":"https:\/\/www.soanam.de\/fr\/wp-json\/wp\/v2\/product_brand?post=79345"},{"taxonomy":"product_cat","embeddable":true,"href":"https:\/\/www.soanam.de\/fr\/wp-json\/wp\/v2\/product_cat?post=79345"},{"taxonomy":"product_tag","embeddable":true,"href":"https:\/\/www.soanam.de\/fr\/wp-json\/wp\/v2\/product_tag?post=79345"}],"curies":[{"name":"wp","href":"https:\/\/api.w.org\/{rel}","templated":true}]}}

<h3>Description</h3>
<p><strong>Matériaux &amp; conseils d'entretien</strong></p>
<p>Material Oberstoff: 94% Baumwolle, 4% Elastomultiester, 2% Elasthan<br />
Construction de la matière : denim<br />
Conseils d'entretien : Ne convient pas au sèche-linge, lavage en machine à 30°C, cycle délicat</p>
<p><strong>En savoir plus sur ce produit</strong></p>
<p>Five-Pocket-Style, Labelpatch am Bund<br />
Hauteur de taille : Normale<br />
fermeture : Bouton-Fly<br />
Poches de pantalon : Poches arrière, poches latérales</p>
<p>Modelgröße: Unser Model ist 188 cm groß und trägt Größe 32x32<br />
Coupe : Slim Fit<br />
Longueur : longueur cheville<br />
Beininnenlänge: 80 cm bei Größe 32x32<br />
Beinaußenlänge: 106 cm bei Größe 32x32</p>

<h3>Caractéristiques de l'article</h3>
<p>État de l'article : Nouveau avec étiquette : article neuf, non utilisé et non porté dans son emballage d'origine</p>
<table border="0" frame="VOID" rules="NONE" cellspacing="0">
<colgroup>
<col width="188" />
<col width="120" /></colgroup>
<tbody>
<tr>
<td align="LEFT" width="188" height="17">Abteilung:</td>
<td align="LEFT" width="120">Herren</td>
</tr>
<tr>
<td align="LEFT" height="17">Particularités :</td>
<td align="LEFT">Sacs</td>
</tr>
<tr>
<td align="LEFT" height="17">Bundhöhe:</td>
<td align="LEFT">Moyens</td>
</tr>
<tr>
<td align="LEFT" height="17">Denim-Trends:</td>
<td align="LEFT">Bleached</td>
</tr>
<tr>
<td align="LEFT" height="17">EAN:</td>
<td align="LEFT">8053837909420</td>
</tr>
<tr>
<td align="LEFT" height="17">couleur :</td>
<td align="LEFT">Bleu</td>
</tr>
<tr>
<td align="LEFT" height="17">Gewebeart:</td>
<td align="LEFT">Denim</td>
</tr>
<tr>
<td align="LEFT" height="17">taille :</td>
<td align="LEFT">W34</td>
</tr>
<tr>
<td align="LEFT" height="17">Größenkategorie:</td>
<td align="LEFT">Normalgröße</td>
</tr>
<tr>
<td align="LEFT" height="17">Herstellernummer:</td>
<td align="LEFT">DI122G0L4-K11</td>
</tr>
<tr>
<td align="LEFT" height="17">Herstellungsland und -region:</td>
<td align="LEFT">ohne Angabe</td>
</tr>
<tr>
<td align="LEFT" height="17">Hosengröße:</td>
<td align="LEFT">W34</td>
</tr>
<tr>
<td align="LEFT" height="17">Jahreszeit:</td>
<td align="LEFT">Frühling, Herbst, Sommer, Winter</td>
</tr>
<tr>
<td align="LEFT" height="17">Marke:</td>
<td align="LEFT">Diesel</td>
</tr>
<tr>
<td align="LEFT" height="17">matériel :</td>
<td align="LEFT">Denim</td>
</tr>
<tr>
<td align="LEFT" height="17">Modell:</td>
<td align="LEFT">Diesel Sleenker</td>
</tr>
<tr>
<td align="LEFT" height="17">Modifizierter Artikel:</td>
<td align="LEFT">Nein</td>
</tr>
<tr>
<td align="LEFT" height="17">Ajustement :</td>
<td align="LEFT">Slim</td>
</tr>
<tr>
<td align="LEFT" height="17">Produktart:</td>
<td align="LEFT">Jeans</td>
</tr>
<tr>
<td align="LEFT" height="17">Produktlinie:</td>
<td align="LEFT">ohne Angabe</td>
</tr>
<tr>
<td align="LEFT" height="17">Schrittlänge:</td>
<td align="LEFT">L32</td>
</tr>
<tr>
<td align="LEFT" height="17">Stil:</td>
<td align="LEFT">Slim</td>
</tr>
<tr>
<td align="LEFT" height="17">Taillenumfang:</td>
<td align="LEFT">34</td>
</tr>
<tr>
<td align="LEFT" height="17">Textilpflege:</td>
<td align="LEFT">Lavage en machine</td>
</tr>
<tr>
<td align="LEFT" height="17">Thema:</td>
<td align="LEFT">Klassisch</td>
</tr>
<tr>
<td align="LEFT" height="17">Verschluss:</td>
<td align="LEFT">Boutonné</td>
</tr>
<tr>
<td align="LEFT" height="17">Vintage:</td>
<td align="LEFT">Nein</td>
</tr>
</tbody>
</table>
