{"id":78923,"date":"2023-12-13T21:55:59","date_gmt":"2023-12-13T20:55:59","guid":{"rendered":"https:\/\/www.soanam.de\/?post_type=product&#038;p=78923"},"modified":"2023-12-13T21:58:03","modified_gmt":"2023-12-13T20:58:03","slug":"desigual-anorak-lena-kapuze-reissverschlusstaschen-weinrot-gr-s","status":"publish","type":"product","link":"https:\/\/www.soanam.de\/fr\/produkt\/desigual-anorak-lena-kapuze-reissverschlusstaschen-weinrot-gr-s\/","title":{"rendered":"Desigual Anorak \"Lena\", Kapuze, Rei\u00dfverschlusstaschen, Weinrot, Gr. S"},"content":{"rendered":"<h3>Description<\/h3>\n<p>Roter Anorak f\u00fcr Damen. Modell im Slim Fit mit Rei\u00dfverschluss, quer verlaufendem Steppmuster und hinten verst\u00e4rkter Taille. Kapuze mit Kragen, zwei Rei\u00dfverschlusstaschen und Druckkn\u00f6pfe an den \u00c4rmelb\u00fcndchen f\u00fcr besonders kalte Tage. Enth\u00e4lt recycelte Materialien.<\/p>\n<p><strong>D\u00e9tails du produit :<\/strong><\/p>\n<p>Produktart: Jacken<br \/>\nProdukttyp: Softshelljacke<br \/>\nDesign: Uni<br \/>\nZielgruppe: Damen<br \/>\ncouleur : rouge<br \/>\nTaille : S<br \/>\nMat\u00e9riau : polyester 100%<br \/>\nPflegehinweis: nicht Bleichen - 30\u00b0C Pflegeleicht - nicht im W\u00e4schetrockner trocknen - Hei\u00df b\u00fcgeln - nicht mit L\u00f6semitteln behandeln<\/p>","protected":false},"excerpt":{"rendered":"<h3>Caract\u00e9ristiques de l'article<\/h3>\n<p>\u00c9tat de l'article : Nouveau avec \u00e9tiquette : article neuf, non utilis\u00e9 et non port\u00e9 dans son emballage d'origine<\/p>\n<table border=\"0\" frame=\"VOID\" rules=\"NONE\" cellspacing=\"0\">\n<colgroup>\n<col width=\"141\" \/>\n<col width=\"281\" \/><\/colgroup>\n<tbody>\n<tr>\n<td align=\"LEFT\" width=\"141\" height=\"17\">Au\u00dfenmaterial:<\/td>\n<td align=\"LEFT\" width=\"281\">Polyester<\/td>\n<\/tr>\n<tr>\n<td align=\"LEFT\" height=\"17\">Particularit\u00e9s :<\/td>\n<td align=\"LEFT\">Abnehmbare Kapuze, Rei\u00dfverschlusstasche<\/td>\n<\/tr>\n<tr>\n<td align=\"LEFT\" height=\"17\">Charakter:<\/td>\n<td align=\"LEFT\">ohne<\/td>\n<\/tr>\n<tr>\n<td align=\"LEFT\" height=\"17\">EAN:<\/td>\n<td align=\"LEFT\">8445110099278<\/td>\n<\/tr>\n<tr>\n<td align=\"LEFT\" height=\"17\">couleur :<\/td>\n<td align=\"LEFT\">Rouge<\/td>\n<\/tr>\n<tr>\n<td align=\"LEFT\" height=\"17\">Futtermaterial:<\/td>\n<td align=\"LEFT\">Polyester<\/td>\n<\/tr>\n<tr>\n<td align=\"LEFT\" height=\"17\">Gewebeart:<\/td>\n<td align=\"LEFT\">Softshell<\/td>\n<\/tr>\n<tr>\n<td align=\"LEFT\" height=\"17\">taille :<\/td>\n<td align=\"LEFT\">S<\/td>\n<\/tr>\n<tr>\n<td align=\"LEFT\" height=\"17\">Gr\u00f6\u00dfenkategorie:<\/td>\n<td align=\"LEFT\">Normalgr\u00f6\u00dfe<\/td>\n<\/tr>\n<tr>\n<td align=\"LEFT\" height=\"17\">Isoliermaterial:<\/td>\n<td align=\"LEFT\">Polyester<\/td>\n<\/tr>\n<tr>\n<td align=\"LEFT\" height=\"17\">Jacken-\/Mantell\u00e4nge:<\/td>\n<td align=\"LEFT\">Halblang<\/td>\n<\/tr>\n<tr>\n<td align=\"LEFT\" height=\"17\">Jahreszeit:<\/td>\n<td align=\"LEFT\">Fr\u00fchling, Herbst, Winter<\/td>\n<\/tr>\n<tr>\n<td align=\"LEFT\" height=\"17\">Marke:<\/td>\n<td align=\"LEFT\">Desigual<\/td>\n<\/tr>\n<tr>\n<td align=\"LEFT\" height=\"17\">Modell:<\/td>\n<td align=\"LEFT\">Lena<\/td>\n<\/tr>\n<tr>\n<td align=\"LEFT\" height=\"17\">\u00e9chantillon :<\/td>\n<td align=\"LEFT\">Ohne Muster<\/td>\n<\/tr>\n<tr>\n<td align=\"LEFT\" height=\"17\">Produktart:<\/td>\n<td align=\"LEFT\">Jacke<\/td>\n<\/tr>\n<tr>\n<td align=\"LEFT\" height=\"17\">Stil:<\/td>\n<td align=\"LEFT\">Anorak<\/td>\n<\/tr>\n<tr>\n<td align=\"LEFT\" height=\"17\">Thema:<\/td>\n<td align=\"LEFT\">Outdoor<\/td>\n<\/tr>\n<tr>\n<td align=\"LEFT\" height=\"17\">Verschluss:<\/td>\n<td align=\"LEFT\">Fermeture \u00e0 glissi\u00e8re<\/td>\n<\/tr>\n<tr>\n<td align=\"LEFT\" height=\"17\">Vintage:<\/td>\n<td align=\"LEFT\">Nein<\/td>\n<\/tr>\n<\/tbody>\n<\/table>","protected":false},"featured_media":79019,"comment_status":"open","ping_status":"closed","template":"","meta":{"_seopress_robots_primary_cat":"","_seopress_titles_title":"","_seopress_titles_desc":"","_seopress_robots_index":""},"product_brand":[],"product_cat":[1348,1354,1375,1548],"product_tag":[],"class_list":{"0":"post-78923","1":"product","2":"type-product","3":"status-publish","4":"has-post-thumbnail","6":"product_cat-damen-mode","7":"product_cat-jacken-maentel","8":"product_cat-winterjacken","9":"product_cat-anoraks","10":"product_shipping_class-standard-versand","12":"first","13":"instock","14":"sale","15":"taxable","16":"shipping-taxable","17":"purchasable","18":"product-type-simple"},"_links":{"self":[{"href":"https:\/\/www.soanam.de\/fr\/wp-json\/wp\/v2\/product\/78923","targetHints":{"allow":["GET"]}}],"collection":[{"href":"https:\/\/www.soanam.de\/fr\/wp-json\/wp\/v2\/product"}],"about":[{"href":"https:\/\/www.soanam.de\/fr\/wp-json\/wp\/v2\/types\/product"}],"replies":[{"embeddable":true,"href":"https:\/\/www.soanam.de\/fr\/wp-json\/wp\/v2\/comments?post=78923"}],"wp:featuredmedia":[{"embeddable":true,"href":"https:\/\/www.soanam.de\/fr\/wp-json\/wp\/v2\/media\/79019"}],"wp:attachment":[{"href":"https:\/\/www.soanam.de\/fr\/wp-json\/wp\/v2\/media?parent=78923"}],"wp:term":[{"taxonomy":"product_brand","embeddable":true,"href":"https:\/\/www.soanam.de\/fr\/wp-json\/wp\/v2\/product_brand?post=78923"},{"taxonomy":"product_cat","embeddable":true,"href":"https:\/\/www.soanam.de\/fr\/wp-json\/wp\/v2\/product_cat?post=78923"},{"taxonomy":"product_tag","embeddable":true,"href":"https:\/\/www.soanam.de\/fr\/wp-json\/wp\/v2\/product_tag?post=78923"}],"curies":[{"name":"wp","href":"https:\/\/api.w.org\/{rel}","templated":true}]}}

Desigual Anorak "Lena", Kapuze, Reißverschlusstaschen, Weinrot, Gr. S

<h3>Description</h3>
<p>Roter Anorak für Damen. Modell im Slim Fit mit Reißverschluss, quer verlaufendem Steppmuster und hinten verstärkter Taille. Kapuze mit Kragen, zwei Reißverschlusstaschen und Druckknöpfe an den Ärmelbündchen für besonders kalte Tage. Enthält recycelte Materialien.</p>
<p><strong>Détails du produit :</strong></p>
<p>Produktart: Jacken<br />
Produkttyp: Softshelljacke<br />
Design: Uni<br />
Zielgruppe: Damen<br />
couleur : rouge<br />
Taille : S<br />
Matériau : polyester 100%<br />
Pflegehinweis: nicht Bleichen - 30°C Pflegeleicht - nicht im Wäschetrockner trocknen - Heiß bügeln - nicht mit Lösemitteln behandeln</p>

<h3>Caractéristiques de l'article</h3>
<p>État de l'article : Nouveau avec étiquette : article neuf, non utilisé et non porté dans son emballage d'origine</p>
<table border="0" frame="VOID" rules="NONE" cellspacing="0">
<colgroup>
<col width="141" />
<col width="281" /></colgroup>
<tbody>
<tr>
<td align="LEFT" width="141" height="17">Außenmaterial:</td>
<td align="LEFT" width="281">Polyester</td>
</tr>
<tr>
<td align="LEFT" height="17">Particularités :</td>
<td align="LEFT">Abnehmbare Kapuze, Reißverschlusstasche</td>
</tr>
<tr>
<td align="LEFT" height="17">Charakter:</td>
<td align="LEFT">ohne</td>
</tr>
<tr>
<td align="LEFT" height="17">EAN:</td>
<td align="LEFT">8445110099278</td>
</tr>
<tr>
<td align="LEFT" height="17">couleur :</td>
<td align="LEFT">Rouge</td>
</tr>
<tr>
<td align="LEFT" height="17">Futtermaterial:</td>
<td align="LEFT">Polyester</td>
</tr>
<tr>
<td align="LEFT" height="17">Gewebeart:</td>
<td align="LEFT">Softshell</td>
</tr>
<tr>
<td align="LEFT" height="17">taille :</td>
<td align="LEFT">S</td>
</tr>
<tr>
<td align="LEFT" height="17">Größenkategorie:</td>
<td align="LEFT">Normalgröße</td>
</tr>
<tr>
<td align="LEFT" height="17">Isoliermaterial:</td>
<td align="LEFT">Polyester</td>
</tr>
<tr>
<td align="LEFT" height="17">Jacken-/Mantellänge:</td>
<td align="LEFT">Halblang</td>
</tr>
<tr>
<td align="LEFT" height="17">Jahreszeit:</td>
<td align="LEFT">Frühling, Herbst, Winter</td>
</tr>
<tr>
<td align="LEFT" height="17">Marke:</td>
<td align="LEFT">Desigual</td>
</tr>
<tr>
<td align="LEFT" height="17">Modell:</td>
<td align="LEFT">Lena</td>
</tr>
<tr>
<td align="LEFT" height="17">échantillon :</td>
<td align="LEFT">Ohne Muster</td>
</tr>
<tr>
<td align="LEFT" height="17">Produktart:</td>
<td align="LEFT">Jacke</td>
</tr>
<tr>
<td align="LEFT" height="17">Stil:</td>
<td align="LEFT">Anorak</td>
</tr>
<tr>
<td align="LEFT" height="17">Thema:</td>
<td align="LEFT">Outdoor</td>
</tr>
<tr>
<td align="LEFT" height="17">Verschluss:</td>
<td align="LEFT">Fermeture à glissière</td>
</tr>
<tr>
<td align="LEFT" height="17">Vintage:</td>
<td align="LEFT">Nein</td>
</tr>
</tbody>
</table>
