{"id":78468,"date":"2023-12-13T21:20:11","date_gmt":"2023-12-13T20:20:11","guid":{"rendered":"https:\/\/www.soanam.de\/?post_type=product&#038;p=78468"},"modified":"2023-12-13T21:22:05","modified_gmt":"2023-12-13T20:22:05","slug":"vero-moda-top-spaghetti-vmmaxi-en-noir-taille-s","status":"publish","type":"product","link":"https:\/\/www.soanam.de\/fr\/produkt\/vero-moda-spaghettitop-vmmaxi-in-schwarz-groesse-s\/","title":{"rendered":"Vero Moda d\u00e9bardeur spaghetti VMMAXI, en noir, taille S"},"content":{"rendered":"<p>Top basique \u00e0 bretelles spaghetti de VERO MODA<br \/>\nForme moulante avec un d\u00e9collet\u00e9 plongeant<br \/>\nEn coton stretch doux<\/p>\n<p>Le top classique met en valeur ton d\u00e9collet\u00e9 gr\u00e2ce \u00e0 sa belle encolure en V, tandis que les fines bretelles spaghetti compl\u00e8tent avec style ce top qui souligne la silhouette.<br \/>\nLa qualit\u00e9 douce et \u00e9lastique du coton est super agr\u00e9able sur la peau et offre un confort de port top.<\/p>\n<p>Mati\u00e8re : 95% coton , 5% \u00e9lasthanne<br \/>\nConseils d'entretien : Lavage en machine<\/p>\n<p>couleur : black<br \/>\n\u00c9chantillon : sans<br \/>\nTaille : S<\/p>\n<p>Largeur des \u00e9paules : non applicable<br \/>\nTour de poitrine : 69cm<br \/>\nLongueur des manches : non applicable<br \/>\nlongueur totale : 61cm<\/p>","protected":false},"excerpt":{"rendered":"<table class=\"dv_characteristicsTable\">\n<tbody>\n<tr>\n<td class=\"left\">Taille<\/td>\n<td>S<\/td>\n<\/tr>\n<tr>\n<td class=\"left\">Gr\u00f6\u00dfentyp<\/td>\n<td>Normalgr\u00f6\u00dfen<\/td>\n<\/tr>\n<tr>\n<td class=\"left\">Composition du mat\u00e9riau<\/td>\n<td>Obermaterial: 95% Baumwolle\u00a0, 5% Elasthan<\/td>\n<\/tr>\n<tr>\n<td class=\"left\">Materialart<\/td>\n<td>Single Jersey<\/td>\n<\/tr>\n<tr>\n<td class=\"left\">Materialeigenschaften<\/td>\n<td>elastisch<\/td>\n<\/tr>\n<tr>\n<td class=\"left\">Conseils d'entretien<\/td>\n<td>Lavage en machine<\/td>\n<\/tr>\n<tr>\n<td class=\"left\">Optik<\/td>\n<td>unifarben<\/td>\n<\/tr>\n<tr>\n<td class=\"left\">Stil<\/td>\n<td>feminin<\/td>\n<\/tr>\n<tr>\n<td class=\"left\">Herstellerfarbbezeichnung<\/td>\n<td>black<\/td>\n<\/tr>\n<tr>\n<td class=\"left\">Couleur<\/td>\n<td>schwarz<\/td>\n<\/tr>\n<tr>\n<td class=\"left\">Ausschnitt<\/td>\n<td>tiefer V-Ausschnitt<\/td>\n<\/tr>\n<tr>\n<td class=\"left\">Porteur<\/td>\n<td>Spaghettitr\u00e4ger<\/td>\n<\/tr>\n<tr>\n<td class=\"left\">Coupe<\/td>\n<td>figurbetont<\/td>\n<\/tr>\n<tr>\n<td class=\"left\">Besondere Merkmale<\/td>\n<td>mit Stretch<\/td>\n<\/tr>\n<\/tbody>\n<\/table>","protected":false},"featured_media":78568,"comment_status":"open","ping_status":"closed","template":"","meta":{"_seopress_robots_primary_cat":"","_seopress_titles_title":"","_seopress_titles_desc":"","_seopress_robots_index":""},"product_brand":[],"product_cat":[1348,1458,1459],"product_tag":[],"class_list":{"0":"post-78468","1":"product","2":"type-product","3":"status-publish","4":"has-post-thumbnail","6":"product_cat-damen-mode","7":"product_cat-shirts-damen-mode","8":"product_cat-tops-shirts-damen-mode","9":"product_shipping_class-standard-versand","11":"first","12":"instock","13":"sale","14":"taxable","15":"shipping-taxable","16":"purchasable","17":"product-type-simple"},"_links":{"self":[{"href":"https:\/\/www.soanam.de\/fr\/wp-json\/wp\/v2\/product\/78468","targetHints":{"allow":["GET"]}}],"collection":[{"href":"https:\/\/www.soanam.de\/fr\/wp-json\/wp\/v2\/product"}],"about":[{"href":"https:\/\/www.soanam.de\/fr\/wp-json\/wp\/v2\/types\/product"}],"replies":[{"embeddable":true,"href":"https:\/\/www.soanam.de\/fr\/wp-json\/wp\/v2\/comments?post=78468"}],"wp:featuredmedia":[{"embeddable":true,"href":"https:\/\/www.soanam.de\/fr\/wp-json\/wp\/v2\/media\/78568"}],"wp:attachment":[{"href":"https:\/\/www.soanam.de\/fr\/wp-json\/wp\/v2\/media?parent=78468"}],"wp:term":[{"taxonomy":"product_brand","embeddable":true,"href":"https:\/\/www.soanam.de\/fr\/wp-json\/wp\/v2\/product_brand?post=78468"},{"taxonomy":"product_cat","embeddable":true,"href":"https:\/\/www.soanam.de\/fr\/wp-json\/wp\/v2\/product_cat?post=78468"},{"taxonomy":"product_tag","embeddable":true,"href":"https:\/\/www.soanam.de\/fr\/wp-json\/wp\/v2\/product_tag?post=78468"}],"curies":[{"name":"wp","href":"https:\/\/api.w.org\/{rel}","templated":true}]}}

Vero Moda débardeur spaghetti VMMAXI, en noir, taille S

<p>Top basique à bretelles spaghetti de VERO MODA<br />
Forme moulante avec un décolleté plongeant<br />
En coton stretch doux</p>
<p>Le top classique met en valeur ton décolleté grâce à sa belle encolure en V, tandis que les fines bretelles spaghetti complètent avec style ce top qui souligne la silhouette.<br />
La qualité douce et élastique du coton est super agréable sur la peau et offre un confort de port top.</p>
<p>Matière : 95% coton , 5% élasthanne<br />
Conseils d'entretien : Lavage en machine</p>
<p>couleur : black<br />
Échantillon : sans<br />
Taille : S</p>
<p>Largeur des épaules : non applicable<br />
Tour de poitrine : 69cm<br />
Longueur des manches : non applicable<br />
longueur totale : 61cm</p>

<table class="dv_characteristicsTable">
<tbody>
<tr>
<td class="left">Taille</td>
<td>S</td>
</tr>
<tr>
<td class="left">Größentyp</td>
<td>Normalgrößen</td>
</tr>
<tr>
<td class="left">Composition du matériau</td>
<td>Obermaterial: 95% Baumwolle , 5% Elasthan</td>
</tr>
<tr>
<td class="left">Materialart</td>
<td>Single Jersey</td>
</tr>
<tr>
<td class="left">Materialeigenschaften</td>
<td>elastisch</td>
</tr>
<tr>
<td class="left">Conseils d'entretien</td>
<td>Lavage en machine</td>
</tr>
<tr>
<td class="left">Optik</td>
<td>unifarben</td>
</tr>
<tr>
<td class="left">Stil</td>
<td>feminin</td>
</tr>
<tr>
<td class="left">Herstellerfarbbezeichnung</td>
<td>black</td>
</tr>
<tr>
<td class="left">Couleur</td>
<td>schwarz</td>
</tr>
<tr>
<td class="left">Ausschnitt</td>
<td>tiefer V-Ausschnitt</td>
</tr>
<tr>
<td class="left">Porteur</td>
<td>Spaghettiträger</td>
</tr>
<tr>
<td class="left">Coupe</td>
<td>figurbetont</td>
</tr>
<tr>
<td class="left">Besondere Merkmale</td>
<td>mit Stretch</td>
</tr>
</tbody>
</table>
