{"id":78083,"date":"2023-12-13T21:06:57","date_gmt":"2023-12-13T20:06:57","guid":{"rendered":"https:\/\/www.soanam.de\/?post_type=product&#038;p=78083"},"modified":"2023-12-13T21:13:44","modified_gmt":"2023-12-13T20:13:44","slug":"gilet-matelasse-leger-court-avec-poches-rembourrage-en-duvet-couleur-kitt-gr-44","status":"publish","type":"product","link":"https:\/\/www.soanam.de\/fr\/produkt\/leichte-steppweste-kurz-mit-taschen-daunenfuellung-in-der-farbe-kitt-gr-44\/","title":{"rendered":"Gilet matelass\u00e9 l\u00e9ger, court, avec poches, remplissage de duvet, couleur Kitt, taille 44"},"content":{"rendered":"<h3>Description<\/h3>\n<p>Un v\u00eatement favori qui vous accompagnera dans de nombreux voyages et activit\u00e9s de loisirs. En effet, ce ne sont pas seulement ses propri\u00e9t\u00e9s fonctionnelles qui rendent le gilet matelass\u00e9 si convoit\u00e9, mais aussi son infinie polyvalence - que ce soit pour le sport, la randonn\u00e9e ou pour une vir\u00e9e en ville. Rapidement enfil\u00e9 sur un t-shirt, il conf\u00e8re \u00e0 votre tenue un aspect \u00e0 la fois sportif et tendance. Le rembourrage doux en duvet et plumes assure une chaleur agr\u00e9able et douillette. Le gilet a une forme courte et d\u00e9contract\u00e9e avec un col montant, des poches appliqu\u00e9es \u00e0 rabat et une fermeture \u00e9clair \u00e0 double sens avec un puller M. La doublure assortie et la cha\u00eene Madeleine compl\u00e8tent le mod\u00e8le.<\/p>\n<p><strong>Dimensions du produit<\/strong><\/p>\n<p>Longueur d'environ 54 cm, au-dessus des hanches.<\/p>\n<p><strong>Mat\u00e9riau<br \/>\n<\/strong><br \/>\nDessus : 100% polyamide.<br \/>\nGarnissage : 90% duvet, 10% plumes.<br \/>\nDoublure : 55% polyester, 45% viscose.<\/p>\n<p><strong>Soins<br \/>\n<\/strong><br \/>\nLavable<\/p>","protected":false},"excerpt":{"rendered":"<h3>Caract\u00e9ristiques de l'article<\/h3>\n<p>\u00c9tat de l'article : Nouveau avec \u00e9tiquette : article neuf, non utilis\u00e9 et non port\u00e9 dans son emballage d'origine<\/p>\n<table border=\"0\" frame=\"VOID\" rules=\"NONE\" cellspacing=\"0\">\n<colgroup>\n<col width=\"116\" \/>\n<col width=\"152\" \/><\/colgroup>\n<tbody>\n<tr>\n<td align=\"LEFT\" width=\"116\" height=\"19\">Abteilung:<\/td>\n<td align=\"LEFT\" width=\"152\">Damen<\/td>\n<\/tr>\n<tr>\n<td align=\"LEFT\" height=\"19\">Akzente:<\/td>\n<td align=\"LEFT\">Gesteppt<\/td>\n<\/tr>\n<tr>\n<td align=\"LEFT\" height=\"19\">Anlass:<\/td>\n<td align=\"LEFT\">Freizeit<\/td>\n<\/tr>\n<tr>\n<td align=\"LEFT\" height=\"19\">Au\u00dfenmaterial:<\/td>\n<td align=\"LEFT\">Polyamide<\/td>\n<\/tr>\n<tr>\n<td align=\"LEFT\" height=\"19\">Particularit\u00e9s :<\/td>\n<td align=\"LEFT\">Sacs<\/td>\n<\/tr>\n<tr>\n<td align=\"LEFT\" height=\"19\">Charakter:<\/td>\n<td align=\"LEFT\">ohne<\/td>\n<\/tr>\n<tr>\n<td align=\"LEFT\" height=\"19\">EAN:<\/td>\n<td align=\"LEFT\">nichtzutreffend<\/td>\n<\/tr>\n<tr>\n<td align=\"LEFT\" height=\"19\">couleur :<\/td>\n<td align=\"LEFT\">Beige<\/td>\n<\/tr>\n<tr>\n<td align=\"LEFT\" height=\"19\">Futtermaterial:<\/td>\n<td align=\"LEFT\">Polyester<\/td>\n<\/tr>\n<tr>\n<td align=\"LEFT\" height=\"19\">Gewebeart:<\/td>\n<td align=\"LEFT\">Nylon<\/td>\n<\/tr>\n<tr>\n<td align=\"LEFT\" height=\"19\">taille :<\/td>\n<td align=\"LEFT\">44<\/td>\n<\/tr>\n<tr>\n<td align=\"LEFT\" height=\"19\">Gr\u00f6\u00dfenkategorie:<\/td>\n<td align=\"LEFT\">Normalgr\u00f6\u00dfe<\/td>\n<\/tr>\n<tr>\n<td align=\"LEFT\" height=\"19\">Isoliermaterial:<\/td>\n<td align=\"LEFT\">Duvet<\/td>\n<\/tr>\n<tr>\n<td align=\"LEFT\" height=\"19\">Jacken-\/Mantell\u00e4nge:<\/td>\n<td align=\"LEFT\">Kurz<\/td>\n<\/tr>\n<tr>\n<td align=\"LEFT\" height=\"19\">Jahreszeit:<\/td>\n<td align=\"LEFT\">Fr\u00fchling, Herbst, Winter<\/td>\n<\/tr>\n<tr>\n<td align=\"LEFT\" height=\"19\">Marke:<\/td>\n<td align=\"LEFT\">Sans marque<\/td>\n<\/tr>\n<tr>\n<td align=\"LEFT\" height=\"19\">Modell:<\/td>\n<td align=\"LEFT\">ohne Angabe<\/td>\n<\/tr>\n<tr>\n<td align=\"LEFT\" height=\"19\">\u00e9chantillon :<\/td>\n<td align=\"LEFT\">Ohne Muster<\/td>\n<\/tr>\n<tr>\n<td align=\"LEFT\" height=\"19\">Produktart:<\/td>\n<td align=\"LEFT\">Weste<\/td>\n<\/tr>\n<tr>\n<td align=\"LEFT\" height=\"19\">Stil:<\/td>\n<td align=\"LEFT\">Steppweste<\/td>\n<\/tr>\n<tr>\n<td align=\"LEFT\" height=\"19\">Thema:<\/td>\n<td align=\"LEFT\">Outdoor<\/td>\n<\/tr>\n<tr>\n<td align=\"LEFT\" height=\"19\">Verschluss:<\/td>\n<td align=\"LEFT\">Fermeture \u00e0 glissi\u00e8re<\/td>\n<\/tr>\n<tr>\n<td align=\"LEFT\" height=\"19\">Vintage:<\/td>\n<td align=\"LEFT\">Nein<\/td>\n<\/tr>\n<\/tbody>\n<\/table>","protected":false},"featured_media":78204,"comment_status":"open","ping_status":"closed","template":"","meta":{"_seopress_robots_primary_cat":"","_seopress_titles_title":"","_seopress_titles_desc":"","_seopress_robots_index":""},"product_brand":[],"product_cat":[1348,1354,1480],"product_tag":[],"class_list":{"0":"post-78083","1":"product","2":"type-product","3":"status-publish","4":"has-post-thumbnail","6":"product_cat-damen-mode","7":"product_cat-jacken-maentel","8":"product_cat-westen-jacken-maentel","9":"product_shipping_class-standard-versand","11":"first","12":"instock","13":"sale","14":"taxable","15":"shipping-taxable","16":"purchasable","17":"product-type-simple"},"_links":{"self":[{"href":"https:\/\/www.soanam.de\/fr\/wp-json\/wp\/v2\/product\/78083","targetHints":{"allow":["GET"]}}],"collection":[{"href":"https:\/\/www.soanam.de\/fr\/wp-json\/wp\/v2\/product"}],"about":[{"href":"https:\/\/www.soanam.de\/fr\/wp-json\/wp\/v2\/types\/product"}],"replies":[{"embeddable":true,"href":"https:\/\/www.soanam.de\/fr\/wp-json\/wp\/v2\/comments?post=78083"}],"wp:featuredmedia":[{"embeddable":true,"href":"https:\/\/www.soanam.de\/fr\/wp-json\/wp\/v2\/media\/78204"}],"wp:attachment":[{"href":"https:\/\/www.soanam.de\/fr\/wp-json\/wp\/v2\/media?parent=78083"}],"wp:term":[{"taxonomy":"product_brand","embeddable":true,"href":"https:\/\/www.soanam.de\/fr\/wp-json\/wp\/v2\/product_brand?post=78083"},{"taxonomy":"product_cat","embeddable":true,"href":"https:\/\/www.soanam.de\/fr\/wp-json\/wp\/v2\/product_cat?post=78083"},{"taxonomy":"product_tag","embeddable":true,"href":"https:\/\/www.soanam.de\/fr\/wp-json\/wp\/v2\/product_tag?post=78083"}],"curies":[{"name":"wp","href":"https:\/\/api.w.org\/{rel}","templated":true}]}}

Gilet matelassé léger, court, avec poches, remplissage de duvet, couleur Kitt, taille 44

<h3>Description</h3>
<p>Un vêtement favori qui vous accompagnera dans de nombreux voyages et activités de loisirs. En effet, ce ne sont pas seulement ses propriétés fonctionnelles qui rendent le gilet matelassé si convoité, mais aussi son infinie polyvalence - que ce soit pour le sport, la randonnée ou pour une virée en ville. Rapidement enfilé sur un t-shirt, il confère à votre tenue un aspect à la fois sportif et tendance. Le rembourrage doux en duvet et plumes assure une chaleur agréable et douillette. Le gilet a une forme courte et décontractée avec un col montant, des poches appliquées à rabat et une fermeture éclair à double sens avec un puller M. La doublure assortie et la chaîne Madeleine complètent le modèle.</p>
<p><strong>Dimensions du produit</strong></p>
<p>Longueur d'environ 54 cm, au-dessus des hanches.</p>
<p><strong>Matériau<br />
</strong><br />
Dessus : 100% polyamide.<br />
Garnissage : 90% duvet, 10% plumes.<br />
Doublure : 55% polyester, 45% viscose.</p>
<p><strong>Soins<br />
</strong><br />
Lavable</p>

<h3>Caractéristiques de l'article</h3>
<p>État de l'article : Nouveau avec étiquette : article neuf, non utilisé et non porté dans son emballage d'origine</p>
<table border="0" frame="VOID" rules="NONE" cellspacing="0">
<colgroup>
<col width="116" />
<col width="152" /></colgroup>
<tbody>
<tr>
<td align="LEFT" width="116" height="19">Abteilung:</td>
<td align="LEFT" width="152">Damen</td>
</tr>
<tr>
<td align="LEFT" height="19">Akzente:</td>
<td align="LEFT">Gesteppt</td>
</tr>
<tr>
<td align="LEFT" height="19">Anlass:</td>
<td align="LEFT">Freizeit</td>
</tr>
<tr>
<td align="LEFT" height="19">Außenmaterial:</td>
<td align="LEFT">Polyamide</td>
</tr>
<tr>
<td align="LEFT" height="19">Particularités :</td>
<td align="LEFT">Sacs</td>
</tr>
<tr>
<td align="LEFT" height="19">Charakter:</td>
<td align="LEFT">ohne</td>
</tr>
<tr>
<td align="LEFT" height="19">EAN:</td>
<td align="LEFT">nichtzutreffend</td>
</tr>
<tr>
<td align="LEFT" height="19">couleur :</td>
<td align="LEFT">Beige</td>
</tr>
<tr>
<td align="LEFT" height="19">Futtermaterial:</td>
<td align="LEFT">Polyester</td>
</tr>
<tr>
<td align="LEFT" height="19">Gewebeart:</td>
<td align="LEFT">Nylon</td>
</tr>
<tr>
<td align="LEFT" height="19">taille :</td>
<td align="LEFT">44</td>
</tr>
<tr>
<td align="LEFT" height="19">Größenkategorie:</td>
<td align="LEFT">Normalgröße</td>
</tr>
<tr>
<td align="LEFT" height="19">Isoliermaterial:</td>
<td align="LEFT">Duvet</td>
</tr>
<tr>
<td align="LEFT" height="19">Jacken-/Mantellänge:</td>
<td align="LEFT">Kurz</td>
</tr>
<tr>
<td align="LEFT" height="19">Jahreszeit:</td>
<td align="LEFT">Frühling, Herbst, Winter</td>
</tr>
<tr>
<td align="LEFT" height="19">Marke:</td>
<td align="LEFT">Sans marque</td>
</tr>
<tr>
<td align="LEFT" height="19">Modell:</td>
<td align="LEFT">ohne Angabe</td>
</tr>
<tr>
<td align="LEFT" height="19">échantillon :</td>
<td align="LEFT">Ohne Muster</td>
</tr>
<tr>
<td align="LEFT" height="19">Produktart:</td>
<td align="LEFT">Weste</td>
</tr>
<tr>
<td align="LEFT" height="19">Stil:</td>
<td align="LEFT">Steppweste</td>
</tr>
<tr>
<td align="LEFT" height="19">Thema:</td>
<td align="LEFT">Outdoor</td>
</tr>
<tr>
<td align="LEFT" height="19">Verschluss:</td>
<td align="LEFT">Fermeture à glissière</td>
</tr>
<tr>
<td align="LEFT" height="19">Vintage:</td>
<td align="LEFT">Nein</td>
</tr>
</tbody>
</table>
