{"id":78001,"date":"2023-12-13T21:04:41","date_gmt":"2023-12-13T20:04:41","guid":{"rendered":"https:\/\/www.soanam.de\/?post_type=product&#038;p=78001"},"modified":"2023-12-13T21:11:56","modified_gmt":"2023-12-13T20:11:56","slug":"a-plus-1-et-2-langue-etrangere-volume-1-mon-entraineur-de-vocabulaire-avec-solutions","status":"publish","type":"product","link":"https:\/\/www.soanam.de\/fr\/produkt\/a-plus-1-und-2-fremdsprache-band-1-mein-wortschatztrainer-mit-loesungen\/","title":{"rendered":"\u00c0 plus ! 1\u00e8re et 2\u00e8me langue \u00e9trang\u00e8re. Volume 1 - Mon entra\u00eeneur de vocabulaire Avec solutions"},"content":{"rendered":"<h3>Description du produit<\/h3>\n<p>Cahier d'exercices<br \/>\nAvec solutions en ligne<\/p>\n<p>Mon entra\u00eeneur de vocabulaire combine l'entra\u00eenement au vocabulaire et \u00e0 l'\u00e9criture : recommandation de la r\u00e9daction !<br \/>\nL'entra\u00eeneur de vocabulaire dans la version pour enseignants est inclus dans le gestionnaire de cours.<\/p>\n<p><strong>D\u00e9tails<\/strong><br \/>\nISBN\/GTIN : 978-3-06-122307-6<br \/>\nType de produit : Livre<br \/>\nType de couverture : Cartonn\u00e9, Broch\u00e9<br \/>\nMaison d'\u00e9dition : Cornelsen Verlag<br \/>\nAnn\u00e9e de publication : 2020<br \/>\nDate de parution : 02.10.2020<br \/>\nS\u00e9rie : \u00c0 plus ! Nouvelle version<br \/>\nPages : 72 pages<br \/>\nLangue : Allemand<br \/>\npoids : 233 g<br \/>\nGenre : Livre scolaire<\/p>","protected":false},"excerpt":{"rendered":"<h3>Caract\u00e9ristiques de l'article<\/h3>\n<p>Artikelzustand: Neu - Neues, ungelesenes, ungebrauchtes Buch in makellosem Zustand<\/p>\n<table dir=\"ltr\" border=\"1\" cellspacing=\"0\" cellpadding=\"0\">\n<colgroup>\n<col width=\"203\" \/>\n<col width=\"1178\" \/><\/colgroup>\n<tbody>\n<tr>\n<td data-sheets-value=\"{&quot;1&quot;:2,&quot;2&quot;:&quot;Anzahl der Seiten:&quot;}\">Anzahl der Seiten:<\/td>\n<td data-sheets-value=\"{&quot;1&quot;:2,&quot;2&quot;:&quot;72 Seiten&quot;}\">72 Seiten<\/td>\n<\/tr>\n<tr>\n<td data-sheets-value=\"{&quot;1&quot;:2,&quot;2&quot;:&quot;Autor:&quot;}\">Autor:<\/td>\n<td data-sheets-value=\"{&quot;1&quot;:2,&quot;2&quot;:&quot;Fidisoa Raliarivony-Freytag&quot;}\">Fidisoa Raliarivony-Freytag<\/td>\n<\/tr>\n<tr>\n<td data-sheets-value=\"{&quot;1&quot;:2,&quot;2&quot;:&quot;Bildungsweg:&quot;}\">Bildungsweg:<\/td>\n<td data-sheets-value=\"{&quot;1&quot;:2,&quot;2&quot;:&quot;Orientierungsstufe Bzw. Klasse 5\/6 an Grundschulen in Berlin und Brandenburg, Gesamtschule, Sekundarschule (Alle Kombinierten Haupt- und Realschularten), Gymnasium&quot;}\">Orientierungsstufe Bzw. Klasse 5\/6 an Grundschulen in Berlin und Brandenburg, Gesamtschule, Sekundarschule (Alle Kombinierten Haupt- und Realschularten), Gymnasium<\/td>\n<\/tr>\n<tr>\n<td data-sheets-value=\"{&quot;1&quot;:2,&quot;2&quot;:&quot;Bundesland:&quot;}\">Bundesland:<\/td>\n<td data-sheets-value=\"{&quot;1&quot;:2,&quot;2&quot;:&quot;Baden-W\u00fcrttemberg, Bayern, Berlin, Brandenburg, Bremen, Hamburg, Hessen, Mecklenburg-Vorpommern, Niedersachsen, Nordrhein-Westfalen, Sachsen-Anhalt, Sachsen, Saarland, Schleswig-Holstein, Rheinland-Pfalz, Th\u00fcringen&quot;}\">\n<div>\n<div>Baden-W\u00fcrttemberg, Bayern, Berlin, Brandenburg, Bremen, Hamburg, Hessen, Mecklenburg-Vorpommern, Niedersachsen, Nordrhein-Westfalen, Sachsen-Anhalt, Sachsen, Saarland, Schleswig-Holstein, Rheinland-Pfalz, Th\u00fcringen<\/div>\n<\/div>\n<\/td>\n<\/tr>\n<tr>\n<td data-sheets-value=\"{&quot;1&quot;:2,&quot;2&quot;:&quot;Erscheinungsjahr:&quot;}\">Erscheinungsjahr:<\/td>\n<td data-sheets-value=\"{&quot;1&quot;:3,&quot;3&quot;:2020}\">2020<\/td>\n<\/tr>\n<tr>\n<td data-sheets-value=\"{&quot;1&quot;:2,&quot;2&quot;:&quot;Fach:&quot;}\">Fach:<\/td>\n<td data-sheets-value=\"{&quot;1&quot;:2,&quot;2&quot;:&quot;Franz\u00f6sisch&quot;}\">Franz\u00f6sisch<\/td>\n<\/tr>\n<tr>\n<td data-sheets-value=\"{&quot;1&quot;:2,&quot;2&quot;:&quot;Fachbereich:&quot;}\">Fachbereich:<\/td>\n<td data-sheets-value=\"{&quot;1&quot;:2,&quot;2&quot;:&quot;Sprachenlernen&quot;}\">Sprachenlernen<\/td>\n<\/tr>\n<tr>\n<td data-sheets-value=\"{&quot;1&quot;:2,&quot;2&quot;:&quot;Format:&quot;}\">Format:<\/td>\n<td data-sheets-value=\"{&quot;1&quot;:2,&quot;2&quot;:&quot;Taschenbuch&quot;}\">Taschenbuch<\/td>\n<\/tr>\n<tr>\n<td data-sheets-value=\"{&quot;1&quot;:2,&quot;2&quot;:&quot;ISBN:&quot;}\">ISBN:<\/td>\n<td data-sheets-value=\"{&quot;1&quot;:3,&quot;3&quot;:9783061223076}\">9783061223076<\/td>\n<\/tr>\n<tr>\n<td data-sheets-value=\"{&quot;1&quot;:2,&quot;2&quot;:&quot;Niveau:&quot;}\">Niveau:<\/td>\n<td data-sheets-value=\"{&quot;1&quot;:2,&quot;2&quot;:&quot;Anf\u00e4nger&quot;}\">Anf\u00e4nger<\/td>\n<\/tr>\n<tr>\n<td data-sheets-value=\"{&quot;1&quot;:2,&quot;2&quot;:&quot;Produktart:&quot;}\">Produktart:<\/td>\n<td data-sheets-value=\"{&quot;1&quot;:2,&quot;2&quot;:&quot;Arbeitsheft&quot;}\">Cahier d'exercices<\/td>\n<\/tr>\n<tr>\n<td data-sheets-value=\"{&quot;1&quot;:2,&quot;2&quot;:&quot;Publikationsname:&quot;}\">Publikationsname:<\/td>\n<td data-sheets-value=\"{&quot;1&quot;:2,&quot;2&quot;:&quot;\u00c0 Plus ! 1. und 2. Fremdsprache. Band 1-Mein Wortschatztrainer&quot;}\">\u00c0 Plus ! 1. und 2. Fremdsprache. Band 1-Mein Wortschatztrainer<\/td>\n<\/tr>\n<tr>\n<td data-sheets-value=\"{&quot;1&quot;:2,&quot;2&quot;:&quot;Reihe:&quot;}\">Reihe:<\/td>\n<td data-sheets-value=\"{&quot;1&quot;:2,&quot;2&quot;:&quot;\u00c0 plus !&quot;}\">\u00c0 plus !<\/td>\n<\/tr>\n<tr>\n<td data-sheets-value=\"{&quot;1&quot;:2,&quot;2&quot;:&quot;Sprache:&quot;}\">Sprache:<\/td>\n<td data-sheets-value=\"{&quot;1&quot;:2,&quot;2&quot;:&quot;Deutsch, Franz\u00f6sisch&quot;}\">Deutsch, Franz\u00f6sisch<\/td>\n<\/tr>\n<tr>\n<td data-sheets-value=\"{&quot;1&quot;:2,&quot;2&quot;:&quot;Verlag:&quot;}\">Verlag:<\/td>\n<td data-sheets-value=\"{&quot;1&quot;:2,&quot;2&quot;:&quot;Cornelsen Verlag Gmbh, Cornelsen Verlag&quot;}\">Cornelsen Verlag Gmbh, Cornelsen Verlag<\/td>\n<\/tr>\n<\/tbody>\n<\/table>","protected":false},"featured_media":78131,"comment_status":"open","ping_status":"closed","template":"","meta":{"_seopress_robots_primary_cat":"","_seopress_titles_title":"","_seopress_titles_desc":"","_seopress_robots_index":""},"product_brand":[],"product_cat":[1429,1430],"product_tag":[],"class_list":{"0":"post-78001","1":"product","2":"type-product","3":"status-publish","4":"has-post-thumbnail","6":"product_cat-jugend","7":"product_cat-lehrbuecher","8":"product_shipping_class-standard-versand","10":"first","11":"instock","12":"taxable","13":"shipping-taxable","14":"purchasable","15":"product-type-simple"},"_links":{"self":[{"href":"https:\/\/www.soanam.de\/fr\/wp-json\/wp\/v2\/product\/78001","targetHints":{"allow":["GET"]}}],"collection":[{"href":"https:\/\/www.soanam.de\/fr\/wp-json\/wp\/v2\/product"}],"about":[{"href":"https:\/\/www.soanam.de\/fr\/wp-json\/wp\/v2\/types\/product"}],"replies":[{"embeddable":true,"href":"https:\/\/www.soanam.de\/fr\/wp-json\/wp\/v2\/comments?post=78001"}],"wp:featuredmedia":[{"embeddable":true,"href":"https:\/\/www.soanam.de\/fr\/wp-json\/wp\/v2\/media\/78131"}],"wp:attachment":[{"href":"https:\/\/www.soanam.de\/fr\/wp-json\/wp\/v2\/media?parent=78001"}],"wp:term":[{"taxonomy":"product_brand","embeddable":true,"href":"https:\/\/www.soanam.de\/fr\/wp-json\/wp\/v2\/product_brand?post=78001"},{"taxonomy":"product_cat","embeddable":true,"href":"https:\/\/www.soanam.de\/fr\/wp-json\/wp\/v2\/product_cat?post=78001"},{"taxonomy":"product_tag","embeddable":true,"href":"https:\/\/www.soanam.de\/fr\/wp-json\/wp\/v2\/product_tag?post=78001"}],"curies":[{"name":"wp","href":"https:\/\/api.w.org\/{rel}","templated":true}]}}

À plus ! 1ère et 2ème langue étrangère. Volume 1 - Mon entraîneur de vocabulaire Avec solutions

<h3>Description du produit</h3>
<p>Cahier d'exercices<br />
Avec solutions en ligne</p>
<p>Mon entraîneur de vocabulaire combine l'entraînement au vocabulaire et à l'écriture : recommandation de la rédaction !<br />
L'entraîneur de vocabulaire dans la version pour enseignants est inclus dans le gestionnaire de cours.</p>
<p><strong>Détails</strong><br />
ISBN/GTIN : 978-3-06-122307-6<br />
Type de produit : Livre<br />
Type de couverture : Cartonné, Broché<br />
Maison d'édition : Cornelsen Verlag<br />
Année de publication : 2020<br />
Date de parution : 02.10.2020<br />
Série : À plus ! Nouvelle version<br />
Pages : 72 pages<br />
Langue : Allemand<br />
poids : 233 g<br />
Genre : Livre scolaire</p>

<h3>Caractéristiques de l'article</h3>
<p>Artikelzustand: Neu - Neues, ungelesenes, ungebrauchtes Buch in makellosem Zustand</p>
<table dir="ltr" border="1" cellspacing="0" cellpadding="0">
<colgroup>
<col width="203" />
<col width="1178" /></colgroup>
<tbody>
<tr>
<td data-sheets-value="{&quot;1&quot;:2,&quot;2&quot;:&quot;Anzahl der Seiten:&quot;}">Anzahl der Seiten:</td>
<td data-sheets-value="{&quot;1&quot;:2,&quot;2&quot;:&quot;72 Seiten&quot;}">72 Seiten</td>
</tr>
<tr>
<td data-sheets-value="{&quot;1&quot;:2,&quot;2&quot;:&quot;Autor:&quot;}">Autor:</td>
<td data-sheets-value="{&quot;1&quot;:2,&quot;2&quot;:&quot;Fidisoa Raliarivony-Freytag&quot;}">Fidisoa Raliarivony-Freytag</td>
</tr>
<tr>
<td data-sheets-value="{&quot;1&quot;:2,&quot;2&quot;:&quot;Bildungsweg:&quot;}">Bildungsweg:</td>
<td data-sheets-value="{&quot;1&quot;:2,&quot;2&quot;:&quot;Orientierungsstufe Bzw. Klasse 5/6 an Grundschulen in Berlin und Brandenburg, Gesamtschule, Sekundarschule (Alle Kombinierten Haupt- und Realschularten), Gymnasium&quot;}">Orientierungsstufe Bzw. Klasse 5/6 an Grundschulen in Berlin und Brandenburg, Gesamtschule, Sekundarschule (Alle Kombinierten Haupt- und Realschularten), Gymnasium</td>
</tr>
<tr>
<td data-sheets-value="{&quot;1&quot;:2,&quot;2&quot;:&quot;Bundesland:&quot;}">Bundesland:</td>
<td data-sheets-value="{&quot;1&quot;:2,&quot;2&quot;:&quot;Baden-Württemberg, Bayern, Berlin, Brandenburg, Bremen, Hamburg, Hessen, Mecklenburg-Vorpommern, Niedersachsen, Nordrhein-Westfalen, Sachsen-Anhalt, Sachsen, Saarland, Schleswig-Holstein, Rheinland-Pfalz, Thüringen&quot;}">
<div>
<div>Baden-Württemberg, Bayern, Berlin, Brandenburg, Bremen, Hamburg, Hessen, Mecklenburg-Vorpommern, Niedersachsen, Nordrhein-Westfalen, Sachsen-Anhalt, Sachsen, Saarland, Schleswig-Holstein, Rheinland-Pfalz, Thüringen</div>
</div>
</td>
</tr>
<tr>
<td data-sheets-value="{&quot;1&quot;:2,&quot;2&quot;:&quot;Erscheinungsjahr:&quot;}">Erscheinungsjahr:</td>
<td data-sheets-value="{&quot;1&quot;:3,&quot;3&quot;:2020}">2020</td>
</tr>
<tr>
<td data-sheets-value="{&quot;1&quot;:2,&quot;2&quot;:&quot;Fach:&quot;}">Fach:</td>
<td data-sheets-value="{&quot;1&quot;:2,&quot;2&quot;:&quot;Französisch&quot;}">Französisch</td>
</tr>
<tr>
<td data-sheets-value="{&quot;1&quot;:2,&quot;2&quot;:&quot;Fachbereich:&quot;}">Fachbereich:</td>
<td data-sheets-value="{&quot;1&quot;:2,&quot;2&quot;:&quot;Sprachenlernen&quot;}">Sprachenlernen</td>
</tr>
<tr>
<td data-sheets-value="{&quot;1&quot;:2,&quot;2&quot;:&quot;Format:&quot;}">Format:</td>
<td data-sheets-value="{&quot;1&quot;:2,&quot;2&quot;:&quot;Taschenbuch&quot;}">Taschenbuch</td>
</tr>
<tr>
<td data-sheets-value="{&quot;1&quot;:2,&quot;2&quot;:&quot;ISBN:&quot;}">ISBN:</td>
<td data-sheets-value="{&quot;1&quot;:3,&quot;3&quot;:9783061223076}">9783061223076</td>
</tr>
<tr>
<td data-sheets-value="{&quot;1&quot;:2,&quot;2&quot;:&quot;Niveau:&quot;}">Niveau:</td>
<td data-sheets-value="{&quot;1&quot;:2,&quot;2&quot;:&quot;Anfänger&quot;}">Anfänger</td>
</tr>
<tr>
<td data-sheets-value="{&quot;1&quot;:2,&quot;2&quot;:&quot;Produktart:&quot;}">Produktart:</td>
<td data-sheets-value="{&quot;1&quot;:2,&quot;2&quot;:&quot;Arbeitsheft&quot;}">Cahier d'exercices</td>
</tr>
<tr>
<td data-sheets-value="{&quot;1&quot;:2,&quot;2&quot;:&quot;Publikationsname:&quot;}">Publikationsname:</td>
<td data-sheets-value="{&quot;1&quot;:2,&quot;2&quot;:&quot;À Plus ! 1. und 2. Fremdsprache. Band 1-Mein Wortschatztrainer&quot;}">À Plus ! 1. und 2. Fremdsprache. Band 1-Mein Wortschatztrainer</td>
</tr>
<tr>
<td data-sheets-value="{&quot;1&quot;:2,&quot;2&quot;:&quot;Reihe:&quot;}">Reihe:</td>
<td data-sheets-value="{&quot;1&quot;:2,&quot;2&quot;:&quot;À plus !&quot;}">À plus !</td>
</tr>
<tr>
<td data-sheets-value="{&quot;1&quot;:2,&quot;2&quot;:&quot;Sprache:&quot;}">Sprache:</td>
<td data-sheets-value="{&quot;1&quot;:2,&quot;2&quot;:&quot;Deutsch, Französisch&quot;}">Deutsch, Französisch</td>
</tr>
<tr>
<td data-sheets-value="{&quot;1&quot;:2,&quot;2&quot;:&quot;Verlag:&quot;}">Verlag:</td>
<td data-sheets-value="{&quot;1&quot;:2,&quot;2&quot;:&quot;Cornelsen Verlag Gmbh, Cornelsen Verlag&quot;}">Cornelsen Verlag Gmbh, Cornelsen Verlag</td>
</tr>
</tbody>
</table>
