{"id":77929,"date":"2023-12-13T21:03:23","date_gmt":"2023-12-13T20:03:23","guid":{"rendered":"https:\/\/www.soanam.de\/?post_type=product&#038;p=77929"},"modified":"2023-12-13T21:05:44","modified_gmt":"2023-12-13T20:05:44","slug":"vero-moda-jeans-vmmanya-en-noir-taille-48","status":"publish","type":"product","link":"https:\/\/www.soanam.de\/fr\/produkt\/vero-moda-jeans-vmmanya-in-schwarz-groesse-48\/","title":{"rendered":"Jeans Vero Moda VMMANYA, en noir, taille 48"},"content":{"rendered":"<p>Jeans slim fit de Vero Moda<br \/>\nRegular Fit pour les femmes aux formes g\u00e9n\u00e9reuses<br \/>\nJambe \u00e9troite et serr\u00e9e<br \/>\nStyle 5 poches<br \/>\nAvec de l'\u00e9lasthanne pour un ajustement confortable<\/p>\n<p>VERO MODA Curve est une collection de tailles \u00e9largies pour les personnes aux formes g\u00e9n\u00e9reuses.<br \/>\nJeans slim avec coupe r\u00e9guli\u00e8re et cinq poches.<br \/>\nCes jeans sont fabriqu\u00e9s dans un m\u00e9lange de coton doux.<\/p>\n<p>Composition : 38% polyester, 36% coton, 23% viscose, 3% \u00e9lasthanne<br \/>\nConseils d'entretien : Lavage en machine<\/p>\n<p>couleur : noir<br \/>\nTaille : EUR 48<\/p>\n<p>Tour de taille : 95cm<br \/>\nTour de hanches : 114cm<br \/>\nLongueur d'entrejambe:80cm<br \/>\nlongueur totale : 106cm<\/p>","protected":false},"excerpt":{"rendered":"<p>Marke : Vero Moda<\/p>\n<p>Farbe : Schwarz<\/p>\n<p>Taille : EUR 48<\/p>\n<p>Geschlecht : Frau<\/p>\n<p>Altersgruppe : Erwachsene<\/p>\n<p>Sortiment : NOOS<\/p>","protected":false},"featured_media":78048,"comment_status":"open","ping_status":"closed","template":"","meta":{"_seopress_robots_primary_cat":"","_seopress_titles_title":"","_seopress_titles_desc":"","_seopress_robots_index":""},"product_brand":[],"product_cat":[1348,1349,1350],"product_tag":[],"class_list":{"0":"post-77929","1":"product","2":"type-product","3":"status-publish","4":"has-post-thumbnail","6":"product_cat-damen-mode","7":"product_cat-hosen-damen-mode","8":"product_cat-jeans-hosen-damen-mode","9":"product_shipping_class-standard-versand","11":"first","12":"instock","13":"taxable","14":"shipping-taxable","15":"purchasable","16":"product-type-simple"},"_links":{"self":[{"href":"https:\/\/www.soanam.de\/fr\/wp-json\/wp\/v2\/product\/77929","targetHints":{"allow":["GET"]}}],"collection":[{"href":"https:\/\/www.soanam.de\/fr\/wp-json\/wp\/v2\/product"}],"about":[{"href":"https:\/\/www.soanam.de\/fr\/wp-json\/wp\/v2\/types\/product"}],"replies":[{"embeddable":true,"href":"https:\/\/www.soanam.de\/fr\/wp-json\/wp\/v2\/comments?post=77929"}],"wp:featuredmedia":[{"embeddable":true,"href":"https:\/\/www.soanam.de\/fr\/wp-json\/wp\/v2\/media\/78048"}],"wp:attachment":[{"href":"https:\/\/www.soanam.de\/fr\/wp-json\/wp\/v2\/media?parent=77929"}],"wp:term":[{"taxonomy":"product_brand","embeddable":true,"href":"https:\/\/www.soanam.de\/fr\/wp-json\/wp\/v2\/product_brand?post=77929"},{"taxonomy":"product_cat","embeddable":true,"href":"https:\/\/www.soanam.de\/fr\/wp-json\/wp\/v2\/product_cat?post=77929"},{"taxonomy":"product_tag","embeddable":true,"href":"https:\/\/www.soanam.de\/fr\/wp-json\/wp\/v2\/product_tag?post=77929"}],"curies":[{"name":"wp","href":"https:\/\/api.w.org\/{rel}","templated":true}]}}

<p>Jeans slim fit de Vero Moda<br />
Regular Fit pour les femmes aux formes généreuses<br />
Jambe étroite et serrée<br />
Style 5 poches<br />
Avec de l'élasthanne pour un ajustement confortable</p>
<p>VERO MODA Curve est une collection de tailles élargies pour les personnes aux formes généreuses.<br />
Jeans slim avec coupe régulière et cinq poches.<br />
Ces jeans sont fabriqués dans un mélange de coton doux.</p>
<p>Composition : 38% polyester, 36% coton, 23% viscose, 3% élasthanne<br />
Conseils d'entretien : Lavage en machine</p>
<p>couleur : noir<br />
Taille : EUR 48</p>
<p>Tour de taille : 95cm<br />
Tour de hanches : 114cm<br />
Longueur d'entrejambe:80cm<br />
longueur totale : 106cm</p>
