{"id":77735,"date":"2023-12-13T20:59:32","date_gmt":"2023-12-13T19:59:32","guid":{"rendered":"https:\/\/www.soanam.de\/?post_type=product&#038;p=77735"},"modified":"2023-12-13T21:02:05","modified_gmt":"2023-12-13T20:02:05","slug":"sarah-bosse-flos-tierpension-ein-kaetzchen-kommt-selten-allein-edition-reliee-allemand-2013","status":"publish","type":"product","link":"https:\/\/www.soanam.de\/fr\/produkt\/sarah-bosse-flos-tierpension-ein-kaetzchen-kommt-selten-allein-gebundene-ausgabe-deutsch-2013\/","title":{"rendered":"Sarah Bosse - La pension pour animaux de Flo \"Un chaton vient rarement seul\" Edition reli\u00e9e Fran\u00e7ais 2013"},"content":{"rendered":"<h3><strong>Description du produit<\/strong><\/h3>\n<p>Le refuge de Blumenstiege ne peut plus se passer de chatons. Chaque jour, de nouveaux chatons trouv\u00e9s sont d\u00e9pos\u00e9s et beaucoup d'entre eux doivent \u00eatre \u00e9lev\u00e9s au biberon. Flo et sa meilleure amie Hanna aident assid\u00fbment et ont finalement une id\u00e9e g\u00e9niale : elles peuvent certainement convaincre quelques voisins d'accueillir un petit tigre d'appartement ! Mais c'est plus facile \u00e0 dire qu'\u00e0 faire, car l'action demande beaucoup de temps et d'efforts - et beaucoup de courage ! Mais leur engagement sera r\u00e9compens\u00e9 et Flo et Hanna auront une surprise de taille. Et c'est un vrai tigre qui les attend !<\/p>\n<p><strong>D\u00e9tails du produit<\/strong><br \/>\n\u00c9diteur : Coppenrath Verlag<br \/>\nS\u00e9rie : La pension pour animaux de Flo, volume 4<br \/>\nAnn\u00e9e de publication : 2013<br \/>\nLangue : allemand<br \/>\nCouverture : Reli\u00e9<br \/>\nNombre de pages : 112 pages<br \/>\nISBN-10 : 3649611562<br \/>\nISBN-13 : 978-3649611561<br \/>\nIllustrations : avec des illustrations int\u00e9rieures en noir et blanc<br \/>\nAltersempfehlung : 8 - 10 Jahre<\/p>","protected":false},"excerpt":{"rendered":"<h3><strong>Caract\u00e9ristiques de l'article<\/strong><\/h3>\n<p>Artikelzustand: Neu - Neues, ungelesenes, ungebrauchtes Buch in makellosem Zustand<\/p>\n<table style=\"border-collapse: collapse;width: 432pt\" width=\"576\">\n<tbody>\n<tr style=\"height: 15.0pt\">\n<td class=\"xl65\" style=\"width: 193pt;height: 15.0pt\" width=\"257\" height=\"20\">Autor:<\/td>\n<td class=\"xl65\" style=\"width: 239pt\" width=\"319\">Sarah Bosse<\/td>\n<\/tr>\n<tr style=\"height: 15.0pt\">\n<td class=\"xl65\" style=\"height: 15.0pt\" height=\"20\">Particularit\u00e9s :<\/td>\n<td class=\"xl65\">Illustriert<\/td>\n<\/tr>\n<tr style=\"height: 15.0pt\">\n<td style=\"height: 15.0pt\" height=\"20\">Buchreihe:<\/td>\n<td>Flos Tierpension<\/td>\n<\/tr>\n<tr style=\"height: 15.0pt\">\n<td class=\"xl65\" style=\"height: 15.0pt\" height=\"20\">Buchtitel:<\/td>\n<td class=\"xl65\">Ein K\u00e4tzchen kommt selten allein<\/td>\n<\/tr>\n<tr style=\"height: 15.0pt\">\n<td class=\"xl65\" style=\"height: 15.0pt\" height=\"20\">Erscheinungsjahr:<\/td>\n<td class=\"xl65\">2013<\/td>\n<\/tr>\n<tr style=\"height: 15.0pt\">\n<td class=\"xl65\" style=\"height: 15.0pt\" height=\"20\">Format:<\/td>\n<td class=\"xl65\">Gebundene Ausgabe<\/td>\n<\/tr>\n<tr style=\"height: 15.0pt\">\n<td class=\"xl65\" style=\"height: 15.0pt\" height=\"20\">Genre:<\/td>\n<td class=\"xl65\">Kinder- &amp; Jugendliteratur<\/td>\n<\/tr>\n<tr style=\"height: 15.0pt\">\n<td class=\"xl65\" style=\"height: 15.0pt\" height=\"20\">Herstellungsland und -region:<\/td>\n<td class=\"xl65\">Allemagne<\/td>\n<\/tr>\n<tr style=\"height: 15.0pt\">\n<td style=\"height: 15.0pt\" height=\"20\">ISBN:<\/td>\n<td class=\"xl65\">9783649611561<\/td>\n<\/tr>\n<tr style=\"height: 15.0pt\">\n<td class=\"xl65\" style=\"height: 15.0pt\" height=\"20\">Literarische Gattung:<\/td>\n<td class=\"xl65\">Belletristik<\/td>\n<\/tr>\n<tr style=\"height: 15.0pt\">\n<td class=\"xl65\" style=\"height: 15.0pt\" height=\"20\">Produktart:<\/td>\n<td class=\"xl65\">Kinderbuch<\/td>\n<\/tr>\n<tr style=\"height: 15.0pt\">\n<td style=\"height: 15.0pt\" height=\"20\">Sprache:<\/td>\n<td>Allemand<\/td>\n<\/tr>\n<tr style=\"height: 15.0pt\">\n<td class=\"xl65\" style=\"height: 15.0pt\" height=\"20\">Thematik:<\/td>\n<td class=\"xl65\">Tiere<\/td>\n<\/tr>\n<tr style=\"height: 15.0pt\">\n<td class=\"xl65\" style=\"height: 15.0pt\" height=\"20\">Verlag:<\/td>\n<td class=\"xl65\">Coppenrath<\/td>\n<\/tr>\n<tr style=\"height: 15.0pt\">\n<td class=\"xl65\" style=\"height: 15.0pt\" height=\"20\">Zielgruppe:<\/td>\n<td class=\"xl65\">8-10 Jahre<\/td>\n<\/tr>\n<\/tbody>\n<\/table>","protected":false},"featured_media":77858,"comment_status":"open","ping_status":"closed","template":"","meta":{"_seopress_robots_primary_cat":"","_seopress_titles_title":"","_seopress_titles_desc":"","_seopress_robots_index":""},"product_brand":[],"product_cat":[1428,1431,1441],"product_tag":[],"class_list":{"0":"post-77735","1":"product","2":"type-product","3":"status-publish","4":"has-post-thumbnail","6":"product_cat-buecher","7":"product_cat-kinder","8":"product_cat-geschichten","9":"product_shipping_class-standard-versand","11":"first","12":"instock","13":"taxable","14":"shipping-taxable","15":"purchasable","16":"product-type-simple"},"_links":{"self":[{"href":"https:\/\/www.soanam.de\/fr\/wp-json\/wp\/v2\/product\/77735","targetHints":{"allow":["GET"]}}],"collection":[{"href":"https:\/\/www.soanam.de\/fr\/wp-json\/wp\/v2\/product"}],"about":[{"href":"https:\/\/www.soanam.de\/fr\/wp-json\/wp\/v2\/types\/product"}],"replies":[{"embeddable":true,"href":"https:\/\/www.soanam.de\/fr\/wp-json\/wp\/v2\/comments?post=77735"}],"wp:featuredmedia":[{"embeddable":true,"href":"https:\/\/www.soanam.de\/fr\/wp-json\/wp\/v2\/media\/77858"}],"wp:attachment":[{"href":"https:\/\/www.soanam.de\/fr\/wp-json\/wp\/v2\/media?parent=77735"}],"wp:term":[{"taxonomy":"product_brand","embeddable":true,"href":"https:\/\/www.soanam.de\/fr\/wp-json\/wp\/v2\/product_brand?post=77735"},{"taxonomy":"product_cat","embeddable":true,"href":"https:\/\/www.soanam.de\/fr\/wp-json\/wp\/v2\/product_cat?post=77735"},{"taxonomy":"product_tag","embeddable":true,"href":"https:\/\/www.soanam.de\/fr\/wp-json\/wp\/v2\/product_tag?post=77735"}],"curies":[{"name":"wp","href":"https:\/\/api.w.org\/{rel}","templated":true}]}}

Sarah Bosse - La pension pour animaux de Flo "Un chaton vient rarement seul" Edition reliée Français 2013

<h3><strong>Description du produit</strong></h3>
<p>Le refuge de Blumenstiege ne peut plus se passer de chatons. Chaque jour, de nouveaux chatons trouvés sont déposés et beaucoup d'entre eux doivent être élevés au biberon. Flo et sa meilleure amie Hanna aident assidûment et ont finalement une idée géniale : elles peuvent certainement convaincre quelques voisins d'accueillir un petit tigre d'appartement ! Mais c'est plus facile à dire qu'à faire, car l'action demande beaucoup de temps et d'efforts - et beaucoup de courage ! Mais leur engagement sera récompensé et Flo et Hanna auront une surprise de taille. Et c'est un vrai tigre qui les attend !</p>
<p><strong>Détails du produit</strong><br />
Éditeur : Coppenrath Verlag<br />
Série : La pension pour animaux de Flo, volume 4<br />
Année de publication : 2013<br />
Langue : allemand<br />
Couverture : Relié<br />
Nombre de pages : 112 pages<br />
ISBN-10 : 3649611562<br />
ISBN-13 : 978-3649611561<br />
Illustrations : avec des illustrations intérieures en noir et blanc<br />
Altersempfehlung : 8 - 10 Jahre</p>

<h3><strong>Caractéristiques de l'article</strong></h3>
<p>Artikelzustand: Neu - Neues, ungelesenes, ungebrauchtes Buch in makellosem Zustand</p>
<table style="border-collapse: collapse;width: 432pt" width="576">
<tbody>
<tr style="height: 15.0pt">
<td class="xl65" style="width: 193pt;height: 15.0pt" width="257" height="20">Autor:</td>
<td class="xl65" style="width: 239pt" width="319">Sarah Bosse</td>
</tr>
<tr style="height: 15.0pt">
<td class="xl65" style="height: 15.0pt" height="20">Particularités :</td>
<td class="xl65">Illustriert</td>
</tr>
<tr style="height: 15.0pt">
<td style="height: 15.0pt" height="20">Buchreihe:</td>
<td>Flos Tierpension</td>
</tr>
<tr style="height: 15.0pt">
<td class="xl65" style="height: 15.0pt" height="20">Buchtitel:</td>
<td class="xl65">Ein Kätzchen kommt selten allein</td>
</tr>
<tr style="height: 15.0pt">
<td class="xl65" style="height: 15.0pt" height="20">Erscheinungsjahr:</td>
<td class="xl65">2013</td>
</tr>
<tr style="height: 15.0pt">
<td class="xl65" style="height: 15.0pt" height="20">Format:</td>
<td class="xl65">Gebundene Ausgabe</td>
</tr>
<tr style="height: 15.0pt">
<td class="xl65" style="height: 15.0pt" height="20">Genre:</td>
<td class="xl65">Kinder- &amp; Jugendliteratur</td>
</tr>
<tr style="height: 15.0pt">
<td class="xl65" style="height: 15.0pt" height="20">Herstellungsland und -region:</td>
<td class="xl65">Allemagne</td>
</tr>
<tr style="height: 15.0pt">
<td style="height: 15.0pt" height="20">ISBN:</td>
<td class="xl65">9783649611561</td>
</tr>
<tr style="height: 15.0pt">
<td class="xl65" style="height: 15.0pt" height="20">Literarische Gattung:</td>
<td class="xl65">Belletristik</td>
</tr>
<tr style="height: 15.0pt">
<td class="xl65" style="height: 15.0pt" height="20">Produktart:</td>
<td class="xl65">Kinderbuch</td>
</tr>
<tr style="height: 15.0pt">
<td style="height: 15.0pt" height="20">Sprache:</td>
<td>Allemand</td>
</tr>
<tr style="height: 15.0pt">
<td class="xl65" style="height: 15.0pt" height="20">Thematik:</td>
<td class="xl65">Tiere</td>
</tr>
<tr style="height: 15.0pt">
<td class="xl65" style="height: 15.0pt" height="20">Verlag:</td>
<td class="xl65">Coppenrath</td>
</tr>
<tr style="height: 15.0pt">
<td class="xl65" style="height: 15.0pt" height="20">Zielgruppe:</td>
<td class="xl65">8-10 Jahre</td>
</tr>
</tbody>
</table>
