{"id":77486,"date":"2023-12-13T20:53:32","date_gmt":"2023-12-13T19:53:32","guid":{"rendered":"https:\/\/www.soanam.de\/?post_type=product&#038;p=77486"},"modified":"2023-12-13T20:57:12","modified_gmt":"2023-12-13T19:57:12","slug":"hessnatur-herren-wollfleese-jacke-aus-reiner-schnurwolle-anthrazit","status":"publish","type":"product","link":"https:\/\/www.soanam.de\/fr\/produkt\/hessnatur-herren-wollfleese-jacke-aus-reiner-schnurwolle-anthrazit\/","title":{"rendered":"Hessnatur Veste en pure laine tress\u00e9e pour hommes, Anthracite"},"content":{"rendered":"<h3>Description<\/h3>\n<p>Polaire fonctionnelle en fibres naturelles pures<br \/>\nlaine m\u00e9rinos bio avec fonction climate control<br \/>\nHohes W\u00e4rmeverm\u00f6gen, gleichzeitig sehr leicht<br \/>\nDynamische Teilungsn\u00e4hte<br \/>\nIntegrierte Zip-Taschen<br \/>\nWindfang und Kinnschutz am Rei\u00dfverschluss<br \/>\nStehkragen: innen hautsympathische Bio-Baumwolle<\/p>\n<p><strong>Coupe<\/strong><br \/>\nIn Gr\u00f6\u00dfe 48 ca. 73 cm lang<\/p>\n<p><strong>Mat\u00e9riau<\/strong><br \/>\n100% Laine vierge<br \/>\nissus de l'\u00e9levage biologique<\/p>\n<p><strong>Soins<\/strong><br \/>\nLavage \u00e0 la main \u00e0 froid recommand\u00e9<\/p>","protected":false},"excerpt":{"rendered":"<h3>Caract\u00e9ristiques de l'article<\/h3>\n<p>\u00c9tat de l'article : Nouveau avec \u00e9tiquette : article neuf, non utilis\u00e9 et non port\u00e9 dans son emballage d'origine<br \/>\nAbteilung: Herren<br \/>\nAktivit\u00e4t: Spazieren<br \/>\nAnlass: Freizeit<br \/>\nAu\u00dfenmaterial: Wolle<br \/>\nBesonderheiten: aus biologischer Tierhaltung<br \/>\nEAN: nichtzutreffend<br \/>\nFarbe: Grau<br \/>\nFuttermaterial: nicht zutreffend<br \/>\nGewebeart: Fleece<br \/>\nTaille : 48<br \/>\nGr\u00f6\u00dfenkategorie: Normalgr\u00f6\u00dfe<br \/>\nIsoliermaterial: nicht zutreffend<br \/>\nJahreszeit: Fr\u00fchling, Herbst<br \/>\nMarke: Hessnatur<br \/>\nMuster: Ohne Muster<br \/>\nProduktart: Jacke<br \/>\nStil: Fleecejacke<br \/>\nThema: nat\u00fcrliche Qualit\u00e4t<br \/>\nfermeture : fermeture \u00e9clair<br \/>\nVintage: Nein<\/p>","protected":false},"featured_media":77626,"comment_status":"open","ping_status":"closed","template":"","meta":{"_seopress_robots_primary_cat":"","_seopress_titles_title":"","_seopress_titles_desc":"","_seopress_robots_index":""},"product_brand":[],"product_cat":[1345,1363,1413],"product_tag":[],"class_list":{"0":"post-77486","1":"product","2":"type-product","3":"status-publish","4":"has-post-thumbnail","6":"product_cat-herrenmode","7":"product_cat-jacken-maentel-herrenmode","8":"product_cat-fleecejacken","9":"product_shipping_class-standard-versand","11":"first","12":"instock","13":"sale","14":"taxable","15":"shipping-taxable","16":"purchasable","17":"product-type-simple"},"_links":{"self":[{"href":"https:\/\/www.soanam.de\/fr\/wp-json\/wp\/v2\/product\/77486","targetHints":{"allow":["GET"]}}],"collection":[{"href":"https:\/\/www.soanam.de\/fr\/wp-json\/wp\/v2\/product"}],"about":[{"href":"https:\/\/www.soanam.de\/fr\/wp-json\/wp\/v2\/types\/product"}],"replies":[{"embeddable":true,"href":"https:\/\/www.soanam.de\/fr\/wp-json\/wp\/v2\/comments?post=77486"}],"wp:featuredmedia":[{"embeddable":true,"href":"https:\/\/www.soanam.de\/fr\/wp-json\/wp\/v2\/media\/77626"}],"wp:attachment":[{"href":"https:\/\/www.soanam.de\/fr\/wp-json\/wp\/v2\/media?parent=77486"}],"wp:term":[{"taxonomy":"product_brand","embeddable":true,"href":"https:\/\/www.soanam.de\/fr\/wp-json\/wp\/v2\/product_brand?post=77486"},{"taxonomy":"product_cat","embeddable":true,"href":"https:\/\/www.soanam.de\/fr\/wp-json\/wp\/v2\/product_cat?post=77486"},{"taxonomy":"product_tag","embeddable":true,"href":"https:\/\/www.soanam.de\/fr\/wp-json\/wp\/v2\/product_tag?post=77486"}],"curies":[{"name":"wp","href":"https:\/\/api.w.org\/{rel}","templated":true}]}}

Hessnatur Veste en pure laine tressée pour hommes, Anthracite

<h3>Description</h3>
<p>Polaire fonctionnelle en fibres naturelles pures<br />
laine mérinos bio avec fonction climate control<br />
Hohes Wärmevermögen, gleichzeitig sehr leicht<br />
Dynamische Teilungsnähte<br />
Integrierte Zip-Taschen<br />
Windfang und Kinnschutz am Reißverschluss<br />
Stehkragen: innen hautsympathische Bio-Baumwolle</p>
<p><strong>Coupe</strong><br />
In Größe 48 ca. 73 cm lang</p>
<p><strong>Matériau</strong><br />
100% Laine vierge<br />
issus de l'élevage biologique</p>
<p><strong>Soins</strong><br />
Lavage à la main à froid recommandé</p>

<h3>Caractéristiques de l'article</h3>
<p>État de l'article : Nouveau avec étiquette : article neuf, non utilisé et non porté dans son emballage d'origine<br />
Abteilung: Herren<br />
Aktivität: Spazieren<br />
Anlass: Freizeit<br />
Außenmaterial: Wolle<br />
Besonderheiten: aus biologischer Tierhaltung<br />
EAN: nichtzutreffend<br />
Farbe: Grau<br />
Futtermaterial: nicht zutreffend<br />
Gewebeart: Fleece<br />
Taille : 48<br />
Größenkategorie: Normalgröße<br />
Isoliermaterial: nicht zutreffend<br />
Jahreszeit: Frühling, Herbst<br />
Marke: Hessnatur<br />
Muster: Ohne Muster<br />
Produktart: Jacke<br />
Stil: Fleecejacke<br />
Thema: natürliche Qualität<br />
fermeture : fermeture éclair<br />
Vintage: Nein</p>
