{"id":77466,"date":"2023-12-13T20:52:55","date_gmt":"2023-12-13T19:52:55","guid":{"rendered":"https:\/\/www.soanam.de\/?post_type=product&#038;p=77466"},"modified":"2023-12-13T20:56:51","modified_gmt":"2023-12-13T19:56:51","slug":"ltb-jeans-skinny-fit-amy-en-noir-w33","status":"publish","type":"product","link":"https:\/\/www.soanam.de\/fr\/produkt\/ltb-skinny-fit-jeans-amy-in-schwarz-w33\/","title":{"rendered":"LTB Jeans skinny AMY, en noir, W33"},"content":{"rendered":"<p>Jeans taille haute AMY de LTB dans la meilleure qualit\u00e9 de marque<br \/>\nAvec des jambes longues et ajust\u00e9es, coupe skinny<br \/>\nAvec passants pour ceinture, fermeture \u00e9clair, style 5 poches<br \/>\nEn m\u00e9lange de coton \u00e9lastique avec une part de stretch<\/p>\n<p>La coupe tr\u00e8s \u00e9troite avec une taille haute \u00e0 la mode met tes jambes en valeur et conf\u00e8re au jean 5 poches beaucoup de classe.<br \/>\nLe jean slim s'adapte comme une seconde peau tout en \u00e9tant tr\u00e8s confortable gr\u00e2ce \u00e0 la qualit\u00e9 sup\u00e9rieure du denim avec une part de stretch.<\/p>\n<p>Mati\u00e8re : 93% coton, 5% polyester, 2% \u00e9lasthanne<br \/>\nConseils d'entretien : Lavage en machine \u00e0 30\u00b0.<\/p>\n<p>Couleur : SAVENA WASH 51584<br \/>\nTaille : W33<\/p>\n<p>Tour de taille : 84cm<br \/>\nTour de hanches : 94cm<br \/>\nLongueur d'entrejambe:77cm<br \/>\nlongueur totale : 112cm<\/p>","protected":false},"excerpt":{"rendered":"<table class=\"dv_characteristicsTable\">\n<tbody>\n<tr>\n<td class=\"left\">Taille<\/td>\n<td>33<\/td>\n<\/tr>\n<tr>\n<td class=\"left\">Gr\u00f6\u00dfentyp<\/td>\n<td>Normalgr\u00f6\u00dfen<\/td>\n<\/tr>\n<tr>\n<td class=\"left\">Composition du mat\u00e9riau<\/td>\n<td>Obermaterial: 93% Baumwolle, 5% Polyester, 2% Elasthan<\/td>\n<\/tr>\n<tr>\n<td class=\"left\">Materialhinweis<\/td>\n<td>enth\u00e4lt nichttextile Teile tierischen Ursprungs<\/td>\n<\/tr>\n<tr>\n<td class=\"left\">Materialart<\/td>\n<td>Denim<\/td>\n<\/tr>\n<tr>\n<td class=\"left\">Materialeigenschaften<\/td>\n<td>Stretch, elastisch, pflegeleicht<\/td>\n<\/tr>\n<tr>\n<td class=\"left\">Conseils d'entretien<\/td>\n<td>Lavage en machine<\/td>\n<\/tr>\n<tr>\n<td class=\"left\">Stil<\/td>\n<td>casual<\/td>\n<\/tr>\n<tr>\n<td class=\"left\">Herstellerfarbbezeichnung<\/td>\n<td>SAVENA WASH 51584<\/td>\n<\/tr>\n<tr>\n<td class=\"left\">Couleur<\/td>\n<td>black<\/td>\n<\/tr>\n<tr>\n<td class=\"left\">Leibh\u00f6he<\/td>\n<td>hoch<\/td>\n<\/tr>\n<tr>\n<td class=\"left\">Bundabschluss<\/td>\n<td>normaler Saum<\/td>\n<\/tr>\n<tr>\n<td class=\"left\">Beinform<\/td>\n<td>extra-eng<\/td>\n<\/tr>\n<tr>\n<td class=\"left\">Coupe<\/td>\n<td>skinny fit<\/td>\n<\/tr>\n<tr>\n<td class=\"left\">Schnittdetails<\/td>\n<td>keine<\/td>\n<\/tr>\n<tr>\n<td class=\"left\">Schnittform L\u00e4nge<\/td>\n<td>lang<\/td>\n<\/tr>\n<tr>\n<td class=\"left\">Passants de ceinture<\/td>\n<td>ja<\/td>\n<\/tr>\n<tr>\n<td class=\"left\">Applikationen<\/td>\n<td>Leder-Badge, Markenlabel, Nieten<\/td>\n<\/tr>\n<tr>\n<td class=\"left\">Sacs<\/td>\n<td>Ges\u00e4\u00dftaschen, Eingrifftasche, M\u00fcnztasche<\/td>\n<\/tr>\n<tr>\n<td class=\"left\">Verschluss<\/td>\n<td>Knopf, Rei\u00dfverschluss<\/td>\n<\/tr>\n<tr>\n<td class=\"left\">Verschlussdetails<\/td>\n<td>vorn<\/td>\n<\/tr>\n<tr>\n<td class=\"left\">Besondere Merkmale<\/td>\n<td>mit langem, extra engem Beinverlauf, hoher Leibh\u00f6he und mit Stretch-Anteil im 5-Pocket Stil<\/td>\n<\/tr>\n<\/tbody>\n<\/table>","protected":false},"featured_media":77606,"comment_status":"open","ping_status":"closed","template":"","meta":{"_seopress_robots_primary_cat":"","_seopress_titles_title":"","_seopress_titles_desc":"","_seopress_robots_index":""},"product_brand":[],"product_cat":[1348,1349,1350],"product_tag":[],"class_list":{"0":"post-77466","1":"product","2":"type-product","3":"status-publish","4":"has-post-thumbnail","6":"product_cat-damen-mode","7":"product_cat-hosen-damen-mode","8":"product_cat-jeans-hosen-damen-mode","9":"product_shipping_class-standard-versand","11":"first","12":"instock","13":"sale","14":"taxable","15":"shipping-taxable","16":"purchasable","17":"product-type-simple"},"_links":{"self":[{"href":"https:\/\/www.soanam.de\/fr\/wp-json\/wp\/v2\/product\/77466","targetHints":{"allow":["GET"]}}],"collection":[{"href":"https:\/\/www.soanam.de\/fr\/wp-json\/wp\/v2\/product"}],"about":[{"href":"https:\/\/www.soanam.de\/fr\/wp-json\/wp\/v2\/types\/product"}],"replies":[{"embeddable":true,"href":"https:\/\/www.soanam.de\/fr\/wp-json\/wp\/v2\/comments?post=77466"}],"wp:featuredmedia":[{"embeddable":true,"href":"https:\/\/www.soanam.de\/fr\/wp-json\/wp\/v2\/media\/77606"}],"wp:attachment":[{"href":"https:\/\/www.soanam.de\/fr\/wp-json\/wp\/v2\/media?parent=77466"}],"wp:term":[{"taxonomy":"product_brand","embeddable":true,"href":"https:\/\/www.soanam.de\/fr\/wp-json\/wp\/v2\/product_brand?post=77466"},{"taxonomy":"product_cat","embeddable":true,"href":"https:\/\/www.soanam.de\/fr\/wp-json\/wp\/v2\/product_cat?post=77466"},{"taxonomy":"product_tag","embeddable":true,"href":"https:\/\/www.soanam.de\/fr\/wp-json\/wp\/v2\/product_tag?post=77466"}],"curies":[{"name":"wp","href":"https:\/\/api.w.org\/{rel}","templated":true}]}}

<p>Jeans taille haute AMY de LTB dans la meilleure qualité de marque<br />
Avec des jambes longues et ajustées, coupe skinny<br />
Avec passants pour ceinture, fermeture éclair, style 5 poches<br />
En mélange de coton élastique avec une part de stretch</p>
<p>La coupe très étroite avec une taille haute à la mode met tes jambes en valeur et confère au jean 5 poches beaucoup de classe.<br />
Le jean slim s'adapte comme une seconde peau tout en étant très confortable grâce à la qualité supérieure du denim avec une part de stretch.</p>
<p>Matière : 93% coton, 5% polyester, 2% élasthanne<br />
Conseils d'entretien : Lavage en machine à 30°.</p>
<p>Couleur : SAVENA WASH 51584<br />
Taille : W33</p>
<p>Tour de taille : 84cm<br />
Tour de hanches : 94cm<br />
Longueur d'entrejambe:77cm<br />
longueur totale : 112cm</p>

<table class="dv_characteristicsTable">
<tbody>
<tr>
<td class="left">Taille</td>
<td>33</td>
</tr>
<tr>
<td class="left">Größentyp</td>
<td>Normalgrößen</td>
</tr>
<tr>
<td class="left">Composition du matériau</td>
<td>Obermaterial: 93% Baumwolle, 5% Polyester, 2% Elasthan</td>
</tr>
<tr>
<td class="left">Materialhinweis</td>
<td>enthält nichttextile Teile tierischen Ursprungs</td>
</tr>
<tr>
<td class="left">Materialart</td>
<td>Denim</td>
</tr>
<tr>
<td class="left">Materialeigenschaften</td>
<td>Stretch, elastisch, pflegeleicht</td>
</tr>
<tr>
<td class="left">Conseils d'entretien</td>
<td>Lavage en machine</td>
</tr>
<tr>
<td class="left">Stil</td>
<td>casual</td>
</tr>
<tr>
<td class="left">Herstellerfarbbezeichnung</td>
<td>SAVENA WASH 51584</td>
</tr>
<tr>
<td class="left">Couleur</td>
<td>black</td>
</tr>
<tr>
<td class="left">Leibhöhe</td>
<td>hoch</td>
</tr>
<tr>
<td class="left">Bundabschluss</td>
<td>normaler Saum</td>
</tr>
<tr>
<td class="left">Beinform</td>
<td>extra-eng</td>
</tr>
<tr>
<td class="left">Coupe</td>
<td>skinny fit</td>
</tr>
<tr>
<td class="left">Schnittdetails</td>
<td>keine</td>
</tr>
<tr>
<td class="left">Schnittform Länge</td>
<td>lang</td>
</tr>
<tr>
<td class="left">Passants de ceinture</td>
<td>ja</td>
</tr>
<tr>
<td class="left">Applikationen</td>
<td>Leder-Badge, Markenlabel, Nieten</td>
</tr>
<tr>
<td class="left">Sacs</td>
<td>Gesäßtaschen, Eingrifftasche, Münztasche</td>
</tr>
<tr>
<td class="left">Verschluss</td>
<td>Knopf, Reißverschluss</td>
</tr>
<tr>
<td class="left">Verschlussdetails</td>
<td>vorn</td>
</tr>
<tr>
<td class="left">Besondere Merkmale</td>
<td>mit langem, extra engem Beinverlauf, hoher Leibhöhe und mit Stretch-Anteil im 5-Pocket Stil</td>
</tr>
</tbody>
</table>
