{"id":77121,"date":"2023-12-13T20:36:56","date_gmt":"2023-12-13T19:36:56","guid":{"rendered":"https:\/\/www.soanam.de\/?post_type=product&#038;p=77121"},"modified":"2023-12-13T20:47:03","modified_gmt":"2023-12-13T19:47:03","slug":"woolrich-arctic-parka-nf-doudoune-garcon","status":"publish","type":"product","link":"https:\/\/www.soanam.de\/fr\/produkt\/woolrich-arctic-parka-nf-daunenjacke-fuer-jungen\/","title":{"rendered":"Woolrich Arctic Parka NF, doudoune pour gar\u00e7on"},"content":{"rendered":"<p>Woolrich - Der Arctic Parka NF, der l\u00e4ssige Unisex Parka von Woolrich ohne Fell. Locker geschnitten und mit vielen Taschen, wie der Arctic Parka FC!<\/p>\n<h3>D\u00e9tails<\/h3>\n<ul>\n<li>Parka<\/li>\n<li>Coupe droite<\/li>\n<li>R\u00e9sistant au vent et \u00e0 l'eau gr\u00e2ce au rev\u00eatement en t\u00e9flon jusqu'\u00e0 -20\u00b0C<\/li>\n<li>Doubl\u00e9 avec du vrai duvet et des plumes<\/li>\n<li>Avec fermeture \u00e9clair \u00e0 double sens et patte de boutonnage<\/li>\n<li>Col haut avec capuche<\/li>\n<li>Grandes poches plaqu\u00e9es avec boutons<\/li>\n<li>Poches suppl\u00e9mentaires \u00e0 l'avant avec boutons-pression<\/li>\n<li>protection contre le vent aux extr\u00e9mit\u00e9s des manches<\/li>\n<li>Logo Woolrich sur le col<\/li>\n<\/ul>\n<h3>Remarque<\/h3>\n<p>La taille 14 ans ( 164 ), convient aux dames avec une taille de robe XS et S<br \/>\nTaille l\u00e9g\u00e8rement plus grande que la normale<\/p>\n<h3>Mat\u00e9riaux et entretien<\/h3>\n<p>Ext\u00e9rieur : coton 60%, nylon 40%,<br \/>\nInt\u00e9rieur : nylon 100%,<br \/>\nDoublure : 70% duvet, 30% plumes<br \/>\nLavage en machine<\/p>\n<h3>Attention<\/h3>\n<p>Il s'agit d'un article neuf et non port\u00e9, mais avec un l\u00e9ger dommage d\u00fb au transport, c'est pourquoi l'article est r\u00e9duit de 10%.<br \/>\nComme on peut le voir sur les photos 4 et 5, l'un des boutons est endommag\u00e9 et il manque un bouton.<br \/>\nUn bouton de rechange est toutefois fourni.<\/p>","protected":false},"excerpt":{"rendered":"<h3>Caract\u00e9ristiques de l'article<\/h3>\n<p>\u00c9tat de l'article : Nouveau avec \u00e9tiquette : article neuf, non utilis\u00e9 et non port\u00e9 dans son emballage d'origine<\/p>\n<p>Abteilung: Jungen<br \/>\nAktivit\u00e4t: Spazieren<br \/>\nAnlass: Freizeit<br \/>\nAu\u00dfenmaterial: 60% Baumwolle, 40% Nylon<br \/>\nBesonderheiten: Wind- und Wasserabweisend<br \/>\nEAN: 8056592124121<br \/>\nCouleur : Noir<br \/>\nGewebeart: Mischgewebe<br \/>\nGr\u00f6\u00dfe: 164<br \/>\nIsoliermaterial: Daunen<br \/>\nJahreszeit: Winter<br \/>\nMarke: Parka<br \/>\nModell: Woolrich Arctic<br \/>\nProduktart: Jacke<br \/>\nStil: Daunenjacke<br \/>\nThema: Winter<br \/>\nfermeture : fermeture \u00e9clair<br \/>\nVintage: Nein<\/p>","protected":false},"featured_media":77281,"comment_status":"open","ping_status":"closed","template":"","meta":{"_seopress_robots_primary_cat":"","_seopress_titles_title":"","_seopress_titles_desc":"","_seopress_robots_index":""},"product_brand":[],"product_cat":[1351,1390,1392],"product_tag":[],"class_list":{"0":"post-77121","1":"product","2":"type-product","3":"status-publish","4":"has-post-thumbnail","6":"product_cat-kindermode","7":"product_cat-jacken-maentel-kindermode","8":"product_cat-parkas-winterjacken-jacken-maentel-kindermode","9":"product_shipping_class-standard-versand","11":"first","12":"instock","13":"sale","14":"taxable","15":"shipping-taxable","16":"purchasable","17":"product-type-simple"},"_links":{"self":[{"href":"https:\/\/www.soanam.de\/fr\/wp-json\/wp\/v2\/product\/77121","targetHints":{"allow":["GET"]}}],"collection":[{"href":"https:\/\/www.soanam.de\/fr\/wp-json\/wp\/v2\/product"}],"about":[{"href":"https:\/\/www.soanam.de\/fr\/wp-json\/wp\/v2\/types\/product"}],"replies":[{"embeddable":true,"href":"https:\/\/www.soanam.de\/fr\/wp-json\/wp\/v2\/comments?post=77121"}],"wp:featuredmedia":[{"embeddable":true,"href":"https:\/\/www.soanam.de\/fr\/wp-json\/wp\/v2\/media\/77281"}],"wp:attachment":[{"href":"https:\/\/www.soanam.de\/fr\/wp-json\/wp\/v2\/media?parent=77121"}],"wp:term":[{"taxonomy":"product_brand","embeddable":true,"href":"https:\/\/www.soanam.de\/fr\/wp-json\/wp\/v2\/product_brand?post=77121"},{"taxonomy":"product_cat","embeddable":true,"href":"https:\/\/www.soanam.de\/fr\/wp-json\/wp\/v2\/product_cat?post=77121"},{"taxonomy":"product_tag","embeddable":true,"href":"https:\/\/www.soanam.de\/fr\/wp-json\/wp\/v2\/product_tag?post=77121"}],"curies":[{"name":"wp","href":"https:\/\/api.w.org\/{rel}","templated":true}]}}

Woolrich Arctic Parka NF, doudoune pour garçon

<p>Woolrich - Der Arctic Parka NF, der lässige Unisex Parka von Woolrich ohne Fell. Locker geschnitten und mit vielen Taschen, wie der Arctic Parka FC!</p>
<h3>Détails</h3>
<ul>
<li>Parka</li>
<li>Coupe droite</li>
<li>Résistant au vent et à l'eau grâce au revêtement en téflon jusqu'à -20°C</li>
<li>Doublé avec du vrai duvet et des plumes</li>
<li>Avec fermeture éclair à double sens et patte de boutonnage</li>
<li>Col haut avec capuche</li>
<li>Grandes poches plaquées avec boutons</li>
<li>Poches supplémentaires à l'avant avec boutons-pression</li>
<li>protection contre le vent aux extrémités des manches</li>
<li>Logo Woolrich sur le col</li>
</ul>
<h3>Remarque</h3>
<p>La taille 14 ans ( 164 ), convient aux dames avec une taille de robe XS et S<br />
Taille légèrement plus grande que la normale</p>
<h3>Matériaux et entretien</h3>
<p>Extérieur : coton 60%, nylon 40%,<br />
Intérieur : nylon 100%,<br />
Doublure : 70% duvet, 30% plumes<br />
Lavage en machine</p>
<h3>Attention</h3>
<p>Il s'agit d'un article neuf et non porté, mais avec un léger dommage dû au transport, c'est pourquoi l'article est réduit de 10%.<br />
Comme on peut le voir sur les photos 4 et 5, l'un des boutons est endommagé et il manque un bouton.<br />
Un bouton de rechange est toutefois fourni.</p>

<h3>Caractéristiques de l'article</h3>
<p>État de l'article : Nouveau avec étiquette : article neuf, non utilisé et non porté dans son emballage d'origine</p>
<p>Abteilung: Jungen<br />
Aktivität: Spazieren<br />
Anlass: Freizeit<br />
Außenmaterial: 60% Baumwolle, 40% Nylon<br />
Besonderheiten: Wind- und Wasserabweisend<br />
EAN: 8056592124121<br />
Couleur : Noir<br />
Gewebeart: Mischgewebe<br />
Größe: 164<br />
Isoliermaterial: Daunen<br />
Jahreszeit: Winter<br />
Marke: Parka<br />
Modell: Woolrich Arctic<br />
Produktart: Jacke<br />
Stil: Daunenjacke<br />
Thema: Winter<br />
fermeture : fermeture éclair<br />
Vintage: Nein</p>
