{"id":82806,"date":"2023-12-14T03:07:48","date_gmt":"2023-12-14T02:07:48","guid":{"rendered":"https:\/\/www.soanam.de\/?post_type=product&#038;p=82806"},"modified":"2023-12-14T21:17:23","modified_gmt":"2023-12-14T20:17:23","slug":"polarino-funktionsparka-wasserdicht-in-schwarz-gr-46","status":"publish","type":"product","link":"https:\/\/www.soanam.de\/es\/produkt\/polarino-funktionsparka-wasserdicht-in-schwarz-gr-46\/","title":{"rendered":"Polarino Funktionsparka wasserdicht, in Schwarz, Gr. 46"},"content":{"rendered":"<p>Wetterfester, wattierter Winterparka von Polarino<br \/>\nAtmungsaktiv, winddicht, wasserdicht. Wassers\u00e4ule 3000mm<br \/>\nCosturas soldadas<br \/>\nIm R\u00fccken- und Brustbereich sowie in der Kapuze mit Fleece gef\u00fcttert<br \/>\nR\u00fcckseite etwas l\u00e4nger geschnitten<br \/>\nMit Bionic Finish Eco - produziert ohne PFC<\/p>\n<p>Der wattierte Winterparka von Polarino sorgt selbst bei kalten Temperaturen f\u00fcr Spa\u00df bei Outdooraktivit\u00e4ten.<br \/>\nDie 3000-mm-Wassers\u00e4ule und die atmungsaktiven, wind- und wasserdichten Eigenschaften r\u00fcsten die Damenjacke bestens aus.<br \/>\nIm Inneren des Parkas ist an Brust, R\u00fccken und Kapuze ein kuscheliges Fleecefutter angebracht.<br \/>\nZudem begeistert der l\u00e4ssige Wintermantel mit seitlichen Pattentaschen, einer Innentasche und wetterfester Materialmischung inklusive warmer Wattierung.<\/p>\n<p>Material: 80% Polyester, 20% Polyamid<br \/>\nInstrucciones de cuidado: Lavar a m\u00e1quina<\/p>\n<p>Color: negro<br \/>\nPatr\u00f3n: sin<br \/>\nTalla: 46<\/p>\n<p>Anchura de los hombros: 48 cm<br \/>\nAnchura del pecho: 130 cm<br \/>\nLongitud de la manga: 65 cm<br \/>\nLongitud total: 93 cm<\/p>\n<p>&nbsp;<\/p>\n<p>Este nuevo art\u00edculo es una devoluci\u00f3n de un cliente sin etiqueta.<\/p>","protected":false},"excerpt":{"rendered":"<table class=\"dv_characteristicsTable\">\n<tbody>\n<tr>\n<td class=\"left\">Talla<\/td>\n<td>46<\/td>\n<\/tr>\n<tr>\n<td class=\"left\">Gr\u00f6\u00dfentyp<\/td>\n<td>Normalgr\u00f6\u00dfen<\/td>\n<\/tr>\n<tr>\n<td class=\"left\">Composici\u00f3n del material<\/td>\n<td>80% Polyester, 20% Polyamid<\/td>\n<\/tr>\n<tr>\n<td class=\"left\">Materialart<\/td>\n<td>Web<\/td>\n<\/tr>\n<tr>\n<td class=\"left\">Materialart Innenfutter<\/td>\n<td>Web<\/td>\n<\/tr>\n<tr>\n<td class=\"left\">Materialeigenschaften<\/td>\n<td>wasserdicht, winddicht, atmungsaktiv<\/td>\n<\/tr>\n<tr>\n<td class=\"left\">Instrucciones de cuidado<\/td>\n<td>Lavado a m\u00e1quina<\/td>\n<\/tr>\n<tr>\n<td class=\"left\">Stil<\/td>\n<td>casual<\/td>\n<\/tr>\n<tr>\n<td class=\"left\">Color<\/td>\n<td>schwarz<\/td>\n<\/tr>\n<tr>\n<td class=\"left\">Kragen<\/td>\n<td>Cuello alto<\/td>\n<\/tr>\n<tr>\n<td class=\"left\">\u00c4rmel<\/td>\n<td>Manga larga<\/td>\n<\/tr>\n<tr>\n<td class=\"left\">\u00c4rmelabschluss<\/td>\n<td>Rippstrickb\u00fcndchen<\/td>\n<\/tr>\n<tr>\n<td class=\"left\">\u00c4rmeldetails<\/td>\n<td>mit Markenlogo<\/td>\n<\/tr>\n<tr>\n<td class=\"left\">Ajuste<\/td>\n<td>normal<\/td>\n<\/tr>\n<tr>\n<td class=\"left\">Cap\u00f3<\/td>\n<td>mit Kapuze<\/td>\n<\/tr>\n<tr>\n<td class=\"left\">Kapuzendetails<\/td>\n<td>mit Tunnelzug<\/td>\n<\/tr>\n<tr>\n<td class=\"left\">Kapuzenf\u00fctterung<\/td>\n<td>in Fleece<\/td>\n<\/tr>\n<tr>\n<td class=\"left\">Applikationen<\/td>\n<td>ohne<\/td>\n<\/tr>\n<tr>\n<td class=\"left\">Bolsas<\/td>\n<td>Pattentaschen, Innentasche<\/td>\n<\/tr>\n<tr>\n<td class=\"left\">Verschluss<\/td>\n<td>2-Wege Rei\u00dfverschluss, Druckkn\u00f6pfe<\/td>\n<\/tr>\n<tr>\n<td class=\"left\">Besondere Merkmale<\/td>\n<td>\u00a0hinten l\u00e4nger geschnitten<\/td>\n<\/tr>\n<\/tbody>\n<\/table>","protected":false},"featured_media":82957,"comment_status":"open","ping_status":"closed","template":"","meta":{"_seopress_robots_primary_cat":"","_seopress_titles_title":"","_seopress_titles_desc":"","_seopress_robots_index":""},"product_brand":[],"product_cat":[1348,1354,1440],"product_tag":[],"class_list":{"0":"post-82806","1":"product","2":"type-product","3":"status-publish","4":"has-post-thumbnail","6":"product_cat-damen-mode","7":"product_cat-jacken-maentel","8":"product_cat-parkas-winterjacken","9":"product_shipping_class-standard-versand","11":"first","12":"instock","13":"sale","14":"taxable","15":"shipping-taxable","16":"purchasable","17":"product-type-simple"},"_links":{"self":[{"href":"https:\/\/www.soanam.de\/es\/wp-json\/wp\/v2\/product\/82806","targetHints":{"allow":["GET"]}}],"collection":[{"href":"https:\/\/www.soanam.de\/es\/wp-json\/wp\/v2\/product"}],"about":[{"href":"https:\/\/www.soanam.de\/es\/wp-json\/wp\/v2\/types\/product"}],"replies":[{"embeddable":true,"href":"https:\/\/www.soanam.de\/es\/wp-json\/wp\/v2\/comments?post=82806"}],"wp:featuredmedia":[{"embeddable":true,"href":"https:\/\/www.soanam.de\/es\/wp-json\/wp\/v2\/media\/82957"}],"wp:attachment":[{"href":"https:\/\/www.soanam.de\/es\/wp-json\/wp\/v2\/media?parent=82806"}],"wp:term":[{"taxonomy":"product_brand","embeddable":true,"href":"https:\/\/www.soanam.de\/es\/wp-json\/wp\/v2\/product_brand?post=82806"},{"taxonomy":"product_cat","embeddable":true,"href":"https:\/\/www.soanam.de\/es\/wp-json\/wp\/v2\/product_cat?post=82806"},{"taxonomy":"product_tag","embeddable":true,"href":"https:\/\/www.soanam.de\/es\/wp-json\/wp\/v2\/product_tag?post=82806"}],"curies":[{"name":"wp","href":"https:\/\/api.w.org\/{rel}","templated":true}]}}

<p>Wetterfester, wattierter Winterparka von Polarino<br />
Atmungsaktiv, winddicht, wasserdicht. Wassersäule 3000mm<br />
Costuras soldadas<br />
Im Rücken- und Brustbereich sowie in der Kapuze mit Fleece gefüttert<br />
Rückseite etwas länger geschnitten<br />
Mit Bionic Finish Eco - produziert ohne PFC</p>
<p>Der wattierte Winterparka von Polarino sorgt selbst bei kalten Temperaturen für Spaß bei Outdooraktivitäten.<br />
Die 3000-mm-Wassersäule und die atmungsaktiven, wind- und wasserdichten Eigenschaften rüsten die Damenjacke bestens aus.<br />
Im Inneren des Parkas ist an Brust, Rücken und Kapuze ein kuscheliges Fleecefutter angebracht.<br />
Zudem begeistert der lässige Wintermantel mit seitlichen Pattentaschen, einer Innentasche und wetterfester Materialmischung inklusive warmer Wattierung.</p>
<p>Material: 80% Polyester, 20% Polyamid<br />
Instrucciones de cuidado: Lavar a máquina</p>
<p>Color: negro<br />
Patrón: sin<br />
Talla: 46</p>
<p>Anchura de los hombros: 48 cm<br />
Anchura del pecho: 130 cm<br />
Longitud de la manga: 65 cm<br />
Longitud total: 93 cm</p>
<p>&nbsp;</p>
<p>Este nuevo artículo es una devolución de un cliente sin etiqueta.</p>

<table class="dv_characteristicsTable">
<tbody>
<tr>
<td class="left">Talla</td>
<td>46</td>
</tr>
<tr>
<td class="left">Größentyp</td>
<td>Normalgrößen</td>
</tr>
<tr>
<td class="left">Composición del material</td>
<td>80% Polyester, 20% Polyamid</td>
</tr>
<tr>
<td class="left">Materialart</td>
<td>Web</td>
</tr>
<tr>
<td class="left">Materialart Innenfutter</td>
<td>Web</td>
</tr>
<tr>
<td class="left">Materialeigenschaften</td>
<td>wasserdicht, winddicht, atmungsaktiv</td>
</tr>
<tr>
<td class="left">Instrucciones de cuidado</td>
<td>Lavado a máquina</td>
</tr>
<tr>
<td class="left">Stil</td>
<td>casual</td>
</tr>
<tr>
<td class="left">Color</td>
<td>schwarz</td>
</tr>
<tr>
<td class="left">Kragen</td>
<td>Cuello alto</td>
</tr>
<tr>
<td class="left">Ärmel</td>
<td>Manga larga</td>
</tr>
<tr>
<td class="left">Ärmelabschluss</td>
<td>Rippstrickbündchen</td>
</tr>
<tr>
<td class="left">Ärmeldetails</td>
<td>mit Markenlogo</td>
</tr>
<tr>
<td class="left">Ajuste</td>
<td>normal</td>
</tr>
<tr>
<td class="left">Capó</td>
<td>mit Kapuze</td>
</tr>
<tr>
<td class="left">Kapuzendetails</td>
<td>mit Tunnelzug</td>
</tr>
<tr>
<td class="left">Kapuzenfütterung</td>
<td>in Fleece</td>
</tr>
<tr>
<td class="left">Applikationen</td>
<td>ohne</td>
</tr>
<tr>
<td class="left">Bolsas</td>
<td>Pattentaschen, Innentasche</td>
</tr>
<tr>
<td class="left">Verschluss</td>
<td>2-Wege Reißverschluss, Druckknöpfe</td>
</tr>
<tr>
<td class="left">Besondere Merkmale</td>
<td> hinten länger geschnitten</td>
</tr>
</tbody>
</table>
