{"id":82804,"date":"2023-12-14T03:07:47","date_gmt":"2023-12-14T02:07:47","guid":{"rendered":"https:\/\/www.soanam.de\/?post_type=product&#038;p=82804"},"modified":"2023-12-14T21:15:54","modified_gmt":"2023-12-14T20:15:54","slug":"esprit-outdoor-chaqueta-3m-thinsulate-en-negro-gr-xxl","status":"publish","type":"product","link":"https:\/\/www.soanam.de\/es\/produkt\/esprit-outdoorjacke-3m-thinsulate-in-schwarz-gr-xxl\/","title":{"rendered":"Esprit chaqueta exterior 3M Thinsulate, en negro, talla XXL"},"content":{"rendered":"<p>Chaqueta Outdoor de Esprit<br \/>\nMaterial exterior resistente a la intemperie: transpirable e impermeable<br \/>\nCuello alto con cierre<br \/>\nCremallera oculta y solapa con botones a presi\u00f3n<br \/>\nDos bolsillos con cremallera a la altura del pecho<br \/>\nDos bolsillos con solapa y botones a presi\u00f3n<br \/>\nUn bolsillo interior con cremallera<\/p>\n<p>Con esta chaqueta de exterior, Esprit ha creado una gran prenda que puede hacer frente a cualquier clima.<br \/>\nLa capucha forrada es c\u00e1lida y protectora, y los grandes bolsillos con solapa son especialmente pr\u00e1cticos.<br \/>\nLos botones a presi\u00f3n sobre la cremallera y los pu\u00f1os interiores garantizan que el fr\u00edo y el viento se queden fuera. La tecnolog\u00eda 3M Thinsulate hace que la chaqueta sea indispensable para tus actividades al aire libre.<\/p>\n<p>Otros detalles, como los bolsillos adicionales a la altura del pecho, redondean maravillosamente el dise\u00f1o.<br \/>\nCon su c\u00e1lido forro y su robusto material, esta chaqueta para hombre promete un confort \u00f3ptimo.<\/p>\n<p>Material: poli\u00e9ster 100%<br \/>\nInstrucciones de cuidado: Lavar a m\u00e1quina<\/p>\n<p>Color: negro<br \/>\nPatr\u00f3n: sin<br \/>\nTalla: XXL<\/p>\n<p>Anchura de los hombros: 52 cm<br \/>\nAnchura del pecho: 144 cm<br \/>\nLongitud de la manga: 69 cm<br \/>\nLongitud total: 90 cm<\/p>","protected":false},"excerpt":{"rendered":"<table class=\"dv_characteristicsTable\">\n<tbody>\n<tr>\n<td class=\"left\">Talla<\/td>\n<td>XXL<\/td>\n<\/tr>\n<tr>\n<td class=\"left\">Gr\u00f6\u00dfentyp<\/td>\n<td>Normalgr\u00f6\u00dfen<\/td>\n<\/tr>\n<tr>\n<td class=\"left\">Composici\u00f3n del material<\/td>\n<td>100% Poli\u00e9ster<\/td>\n<\/tr>\n<tr>\n<td class=\"left\">Materialart<\/td>\n<td>Softshell<\/td>\n<\/tr>\n<tr>\n<td class=\"left\">Besonderheit<\/td>\n<td>3M Thinsulate<\/td>\n<\/tr>\n<tr>\n<td class=\"left\">Materialeigenschaften<\/td>\n<td>wasserundurchl\u00e4ssig, atmungsaktiv<\/td>\n<\/tr>\n<tr>\n<td class=\"left\">Instrucciones de cuidado<\/td>\n<td>Lavado a m\u00e1quina<\/td>\n<\/tr>\n<tr>\n<td class=\"left\">Stil<\/td>\n<td>casual<\/td>\n<\/tr>\n<tr>\n<td class=\"left\">Color<\/td>\n<td>schwarz<\/td>\n<\/tr>\n<tr>\n<td class=\"left\">Kragen<\/td>\n<td>Cuello alto<\/td>\n<\/tr>\n<tr>\n<td class=\"left\">\u00c4rmel<\/td>\n<td>Manga larga<\/td>\n<\/tr>\n<tr>\n<td class=\"left\">\u00c4rmelabschluss<\/td>\n<td>Rippstrickb\u00fcndchen<\/td>\n<\/tr>\n<tr>\n<td class=\"left\">\u00c4rmeldetails<\/td>\n<td>Badge<\/td>\n<\/tr>\n<tr>\n<td class=\"left\">Ajuste<\/td>\n<td>normal<\/td>\n<\/tr>\n<tr>\n<td class=\"left\">Cap\u00f3<\/td>\n<td>mit Kapuze<\/td>\n<\/tr>\n<tr>\n<td class=\"left\">Kapuzendetails<\/td>\n<td>gef\u00fcttert<\/td>\n<\/tr>\n<tr>\n<td class=\"left\">Kapuzenf\u00fctterung<\/td>\n<td>in Jackenfarbe<\/td>\n<\/tr>\n<tr>\n<td class=\"left\">Applikationen<\/td>\n<td>keine<\/td>\n<\/tr>\n<tr>\n<td class=\"left\">Bolsas<\/td>\n<td>Pattentaschen, Eingrifftaschen, Brusttaschen, Innentasche<\/td>\n<\/tr>\n<tr>\n<td class=\"left\">Verschluss<\/td>\n<td>Rei\u00dfverschluss, Druckkn\u00f6pfe<\/td>\n<\/tr>\n<tr>\n<td class=\"left\"><\/td>\n<td><\/td>\n<\/tr>\n<\/tbody>\n<\/table>","protected":false},"featured_media":82940,"comment_status":"open","ping_status":"closed","template":"","meta":{"_seopress_robots_primary_cat":"","_seopress_titles_title":"","_seopress_titles_desc":"","_seopress_robots_index":""},"product_brand":[],"product_cat":[1345,1363,1389],"product_tag":[],"class_list":{"0":"post-82804","1":"product","2":"type-product","3":"status-publish","4":"has-post-thumbnail","6":"product_cat-herrenmode","7":"product_cat-jacken-maentel-herrenmode","8":"product_cat-parkas","9":"product_shipping_class-standard-versand","11":"first","12":"instock","13":"sale","14":"taxable","15":"shipping-taxable","16":"purchasable","17":"product-type-simple"},"_links":{"self":[{"href":"https:\/\/www.soanam.de\/es\/wp-json\/wp\/v2\/product\/82804","targetHints":{"allow":["GET"]}}],"collection":[{"href":"https:\/\/www.soanam.de\/es\/wp-json\/wp\/v2\/product"}],"about":[{"href":"https:\/\/www.soanam.de\/es\/wp-json\/wp\/v2\/types\/product"}],"replies":[{"embeddable":true,"href":"https:\/\/www.soanam.de\/es\/wp-json\/wp\/v2\/comments?post=82804"}],"wp:featuredmedia":[{"embeddable":true,"href":"https:\/\/www.soanam.de\/es\/wp-json\/wp\/v2\/media\/82940"}],"wp:attachment":[{"href":"https:\/\/www.soanam.de\/es\/wp-json\/wp\/v2\/media?parent=82804"}],"wp:term":[{"taxonomy":"product_brand","embeddable":true,"href":"https:\/\/www.soanam.de\/es\/wp-json\/wp\/v2\/product_brand?post=82804"},{"taxonomy":"product_cat","embeddable":true,"href":"https:\/\/www.soanam.de\/es\/wp-json\/wp\/v2\/product_cat?post=82804"},{"taxonomy":"product_tag","embeddable":true,"href":"https:\/\/www.soanam.de\/es\/wp-json\/wp\/v2\/product_tag?post=82804"}],"curies":[{"name":"wp","href":"https:\/\/api.w.org\/{rel}","templated":true}]}}

<p>Chaqueta Outdoor de Esprit<br />
Material exterior resistente a la intemperie: transpirable e impermeable<br />
Cuello alto con cierre<br />
Cremallera oculta y solapa con botones a presión<br />
Dos bolsillos con cremallera a la altura del pecho<br />
Dos bolsillos con solapa y botones a presión<br />
Un bolsillo interior con cremallera</p>
<p>Con esta chaqueta de exterior, Esprit ha creado una gran prenda que puede hacer frente a cualquier clima.<br />
La capucha forrada es cálida y protectora, y los grandes bolsillos con solapa son especialmente prácticos.<br />
Los botones a presión sobre la cremallera y los puños interiores garantizan que el frío y el viento se queden fuera. La tecnología 3M Thinsulate hace que la chaqueta sea indispensable para tus actividades al aire libre.</p>
<p>Otros detalles, como los bolsillos adicionales a la altura del pecho, redondean maravillosamente el diseño.<br />
Con su cálido forro y su robusto material, esta chaqueta para hombre promete un confort óptimo.</p>
<p>Material: poliéster 100%<br />
Instrucciones de cuidado: Lavar a máquina</p>
<p>Color: negro<br />
Patrón: sin<br />
Talla: XXL</p>
<p>Anchura de los hombros: 52 cm<br />
Anchura del pecho: 144 cm<br />
Longitud de la manga: 69 cm<br />
Longitud total: 90 cm</p>

<table class="dv_characteristicsTable">
<tbody>
<tr>
<td class="left">Talla</td>
<td>XXL</td>
</tr>
<tr>
<td class="left">Größentyp</td>
<td>Normalgrößen</td>
</tr>
<tr>
<td class="left">Composición del material</td>
<td>100% Poliéster</td>
</tr>
<tr>
<td class="left">Materialart</td>
<td>Softshell</td>
</tr>
<tr>
<td class="left">Besonderheit</td>
<td>3M Thinsulate</td>
</tr>
<tr>
<td class="left">Materialeigenschaften</td>
<td>wasserundurchlässig, atmungsaktiv</td>
</tr>
<tr>
<td class="left">Instrucciones de cuidado</td>
<td>Lavado a máquina</td>
</tr>
<tr>
<td class="left">Stil</td>
<td>casual</td>
</tr>
<tr>
<td class="left">Color</td>
<td>schwarz</td>
</tr>
<tr>
<td class="left">Kragen</td>
<td>Cuello alto</td>
</tr>
<tr>
<td class="left">Ärmel</td>
<td>Manga larga</td>
</tr>
<tr>
<td class="left">Ärmelabschluss</td>
<td>Rippstrickbündchen</td>
</tr>
<tr>
<td class="left">Ärmeldetails</td>
<td>Badge</td>
</tr>
<tr>
<td class="left">Ajuste</td>
<td>normal</td>
</tr>
<tr>
<td class="left">Capó</td>
<td>mit Kapuze</td>
</tr>
<tr>
<td class="left">Kapuzendetails</td>
<td>gefüttert</td>
</tr>
<tr>
<td class="left">Kapuzenfütterung</td>
<td>in Jackenfarbe</td>
</tr>
<tr>
<td class="left">Applikationen</td>
<td>keine</td>
</tr>
<tr>
<td class="left">Bolsas</td>
<td>Pattentaschen, Eingrifftaschen, Brusttaschen, Innentasche</td>
</tr>
<tr>
<td class="left">Verschluss</td>
<td>Reißverschluss, Druckknöpfe</td>
</tr>
<tr>
<td class="left"></td>
<td></td>
</tr>
</tbody>
</table>
