{"id":82781,"date":"2023-12-14T03:06:34","date_gmt":"2023-12-14T02:06:34","guid":{"rendered":"https:\/\/www.soanam.de\/?post_type=product&#038;p=82781"},"modified":"2023-12-14T21:08:42","modified_gmt":"2023-12-14T20:08:42","slug":"vestido-de-playa-lascana-con-detalle-de-nudo-en-color-topo-talla-40","status":"publish","type":"product","link":"https:\/\/www.soanam.de\/es\/produkt\/lascana-strandkleid-mit-knotendetail-in-taupe-gr-40\/","title":{"rendered":"LASCANA vestido de playa con detalle de nudo, en color topo, talla 40"},"content":{"rendered":"<p>Vestido de playa de Lascana<br \/>\nCorreas anchas<br \/>\nDetalle de nudo en la parte delantera<br \/>\nBonito escote en V<br \/>\nSuave jersey de viscosa<\/p>\n<p>Este vestido de verano atemporal de Lascana atraer\u00e1 todas las miradas cada vez que vayas a la playa.<br \/>\nEl vestido cae recto en un estilo suave y fluido y te da mucha libertad de movimiento.<br \/>\nEl suave material de viscosa es perfecto para los d\u00edas c\u00e1lidos de verano. Resulta muy ligero y c\u00f3modo en contacto con la piel.<\/p>\n<p>Material: 95% viscosa, 5% elast\u00e1n<br \/>\nInstrucciones de cuidado: Lavar a m\u00e1quina<\/p>\n<p>Color: topo<br \/>\nPatr\u00f3n: sin<br \/>\nTalla: 40<\/p>\n<p>Anchura de los hombros: 37 cm<br \/>\nAnchura del pecho: 90 cm<br \/>\nLongitud de la manga: ----<br \/>\nLongitud total: 89 cm<\/p>","protected":false},"excerpt":{"rendered":"<table class=\"dv_characteristicsTable\">\n<tbody>\n<tr>\n<td class=\"left\">Talla<\/td>\n<td>40<\/td>\n<\/tr>\n<tr>\n<td class=\"left\">Gr\u00f6\u00dfentyp<\/td>\n<td>Normalgr\u00f6\u00dfen<\/td>\n<\/tr>\n<tr>\n<td class=\"left\">Composici\u00f3n del material<\/td>\n<td>Viscosa, elastano<\/td>\n<\/tr>\n<tr>\n<td class=\"left\">Materialart<\/td>\n<td>Single Jersey<\/td>\n<\/tr>\n<tr>\n<td class=\"left\">Materialeigenschaften<\/td>\n<td>elastisch<\/td>\n<\/tr>\n<tr>\n<td class=\"left\">Instrucciones de cuidado<\/td>\n<td>Lavado a m\u00e1quina<\/td>\n<\/tr>\n<tr>\n<td class=\"left\">Optik<\/td>\n<td>flie\u00dfend<\/td>\n<\/tr>\n<tr>\n<td class=\"left\">Stil<\/td>\n<td>modisch<\/td>\n<\/tr>\n<tr>\n<td class=\"left\">Ausschnitt<\/td>\n<td>Cuello en V<\/td>\n<\/tr>\n<tr>\n<td class=\"left\">\u00c4rmel<\/td>\n<td>ohne Arm<\/td>\n<\/tr>\n<tr>\n<td class=\"left\">Ajuste<\/td>\n<td>figurbetont<\/td>\n<\/tr>\n<tr>\n<td class=\"left\">L\u00e4nge<\/td>\n<td>mini<\/td>\n<\/tr>\n<tr>\n<td class=\"left\">Color<\/td>\n<td>taupe<\/td>\n<\/tr>\n<tr>\n<td class=\"left\">Merkmal<\/td>\n<td>Knoten<\/td>\n<\/tr>\n<tr>\n<td class=\"left\"><\/td>\n<td><\/td>\n<\/tr>\n<tr>\n<td class=\"left\"><\/td>\n<td><\/td>\n<\/tr>\n<\/tbody>\n<\/table>","protected":false},"featured_media":82877,"comment_status":"open","ping_status":"closed","template":"","meta":{"_seopress_robots_primary_cat":"","_seopress_titles_title":"","_seopress_titles_desc":"","_seopress_robots_index":""},"product_brand":[],"product_cat":[1348,1379,1542],"product_tag":[],"class_list":{"0":"post-82781","1":"product","2":"type-product","3":"status-publish","4":"has-post-thumbnail","6":"product_cat-damen-mode","7":"product_cat-kleider","8":"product_cat-traegerkleider","9":"product_shipping_class-standard-versand","11":"first","12":"instock","13":"taxable","14":"shipping-taxable","15":"purchasable","16":"product-type-simple"},"_links":{"self":[{"href":"https:\/\/www.soanam.de\/es\/wp-json\/wp\/v2\/product\/82781","targetHints":{"allow":["GET"]}}],"collection":[{"href":"https:\/\/www.soanam.de\/es\/wp-json\/wp\/v2\/product"}],"about":[{"href":"https:\/\/www.soanam.de\/es\/wp-json\/wp\/v2\/types\/product"}],"replies":[{"embeddable":true,"href":"https:\/\/www.soanam.de\/es\/wp-json\/wp\/v2\/comments?post=82781"}],"wp:featuredmedia":[{"embeddable":true,"href":"https:\/\/www.soanam.de\/es\/wp-json\/wp\/v2\/media\/82877"}],"wp:attachment":[{"href":"https:\/\/www.soanam.de\/es\/wp-json\/wp\/v2\/media?parent=82781"}],"wp:term":[{"taxonomy":"product_brand","embeddable":true,"href":"https:\/\/www.soanam.de\/es\/wp-json\/wp\/v2\/product_brand?post=82781"},{"taxonomy":"product_cat","embeddable":true,"href":"https:\/\/www.soanam.de\/es\/wp-json\/wp\/v2\/product_cat?post=82781"},{"taxonomy":"product_tag","embeddable":true,"href":"https:\/\/www.soanam.de\/es\/wp-json\/wp\/v2\/product_tag?post=82781"}],"curies":[{"name":"wp","href":"https:\/\/api.w.org\/{rel}","templated":true}]}}

<p>Vestido de playa de Lascana<br />
Correas anchas<br />
Detalle de nudo en la parte delantera<br />
Bonito escote en V<br />
Suave jersey de viscosa</p>
<p>Este vestido de verano atemporal de Lascana atraerá todas las miradas cada vez que vayas a la playa.<br />
El vestido cae recto en un estilo suave y fluido y te da mucha libertad de movimiento.<br />
El suave material de viscosa es perfecto para los días cálidos de verano. Resulta muy ligero y cómodo en contacto con la piel.</p>
<p>Material: 95% viscosa, 5% elastán<br />
Instrucciones de cuidado: Lavar a máquina</p>
<p>Color: topo<br />
Patrón: sin<br />
Talla: 40</p>
<p>Anchura de los hombros: 37 cm<br />
Anchura del pecho: 90 cm<br />
Longitud de la manga: ----<br />
Longitud total: 89 cm</p>

<table class="dv_characteristicsTable">
<tbody>
<tr>
<td class="left">Talla</td>
<td>40</td>
</tr>
<tr>
<td class="left">Größentyp</td>
<td>Normalgrößen</td>
</tr>
<tr>
<td class="left">Composición del material</td>
<td>Viscosa, elastano</td>
</tr>
<tr>
<td class="left">Materialart</td>
<td>Single Jersey</td>
</tr>
<tr>
<td class="left">Materialeigenschaften</td>
<td>elastisch</td>
</tr>
<tr>
<td class="left">Instrucciones de cuidado</td>
<td>Lavado a máquina</td>
</tr>
<tr>
<td class="left">Optik</td>
<td>fließend</td>
</tr>
<tr>
<td class="left">Stil</td>
<td>modisch</td>
</tr>
<tr>
<td class="left">Ausschnitt</td>
<td>Cuello en V</td>
</tr>
<tr>
<td class="left">Ärmel</td>
<td>ohne Arm</td>
</tr>
<tr>
<td class="left">Ajuste</td>
<td>figurbetont</td>
</tr>
<tr>
<td class="left">Länge</td>
<td>mini</td>
</tr>
<tr>
<td class="left">Color</td>
<td>taupe</td>
</tr>
<tr>
<td class="left">Merkmal</td>
<td>Knoten</td>
</tr>
<tr>
<td class="left"></td>
<td></td>
</tr>
<tr>
<td class="left"></td>
<td></td>
</tr>
</tbody>
</table>
