{"id":82681,"date":"2023-12-14T02:30:48","date_gmt":"2023-12-14T01:30:48","guid":{"rendered":"https:\/\/www.soanam.de\/?post_type=product&#038;p=82681"},"modified":"2023-12-14T03:05:35","modified_gmt":"2023-12-14T02:05:35","slug":"sommerrock-fiona-mit-blumenmuster-in-hellblau-gr-s","status":"publish","type":"product","link":"https:\/\/www.soanam.de\/es\/produkt\/sommerrock-fiona-mit-blumenmuster-in-hellblau-gr-s\/","title":{"rendered":"Falda de verano Fiona, con estampado floral, en azul claro, talla S"},"content":{"rendered":"<p>falda veraniega de l\u00ednea A<br \/>\nligeramente acampanado<br \/>\nque se ajusta a la rodilla<\/p>\n<p>Der Sommer kann kommen - mit diesem leichten und bequemen Sommerrock sind Sie bestens ausgestattet.<br \/>\nEsta colorida falda de punto de viscosa agradablemente suave te har\u00e1 desear el verano.<br \/>\nLa tela tiene un bonito estampado floral.<br \/>\nLa falda se sit\u00faa directamente a la altura de la cintura y la cintura el\u00e1stica garantiza un ajuste c\u00f3modo.<\/p>\n<p>Farbe: Hellblau<br \/>\nMaterial: viscosa 92%, elastano 8%<br \/>\nCuidados: Lavado suave<\/p>\n<p>Bundweite: 62cm<br \/>\nLongitud total: 57 cm<\/p>","protected":false},"excerpt":{"rendered":"<div class=\"pdp_details__characteristics-html\">\n<table class=\"dv_characteristicsTable\">\n<tbody>\n<tr>\n<td class=\"left\">\n<div><\/div>\n<div>Material\u00a0 \u00a0Viskose, Elasthan<\/div>\n<div>Farbe\u00a0 \u00a0 \u00a0 \u00a0hellblau<\/div>\n<div>Groesse\u00a0 S<\/div>\n<div>Optik\u00a0 \u00a0 \u00a0 \u00a0 gebluemt<\/div>\n<div>Merkmal\u00a0 \u00a0knieumspielend<\/div>\n<\/td>\n<td><\/td>\n<\/tr>\n<tr>\n<td class=\"left\"><\/td>\n<td><\/td>\n<\/tr>\n<tr>\n<td class=\"left\"><\/td>\n<td><\/td>\n<\/tr>\n<\/tbody>\n<\/table>\n<\/div>","protected":false},"featured_media":82758,"comment_status":"open","ping_status":"closed","template":"","meta":{"_seopress_robots_primary_cat":"","_seopress_titles_title":"","_seopress_titles_desc":"","_seopress_robots_index":""},"product_brand":[],"product_cat":[1348,1473,1474],"product_tag":[],"class_list":{"0":"post-82681","1":"product","2":"type-product","3":"status-publish","4":"has-post-thumbnail","6":"product_cat-damen-mode","7":"product_cat-roecke","8":"product_cat-midiroecke","9":"product_shipping_class-standard-versand","11":"first","12":"instock","13":"sale","14":"taxable","15":"shipping-taxable","16":"purchasable","17":"product-type-simple"},"_links":{"self":[{"href":"https:\/\/www.soanam.de\/es\/wp-json\/wp\/v2\/product\/82681","targetHints":{"allow":["GET"]}}],"collection":[{"href":"https:\/\/www.soanam.de\/es\/wp-json\/wp\/v2\/product"}],"about":[{"href":"https:\/\/www.soanam.de\/es\/wp-json\/wp\/v2\/types\/product"}],"replies":[{"embeddable":true,"href":"https:\/\/www.soanam.de\/es\/wp-json\/wp\/v2\/comments?post=82681"}],"wp:featuredmedia":[{"embeddable":true,"href":"https:\/\/www.soanam.de\/es\/wp-json\/wp\/v2\/media\/82758"}],"wp:attachment":[{"href":"https:\/\/www.soanam.de\/es\/wp-json\/wp\/v2\/media?parent=82681"}],"wp:term":[{"taxonomy":"product_brand","embeddable":true,"href":"https:\/\/www.soanam.de\/es\/wp-json\/wp\/v2\/product_brand?post=82681"},{"taxonomy":"product_cat","embeddable":true,"href":"https:\/\/www.soanam.de\/es\/wp-json\/wp\/v2\/product_cat?post=82681"},{"taxonomy":"product_tag","embeddable":true,"href":"https:\/\/www.soanam.de\/es\/wp-json\/wp\/v2\/product_tag?post=82681"}],"curies":[{"name":"wp","href":"https:\/\/api.w.org\/{rel}","templated":true}]}}

<p>falda veraniega de línea A<br />
ligeramente acampanado<br />
que se ajusta a la rodilla</p>
<p>Der Sommer kann kommen - mit diesem leichten und bequemen Sommerrock sind Sie bestens ausgestattet.<br />
Esta colorida falda de punto de viscosa agradablemente suave te hará desear el verano.<br />
La tela tiene un bonito estampado floral.<br />
La falda se sitúa directamente a la altura de la cintura y la cintura elástica garantiza un ajuste cómodo.</p>
<p>Farbe: Hellblau<br />
Material: viscosa 92%, elastano 8%<br />
Cuidados: Lavado suave</p>
<p>Bundweite: 62cm<br />
Longitud total: 57 cm</p>
