{"id":82585,"date":"2023-12-14T02:27:36","date_gmt":"2023-12-14T01:27:36","guid":{"rendered":"https:\/\/www.soanam.de\/?post_type=product&#038;p=82585"},"modified":"2023-12-14T02:30:41","modified_gmt":"2023-12-14T01:30:41","slug":"bruno-banani-lederguertel-glattleder-in-grau-mit-klassischer-dornschliesse-gr-85","status":"publish","type":"product","link":"https:\/\/www.soanam.de\/es\/produkt\/bruno-banani-lederguertel-glattleder-in-grau-mit-klassischer-dornschliesse-gr-85\/","title":{"rendered":"Bruno Banani Lederg\u00fcrtel Glattleder in Grau mit klassischer Dornschlie\u00dfe, Gr. 85"},"content":{"rendered":"<p>100 % echt Leder G\u00fcrtel<br \/>\nQualitativ, stilvoll, robust, rei\u00dffest<br \/>\nLederg\u00fcrtel Breite: ca. 3,5 cm<br \/>\nMit schlichter bb Pr\u00e4gung<\/p>\n<p>Der klassische Lederg\u00fcrtels von Bruno Banani zeichnet sich durch seinen zeitlosen, eleganten Stil aus, der spielend leicht zu kombinieren ist.<br \/>\nAdem\u00e1s, la hebilla de pasador brillante y angulosa encaja a la perfecci\u00f3n en el sencillo y bello aspecto general del accesorio.<br \/>\nDie Weite l\u00e4sst sich bequem in sechs Stufen regulieren.<\/p>\n<p>Material: cuero 100%<br \/>\nColor: gris<br \/>\nTama\u00f1o: 85<br \/>\nBreite: 3,5 cm<\/p>","protected":false},"excerpt":{"rendered":"<div class=\"pdp_details__characteristics-html\">\n<table class=\"dv_characteristicsTable\">\n<tbody>\n<tr>\n<td class=\"left\">Talla<\/td>\n<td>85<\/td>\n<\/tr>\n<tr>\n<td class=\"left\">Composici\u00f3n del material<\/td>\n<td>Material exterior: cuero 100%<\/td>\n<\/tr>\n<tr>\n<td class=\"left\">Material<\/td>\n<td>Piel<\/td>\n<\/tr>\n<tr>\n<td class=\"left\">Material Schlie\u00dfe<\/td>\n<td>Metall<\/td>\n<\/tr>\n<tr>\n<td class=\"left\">Color<\/td>\n<td>grau<\/td>\n<\/tr>\n<tr>\n<td class=\"left\">Optik<\/td>\n<td>unifarben<\/td>\n<\/tr>\n<tr>\n<td class=\"left\">Stil<\/td>\n<td>Basic, robust, klassisch<\/td>\n<\/tr>\n<tr>\n<td class=\"left\">Verschluss<\/td>\n<td>Einfachdornschlie\u00dfe<\/td>\n<\/tr>\n<tr>\n<td class=\"left\">Breite des G\u00fcrtels<\/td>\n<td>3 cm<\/td>\n<\/tr>\n<\/tbody>\n<\/table>\n<\/div>","protected":false},"featured_media":82676,"comment_status":"open","ping_status":"closed","template":"","meta":{"_seopress_robots_primary_cat":"","_seopress_titles_title":"","_seopress_titles_desc":"","_seopress_robots_index":""},"product_brand":[],"product_cat":[1348,1357,1716],"product_tag":[],"class_list":{"0":"post-82585","1":"product","2":"type-product","3":"status-publish","4":"has-post-thumbnail","6":"product_cat-damen-mode","7":"product_cat-accessoires","8":"product_cat-guertel-accessoires","9":"product_shipping_class-standard-versand","11":"first","12":"instock","13":"sale","14":"taxable","15":"shipping-taxable","16":"purchasable","17":"product-type-simple"},"_links":{"self":[{"href":"https:\/\/www.soanam.de\/es\/wp-json\/wp\/v2\/product\/82585","targetHints":{"allow":["GET"]}}],"collection":[{"href":"https:\/\/www.soanam.de\/es\/wp-json\/wp\/v2\/product"}],"about":[{"href":"https:\/\/www.soanam.de\/es\/wp-json\/wp\/v2\/types\/product"}],"replies":[{"embeddable":true,"href":"https:\/\/www.soanam.de\/es\/wp-json\/wp\/v2\/comments?post=82585"}],"wp:featuredmedia":[{"embeddable":true,"href":"https:\/\/www.soanam.de\/es\/wp-json\/wp\/v2\/media\/82676"}],"wp:attachment":[{"href":"https:\/\/www.soanam.de\/es\/wp-json\/wp\/v2\/media?parent=82585"}],"wp:term":[{"taxonomy":"product_brand","embeddable":true,"href":"https:\/\/www.soanam.de\/es\/wp-json\/wp\/v2\/product_brand?post=82585"},{"taxonomy":"product_cat","embeddable":true,"href":"https:\/\/www.soanam.de\/es\/wp-json\/wp\/v2\/product_cat?post=82585"},{"taxonomy":"product_tag","embeddable":true,"href":"https:\/\/www.soanam.de\/es\/wp-json\/wp\/v2\/product_tag?post=82585"}],"curies":[{"name":"wp","href":"https:\/\/api.w.org\/{rel}","templated":true}]}}

Bruno Banani Ledergürtel Glattleder in Grau mit klassischer Dornschließe, Gr. 85

<p>100 % echt Leder Gürtel<br />
Qualitativ, stilvoll, robust, reißfest<br />
Ledergürtel Breite: ca. 3,5 cm<br />
Mit schlichter bb Prägung</p>
<p>Der klassische Ledergürtels von Bruno Banani zeichnet sich durch seinen zeitlosen, eleganten Stil aus, der spielend leicht zu kombinieren ist.<br />
Además, la hebilla de pasador brillante y angulosa encaja a la perfección en el sencillo y bello aspecto general del accesorio.<br />
Die Weite lässt sich bequem in sechs Stufen regulieren.</p>
<p>Material: cuero 100%<br />
Color: gris<br />
Tamaño: 85<br />
Breite: 3,5 cm</p>

<div class="pdp_details__characteristics-html">
<table class="dv_characteristicsTable">
<tbody>
<tr>
<td class="left">Talla</td>
<td>85</td>
</tr>
<tr>
<td class="left">Composición del material</td>
<td>Material exterior: cuero 100%</td>
</tr>
<tr>
<td class="left">Material</td>
<td>Piel</td>
</tr>
<tr>
<td class="left">Material Schließe</td>
<td>Metall</td>
</tr>
<tr>
<td class="left">Color</td>
<td>grau</td>
</tr>
<tr>
<td class="left">Optik</td>
<td>unifarben</td>
</tr>
<tr>
<td class="left">Stil</td>
<td>Basic, robust, klassisch</td>
</tr>
<tr>
<td class="left">Verschluss</td>
<td>Einfachdornschließe</td>
</tr>
<tr>
<td class="left">Breite des Gürtels</td>
<td>3 cm</td>
</tr>
</tbody>
</table>
</div>
