{"id":82569,"date":"2023-12-14T02:27:12","date_gmt":"2023-12-14T01:27:12","guid":{"rendered":"https:\/\/www.soanam.de\/?post_type=product&#038;p=82569"},"modified":"2023-12-14T02:30:29","modified_gmt":"2023-12-14T01:30:29","slug":"cinturon-de-cuero-j-jayz-cuero-liso-mate-con-hebilla-clasica-gr-95","status":"publish","type":"product","link":"https:\/\/www.soanam.de\/es\/produkt\/j-jayz-lederguertel-glattleder-matt-mit-klassischer-dornschliesse-gr-95\/","title":{"rendered":"Cintur\u00f3n J.Jayz de cuero liso mate, con hebilla cl\u00e1sica, talla 95"},"content":{"rendered":"<p>Cintur\u00f3n cl\u00e1sico de se\u00f1ora<br \/>\nCon cierre brillante<br \/>\nPiel revestida<br \/>\nVers\u00e1til y port\u00e1til<\/p>\n<p>El cl\u00e1sico cintur\u00f3n de piel de J. Jayz se caracteriza por su estilo atemporal y elegante, f\u00e1cil de combinar.<br \/>\nAdem\u00e1s, la hebilla de pasador brillante y angulosa encaja a la perfecci\u00f3n en el sencillo y bello aspecto general del accesorio.<br \/>\nLa anchura puede ajustarse f\u00e1cilmente en cinco etapas.<\/p>\n<p>Material: cuero 100%<br \/>\nColor: co\u00f1ac<br \/>\nTama\u00f1o: 95<br \/>\nAnchura: 3 cm<\/p>","protected":false},"excerpt":{"rendered":"<div class=\"pdp_details__characteristics-html\">\n<table class=\"dv_characteristicsTable\">\n<tbody>\n<tr>\n<td class=\"left\">Talla<\/td>\n<td>95<\/td>\n<\/tr>\n<tr>\n<td class=\"left\">Composici\u00f3n del material<\/td>\n<td>Material exterior: cuero 100%<\/td>\n<\/tr>\n<tr>\n<td class=\"left\">Material<\/td>\n<td>Piel<\/td>\n<\/tr>\n<tr>\n<td class=\"left\">Material Schlie\u00dfe<\/td>\n<td>Metall<\/td>\n<\/tr>\n<tr>\n<td class=\"left\">Color<\/td>\n<td>cognac<\/td>\n<\/tr>\n<tr>\n<td class=\"left\">Optik<\/td>\n<td>unifarben<\/td>\n<\/tr>\n<tr>\n<td class=\"left\">Stil<\/td>\n<td>Basic, casual, modisch, klassisch<\/td>\n<\/tr>\n<tr>\n<td class=\"left\">Verschluss<\/td>\n<td>Einfachdornschlie\u00dfe<\/td>\n<\/tr>\n<tr>\n<td class=\"left\">Breite des G\u00fcrtels<\/td>\n<td>3 cm<\/td>\n<\/tr>\n<\/tbody>\n<\/table>\n<\/div>","protected":false},"featured_media":82673,"comment_status":"open","ping_status":"closed","template":"","meta":{"_seopress_robots_primary_cat":"","_seopress_titles_title":"","_seopress_titles_desc":"","_seopress_robots_index":""},"product_brand":[],"product_cat":[1348,1357,1716],"product_tag":[],"class_list":{"0":"post-82569","1":"product","2":"type-product","3":"status-publish","4":"has-post-thumbnail","6":"product_cat-damen-mode","7":"product_cat-accessoires","8":"product_cat-guertel-accessoires","9":"product_shipping_class-standard-versand","11":"first","12":"instock","13":"sale","14":"taxable","15":"shipping-taxable","16":"purchasable","17":"product-type-simple"},"_links":{"self":[{"href":"https:\/\/www.soanam.de\/es\/wp-json\/wp\/v2\/product\/82569","targetHints":{"allow":["GET"]}}],"collection":[{"href":"https:\/\/www.soanam.de\/es\/wp-json\/wp\/v2\/product"}],"about":[{"href":"https:\/\/www.soanam.de\/es\/wp-json\/wp\/v2\/types\/product"}],"replies":[{"embeddable":true,"href":"https:\/\/www.soanam.de\/es\/wp-json\/wp\/v2\/comments?post=82569"}],"wp:featuredmedia":[{"embeddable":true,"href":"https:\/\/www.soanam.de\/es\/wp-json\/wp\/v2\/media\/82673"}],"wp:attachment":[{"href":"https:\/\/www.soanam.de\/es\/wp-json\/wp\/v2\/media?parent=82569"}],"wp:term":[{"taxonomy":"product_brand","embeddable":true,"href":"https:\/\/www.soanam.de\/es\/wp-json\/wp\/v2\/product_brand?post=82569"},{"taxonomy":"product_cat","embeddable":true,"href":"https:\/\/www.soanam.de\/es\/wp-json\/wp\/v2\/product_cat?post=82569"},{"taxonomy":"product_tag","embeddable":true,"href":"https:\/\/www.soanam.de\/es\/wp-json\/wp\/v2\/product_tag?post=82569"}],"curies":[{"name":"wp","href":"https:\/\/api.w.org\/{rel}","templated":true}]}}

Cinturón J.Jayz de cuero liso mate, con hebilla clásica, talla 95

<p>Cinturón clásico de señora<br />
Con cierre brillante<br />
Piel revestida<br />
Versátil y portátil</p>
<p>El clásico cinturón de piel de J. Jayz se caracteriza por su estilo atemporal y elegante, fácil de combinar.<br />
Además, la hebilla de pasador brillante y angulosa encaja a la perfección en el sencillo y bello aspecto general del accesorio.<br />
La anchura puede ajustarse fácilmente en cinco etapas.</p>
<p>Material: cuero 100%<br />
Color: coñac<br />
Tamaño: 95<br />
Anchura: 3 cm</p>

<div class="pdp_details__characteristics-html">
<table class="dv_characteristicsTable">
<tbody>
<tr>
<td class="left">Talla</td>
<td>95</td>
</tr>
<tr>
<td class="left">Composición del material</td>
<td>Material exterior: cuero 100%</td>
</tr>
<tr>
<td class="left">Material</td>
<td>Piel</td>
</tr>
<tr>
<td class="left">Material Schließe</td>
<td>Metall</td>
</tr>
<tr>
<td class="left">Color</td>
<td>cognac</td>
</tr>
<tr>
<td class="left">Optik</td>
<td>unifarben</td>
</tr>
<tr>
<td class="left">Stil</td>
<td>Basic, casual, modisch, klassisch</td>
</tr>
<tr>
<td class="left">Verschluss</td>
<td>Einfachdornschließe</td>
</tr>
<tr>
<td class="left">Breite des Gürtels</td>
<td>3 cm</td>
</tr>
</tbody>
</table>
</div>
