{"id":82568,"date":"2023-12-14T02:27:12","date_gmt":"2023-12-14T01:27:12","guid":{"rendered":"https:\/\/www.soanam.de\/?post_type=product&#038;p=82568"},"modified":"2023-12-14T02:30:22","modified_gmt":"2023-12-14T01:30:22","slug":"h-i-s-lederguertel-in-cognac-gr-105","status":"publish","type":"product","link":"https:\/\/www.soanam.de\/es\/produkt\/h-i-s-lederguertel-in-cognac-gr-105\/","title":{"rendered":"Cintur\u00f3n de piel H.I.S. en co\u00f1ac, talla 105"},"content":{"rendered":"<p>Modischer Herreng\u00fcrtel<br \/>\nAbgerundete Schlie\u00dfe<br \/>\nMit Logo<br \/>\nVers\u00e1til y port\u00e1til<\/p>\n<p>Der Lederg\u00fcrtel von H.I.S ist ein ebenso klassisches wie haltbares Accessoire.<br \/>\nEine unkomplizierte Einfachdornschlie\u00dfe schlie\u00dft und fixiert den G\u00fcrtel.<br \/>\nDas Uni-Design ist elegant und passt zu schlichten Outfits genauso gut wie zu ausgefalleneren Stylings.<br \/>\nDas strapazierf\u00e4hige Leder ist geschmeidig und dennoch formstabil.<\/p>\n<p>Material: cuero 100%<br \/>\nColor: co\u00f1ac<br \/>\nGr\u00f6\u00dfe: 105<br \/>\nBreite: 4 cm<\/p>","protected":false},"excerpt":{"rendered":"<div class=\"pdp_details__characteristics-html\">\n<table class=\"dv_characteristicsTable\">\n<tbody>\n<tr>\n<td class=\"left\">Talla<\/td>\n<td>105<\/td>\n<\/tr>\n<tr>\n<td class=\"left\">Composici\u00f3n del material<\/td>\n<td>Material exterior: cuero 100%<\/td>\n<\/tr>\n<tr>\n<td class=\"left\">Material<\/td>\n<td>Piel<\/td>\n<\/tr>\n<tr>\n<td class=\"left\">Material Schlie\u00dfe<\/td>\n<td>Metall<\/td>\n<\/tr>\n<tr>\n<td class=\"left\">Color<\/td>\n<td>cognac<\/td>\n<\/tr>\n<tr>\n<td class=\"left\">Optik<\/td>\n<td>unifarben<\/td>\n<\/tr>\n<tr>\n<td class=\"left\">Stil<\/td>\n<td>Basic, casual, modisch, klassisch<\/td>\n<\/tr>\n<tr>\n<td class=\"left\">Verschluss<\/td>\n<td>Einfachdornschlie\u00dfe<\/td>\n<\/tr>\n<tr>\n<td class=\"left\">Breite des G\u00fcrtels<\/td>\n<td>4 cm<\/td>\n<\/tr>\n<\/tbody>\n<\/table>\n<\/div>","protected":false},"featured_media":82667,"comment_status":"open","ping_status":"closed","template":"","meta":{"_seopress_robots_primary_cat":"","_seopress_titles_title":"","_seopress_titles_desc":"","_seopress_robots_index":""},"product_brand":[],"product_cat":[1345,1387,1715],"product_tag":[],"class_list":{"0":"post-82568","1":"product","2":"type-product","3":"status-publish","4":"has-post-thumbnail","6":"product_cat-herrenmode","7":"product_cat-accessoires-herrenmode","8":"product_cat-guertel","9":"product_shipping_class-standard-versand","11":"first","12":"instock","13":"taxable","14":"shipping-taxable","15":"purchasable","16":"product-type-simple"},"_links":{"self":[{"href":"https:\/\/www.soanam.de\/es\/wp-json\/wp\/v2\/product\/82568","targetHints":{"allow":["GET"]}}],"collection":[{"href":"https:\/\/www.soanam.de\/es\/wp-json\/wp\/v2\/product"}],"about":[{"href":"https:\/\/www.soanam.de\/es\/wp-json\/wp\/v2\/types\/product"}],"replies":[{"embeddable":true,"href":"https:\/\/www.soanam.de\/es\/wp-json\/wp\/v2\/comments?post=82568"}],"wp:featuredmedia":[{"embeddable":true,"href":"https:\/\/www.soanam.de\/es\/wp-json\/wp\/v2\/media\/82667"}],"wp:attachment":[{"href":"https:\/\/www.soanam.de\/es\/wp-json\/wp\/v2\/media?parent=82568"}],"wp:term":[{"taxonomy":"product_brand","embeddable":true,"href":"https:\/\/www.soanam.de\/es\/wp-json\/wp\/v2\/product_brand?post=82568"},{"taxonomy":"product_cat","embeddable":true,"href":"https:\/\/www.soanam.de\/es\/wp-json\/wp\/v2\/product_cat?post=82568"},{"taxonomy":"product_tag","embeddable":true,"href":"https:\/\/www.soanam.de\/es\/wp-json\/wp\/v2\/product_tag?post=82568"}],"curies":[{"name":"wp","href":"https:\/\/api.w.org\/{rel}","templated":true}]}}

Cinturón de piel H.I.S. en coñac, talla 105

<p>Modischer Herrengürtel<br />
Abgerundete Schließe<br />
Mit Logo<br />
Versátil y portátil</p>
<p>Der Ledergürtel von H.I.S ist ein ebenso klassisches wie haltbares Accessoire.<br />
Eine unkomplizierte Einfachdornschließe schließt und fixiert den Gürtel.<br />
Das Uni-Design ist elegant und passt zu schlichten Outfits genauso gut wie zu ausgefalleneren Stylings.<br />
Das strapazierfähige Leder ist geschmeidig und dennoch formstabil.</p>
<p>Material: cuero 100%<br />
Color: coñac<br />
Größe: 105<br />
Breite: 4 cm</p>

<div class="pdp_details__characteristics-html">
<table class="dv_characteristicsTable">
<tbody>
<tr>
<td class="left">Talla</td>
<td>105</td>
</tr>
<tr>
<td class="left">Composición del material</td>
<td>Material exterior: cuero 100%</td>
</tr>
<tr>
<td class="left">Material</td>
<td>Piel</td>
</tr>
<tr>
<td class="left">Material Schließe</td>
<td>Metall</td>
</tr>
<tr>
<td class="left">Color</td>
<td>cognac</td>
</tr>
<tr>
<td class="left">Optik</td>
<td>unifarben</td>
</tr>
<tr>
<td class="left">Stil</td>
<td>Basic, casual, modisch, klassisch</td>
</tr>
<tr>
<td class="left">Verschluss</td>
<td>Einfachdornschließe</td>
</tr>
<tr>
<td class="left">Breite des Gürtels</td>
<td>4 cm</td>
</tr>
</tbody>
</table>
</div>
