{"id":82492,"date":"2023-12-14T02:25:48","date_gmt":"2023-12-14T01:25:48","guid":{"rendered":"https:\/\/www.soanam.de\/?post_type=product&#038;p=82492"},"modified":"2023-12-14T02:26:55","modified_gmt":"2023-12-14T01:26:55","slug":"mi-casa-cortina-blackout-solana-2-piezas-con-ojales-en-arena-tamano-140cmx225cm-b-ware","status":"publish","type":"product","link":"https:\/\/www.soanam.de\/es\/produkt\/my-home-verdunklungsvorhang-solana-2-stk-mit-oesen-in-sand-groesse-140cmx225cm-b-ware\/","title":{"rendered":"mi casa cortina opaca Solana, 2 piezas, con ojales, en arena, tama\u00f1o 140cmx225cm, B-goods"},"content":{"rendered":"<p>Tejido opaco<br \/>\nTejido termorrepelente y resistente al fr\u00edo<br \/>\nVolumen de suministro: 2 bufandas<br \/>\nCon ojales<\/p>\n<p>La cortina lisa Solana de la gama my home pone nuevos acentos.<br \/>\nEl tejido utilizado en este caso es opaco, por lo que tambi\u00e9n sirve como fiable pantalla de privacidad contra miradas indeseadas desde el exterior.<br \/>\nEl material tambi\u00e9n tiene la ventaja de que repele el calor y el fr\u00edo, creando as\u00ed un buen clima interior.<br \/>\nLas cortinas pueden lavarse a m\u00e1quina a 30 \u00b0C en ciclo delicado.<\/p>\n<p>Material: Parte superior: poli\u00e9ster 100%<br \/>\nInstrucciones de cuidado: Lavado suave<\/p>\n<p>Color: arena<br \/>\nPatr\u00f3n: sin<br \/>\nTama\u00f1o: ancho 140 cm x largo 225 cm<br \/>\nNota: Las dimensiones indicadas son las de la tela. Cuando la ventana est\u00e1 totalmente decorada, la anchura se reduce aproximadamente a la mitad.<\/p>\n<p>Se cuelga mediante ojales (di\u00e1metro aprox. 35 mm) en la barra de la cortina.<\/p>\n<p>Nota: Se trata de un art\u00edculo de segunda mano. Se ha desprendido un hilo de uno de los dos pa\u00f1uelos, v\u00e9ase la \u00faltima foto.<\/p>","protected":false},"excerpt":{"rendered":"<table class=\"dv_characteristicsTable\">\n<tbody>\n<tr>\n<td class=\"left\">Gewicht<\/td>\n<td>230 g\/m\u00b2<\/td>\n<\/tr>\n<tr>\n<td class=\"left\">Breite<\/td>\n<td>140 cm<\/td>\n<\/tr>\n<tr>\n<td class=\"left\">H\u00f6he<\/td>\n<td>225 cm<\/td>\n<\/tr>\n<\/tbody>\n<\/table>\n<table class=\"dv_characteristicsTable\">\n<tbody>\n<tr>\n<td class=\"left\">Aufh\u00e4ngung<\/td>\n<td>\u00d6sen<\/td>\n<\/tr>\n<\/tbody>\n<\/table>\n<table class=\"dv_characteristicsTable\">\n<tbody>\n<tr>\n<td class=\"left\">Funciones<\/td>\n<td>energiesparend<\/td>\n<\/tr>\n<\/tbody>\n<\/table>\n<table class=\"dv_characteristicsTable\">\n<tbody>\n<tr>\n<td class=\"left\">Color<\/td>\n<td>arena<\/td>\n<\/tr>\n<tr>\n<td class=\"left\">Transparenz<\/td>\n<td>verdunkelnd<\/td>\n<\/tr>\n<tr>\n<td class=\"left\">Oberfl\u00e4chenstruktur<\/td>\n<td>glatt<\/td>\n<\/tr>\n<tr>\n<td class=\"left\">Design<\/td>\n<td>unifarben<\/td>\n<\/tr>\n<\/tbody>\n<\/table>\n<table class=\"dv_characteristicsTable\">\n<tbody>\n<tr>\n<td class=\"left\">Composici\u00f3n del material<\/td>\n<td>Material superior: poli\u00e9ster 100%<\/td>\n<\/tr>\n<tr>\n<td class=\"left\">Material<\/td>\n<td>Poli\u00e9ster<\/td>\n<\/tr>\n<tr>\n<td class=\"left\">Material Aufh\u00e4ngung<\/td>\n<td>Metall<\/td>\n<\/tr>\n<\/tbody>\n<\/table>\n<table class=\"dv_characteristicsTable\">\n<tbody>\n<tr>\n<td class=\"left\">Anzahl Teile<\/td>\n<td>2 St.<\/td>\n<\/tr>\n<\/tbody>\n<\/table>\n<table class=\"dv_characteristicsTable\">\n<tbody>\n<tr>\n<td class=\"left\">Instrucciones de cuidado<\/td>\n<td>30\u00b0C Schonw\u00e4sche<\/td>\n<\/tr>\n<\/tbody>\n<\/table>","protected":false},"featured_media":82551,"comment_status":"open","ping_status":"closed","template":"","meta":{"_seopress_robots_primary_cat":"","_seopress_titles_title":"","_seopress_titles_desc":"","_seopress_robots_index":""},"product_brand":[],"product_cat":[1400,1420],"product_tag":[],"class_list":{"0":"post-82492","1":"product","2":"type-product","3":"status-publish","4":"has-post-thumbnail","6":"product_cat-wohnzubehoer","7":"product_cat-wohndekoration","8":"product_shipping_class-standard-versand","10":"first","11":"instock","12":"sale","13":"taxable","14":"shipping-taxable","15":"purchasable","16":"product-type-simple"},"_links":{"self":[{"href":"https:\/\/www.soanam.de\/es\/wp-json\/wp\/v2\/product\/82492","targetHints":{"allow":["GET"]}}],"collection":[{"href":"https:\/\/www.soanam.de\/es\/wp-json\/wp\/v2\/product"}],"about":[{"href":"https:\/\/www.soanam.de\/es\/wp-json\/wp\/v2\/types\/product"}],"replies":[{"embeddable":true,"href":"https:\/\/www.soanam.de\/es\/wp-json\/wp\/v2\/comments?post=82492"}],"wp:featuredmedia":[{"embeddable":true,"href":"https:\/\/www.soanam.de\/es\/wp-json\/wp\/v2\/media\/82551"}],"wp:attachment":[{"href":"https:\/\/www.soanam.de\/es\/wp-json\/wp\/v2\/media?parent=82492"}],"wp:term":[{"taxonomy":"product_brand","embeddable":true,"href":"https:\/\/www.soanam.de\/es\/wp-json\/wp\/v2\/product_brand?post=82492"},{"taxonomy":"product_cat","embeddable":true,"href":"https:\/\/www.soanam.de\/es\/wp-json\/wp\/v2\/product_cat?post=82492"},{"taxonomy":"product_tag","embeddable":true,"href":"https:\/\/www.soanam.de\/es\/wp-json\/wp\/v2\/product_tag?post=82492"}],"curies":[{"name":"wp","href":"https:\/\/api.w.org\/{rel}","templated":true}]}}

mi casa cortina opaca Solana, 2 piezas, con ojales, en arena, tamaño 140cmx225cm, B-goods

<p>Tejido opaco<br />
Tejido termorrepelente y resistente al frío<br />
Volumen de suministro: 2 bufandas<br />
Con ojales</p>
<p>La cortina lisa Solana de la gama my home pone nuevos acentos.<br />
El tejido utilizado en este caso es opaco, por lo que también sirve como fiable pantalla de privacidad contra miradas indeseadas desde el exterior.<br />
El material también tiene la ventaja de que repele el calor y el frío, creando así un buen clima interior.<br />
Las cortinas pueden lavarse a máquina a 30 °C en ciclo delicado.</p>
<p>Material: Parte superior: poliéster 100%<br />
Instrucciones de cuidado: Lavado suave</p>
<p>Color: arena<br />
Patrón: sin<br />
Tamaño: ancho 140 cm x largo 225 cm<br />
Nota: Las dimensiones indicadas son las de la tela. Cuando la ventana está totalmente decorada, la anchura se reduce aproximadamente a la mitad.</p>
<p>Se cuelga mediante ojales (diámetro aprox. 35 mm) en la barra de la cortina.</p>
<p>Nota: Se trata de un artículo de segunda mano. Se ha desprendido un hilo de uno de los dos pañuelos, véase la última foto.</p>

<table class="dv_characteristicsTable">
<tbody>
<tr>
<td class="left">Gewicht</td>
<td>230 g/m²</td>
</tr>
<tr>
<td class="left">Breite</td>
<td>140 cm</td>
</tr>
<tr>
<td class="left">Höhe</td>
<td>225 cm</td>
</tr>
</tbody>
</table>
<table class="dv_characteristicsTable">
<tbody>
<tr>
<td class="left">Aufhängung</td>
<td>Ösen</td>
</tr>
</tbody>
</table>
<table class="dv_characteristicsTable">
<tbody>
<tr>
<td class="left">Funciones</td>
<td>energiesparend</td>
</tr>
</tbody>
</table>
<table class="dv_characteristicsTable">
<tbody>
<tr>
<td class="left">Color</td>
<td>arena</td>
</tr>
<tr>
<td class="left">Transparenz</td>
<td>verdunkelnd</td>
</tr>
<tr>
<td class="left">Oberflächenstruktur</td>
<td>glatt</td>
</tr>
<tr>
<td class="left">Design</td>
<td>unifarben</td>
</tr>
</tbody>
</table>
<table class="dv_characteristicsTable">
<tbody>
<tr>
<td class="left">Composición del material</td>
<td>Material superior: poliéster 100%</td>
</tr>
<tr>
<td class="left">Material</td>
<td>Poliéster</td>
</tr>
<tr>
<td class="left">Material Aufhängung</td>
<td>Metall</td>
</tr>
</tbody>
</table>
<table class="dv_characteristicsTable">
<tbody>
<tr>
<td class="left">Anzahl Teile</td>
<td>2 St.</td>
</tr>
</tbody>
</table>
<table class="dv_characteristicsTable">
<tbody>
<tr>
<td class="left">Instrucciones de cuidado</td>
<td>30°C Schonwäsche</td>
</tr>
</tbody>
</table>
