{"id":82491,"date":"2023-12-14T02:25:48","date_gmt":"2023-12-14T01:25:48","guid":{"rendered":"https:\/\/www.soanam.de\/?post_type=product&#038;p=82491"},"modified":"2023-12-14T02:26:49","modified_gmt":"2023-12-14T01:26:49","slug":"home-affaire-vorhang-parry-2-stk-mit-oesen-in-silber-groesse-140cmx175cm-b-ware","status":"publish","type":"product","link":"https:\/\/www.soanam.de\/es\/produkt\/home-affaire-vorhang-parry-2-stk-mit-oesen-in-silber-groesse-140cmx175cm-b-ware\/","title":{"rendered":"home affaire Vorhang Parry, 2 Stk, mit \u00d6sen, in Silber, Gr\u00f6\u00dfe 140cmx175cm, B-Ware"},"content":{"rendered":"<p>Tejido opaco: Para oscurecer ligeramente las habitaciones.<br \/>\nMicrofibra de f\u00e1cil cuidado<br \/>\nCalidad muy fina y ligera, s\u00f3lo 90 g\/m\u00b2.<br \/>\nLavable a 30 grados en ciclo delicado<\/p>\n<p>Mit dem modernen 2-tlg. Vorhang Parry von Home affaire lassen sich individuelle Einrichtungskonzepte verwirklichen.<br \/>\nEr ist am oberen Saum mit eingefassten \u00d6sen ausgestattet, um dir das Aufh\u00e4ngen an einer Gardinenschiene zu erleichtern.<br \/>\nDie Reinigung des pflegeleichten Microfaser Vorhangs erfolgt maschinell bei 30 \u00b0C im Schonwaschgang.<\/p>\n<p>Material: Parte superior: poli\u00e9ster 100%<br \/>\nInstrucciones de cuidado: Lavado suave<\/p>\n<p>Farbe: silberfarben<br \/>\nPatr\u00f3n: sin<br \/>\nGr\u00f6\u00dfe: Breite 140cm x L\u00e4nge 175cm<br \/>\nNota: Las dimensiones indicadas son las de la tela. Cuando la ventana est\u00e1 totalmente decorada, la anchura se reduce aproximadamente a la mitad.<\/p>\n<p>Se cuelga mediante ojales (di\u00e1metro aprox. 35 mm) en la barra de la cortina.<\/p>\n<p>Nota: Se trata de un art\u00edculo de segunda mano. Se ha desprendido un hilo de uno de los dos pa\u00f1uelos, v\u00e9ase la \u00faltima foto.<\/p>","protected":false},"excerpt":{"rendered":"<table class=\"dv_characteristicsTable\">\n<tbody>\n<tr>\n<td class=\"left\">Gewicht<\/td>\n<td>90 g\/m\u00b2<\/td>\n<\/tr>\n<tr>\n<td class=\"left\">Breite<\/td>\n<td>140 cm<\/td>\n<\/tr>\n<tr>\n<td class=\"left\">H\u00f6he<\/td>\n<td>175 cm<\/td>\n<\/tr>\n<\/tbody>\n<\/table>\n<table class=\"dv_characteristicsTable\">\n<tbody>\n<tr>\n<td class=\"left\">Aufh\u00e4ngung<\/td>\n<td>\u00d6sen<\/td>\n<\/tr>\n<tr>\n<td class=\"left\">Abschluss<\/td>\n<td>gerader Abschluss<\/td>\n<\/tr>\n<\/tbody>\n<\/table>\n<table class=\"dv_characteristicsTable\">\n<tbody>\n<tr>\n<td class=\"left\">Color<\/td>\n<td>silberfarben<\/td>\n<\/tr>\n<tr>\n<td class=\"left\">Transparenz<\/td>\n<td>blickdicht<\/td>\n<\/tr>\n<tr>\n<td class=\"left\">Oberfl\u00e4chenstruktur<\/td>\n<td>glatt<\/td>\n<\/tr>\n<tr>\n<td class=\"left\">Design<\/td>\n<td>unifarben<\/td>\n<\/tr>\n<tr>\n<td class=\"left\">Designerstellungsart<\/td>\n<td>gewebt<\/td>\n<\/tr>\n<\/tbody>\n<\/table>\n<table class=\"dv_characteristicsTable\">\n<tbody>\n<tr>\n<td class=\"left\">Materialart<\/td>\n<td>Poli\u00e9ster<\/td>\n<\/tr>\n<tr>\n<td class=\"left\">Composici\u00f3n del material<\/td>\n<td>Material superior: poli\u00e9ster 100%<\/td>\n<\/tr>\n<tr>\n<td class=\"left\">Material<\/td>\n<td>Poli\u00e9ster<\/td>\n<\/tr>\n<tr>\n<td class=\"left\">Material Aufh\u00e4ngung<\/td>\n<td>Metall<\/td>\n<\/tr>\n<\/tbody>\n<\/table>\n<table class=\"dv_characteristicsTable\">\n<tbody>\n<tr>\n<td class=\"left\">Anzahl Teile<\/td>\n<td>2 St.<\/td>\n<\/tr>\n<\/tbody>\n<\/table>\n<table class=\"dv_characteristicsTable\">\n<tbody>\n<tr>\n<td class=\"left\">Instrucciones de cuidado<\/td>\n<td>30\u00b0C Schonw\u00e4sche<\/td>\n<\/tr>\n<\/tbody>\n<\/table>","protected":false},"featured_media":82548,"comment_status":"open","ping_status":"closed","template":"","meta":{"_seopress_robots_primary_cat":"","_seopress_titles_title":"","_seopress_titles_desc":"","_seopress_robots_index":""},"product_brand":[],"product_cat":[1400,1420],"product_tag":[],"class_list":{"0":"post-82491","1":"product","2":"type-product","3":"status-publish","4":"has-post-thumbnail","6":"product_cat-wohnzubehoer","7":"product_cat-wohndekoration","8":"product_shipping_class-standard-versand","10":"first","11":"instock","12":"sale","13":"taxable","14":"shipping-taxable","15":"purchasable","16":"product-type-simple"},"_links":{"self":[{"href":"https:\/\/www.soanam.de\/es\/wp-json\/wp\/v2\/product\/82491","targetHints":{"allow":["GET"]}}],"collection":[{"href":"https:\/\/www.soanam.de\/es\/wp-json\/wp\/v2\/product"}],"about":[{"href":"https:\/\/www.soanam.de\/es\/wp-json\/wp\/v2\/types\/product"}],"replies":[{"embeddable":true,"href":"https:\/\/www.soanam.de\/es\/wp-json\/wp\/v2\/comments?post=82491"}],"wp:featuredmedia":[{"embeddable":true,"href":"https:\/\/www.soanam.de\/es\/wp-json\/wp\/v2\/media\/82548"}],"wp:attachment":[{"href":"https:\/\/www.soanam.de\/es\/wp-json\/wp\/v2\/media?parent=82491"}],"wp:term":[{"taxonomy":"product_brand","embeddable":true,"href":"https:\/\/www.soanam.de\/es\/wp-json\/wp\/v2\/product_brand?post=82491"},{"taxonomy":"product_cat","embeddable":true,"href":"https:\/\/www.soanam.de\/es\/wp-json\/wp\/v2\/product_cat?post=82491"},{"taxonomy":"product_tag","embeddable":true,"href":"https:\/\/www.soanam.de\/es\/wp-json\/wp\/v2\/product_tag?post=82491"}],"curies":[{"name":"wp","href":"https:\/\/api.w.org\/{rel}","templated":true}]}}

home affaire Vorhang Parry, 2 Stk, mit Ösen, in Silber, Größe 140cmx175cm, B-Ware

<p>Tejido opaco: Para oscurecer ligeramente las habitaciones.<br />
Microfibra de fácil cuidado<br />
Calidad muy fina y ligera, sólo 90 g/m².<br />
Lavable a 30 grados en ciclo delicado</p>
<p>Mit dem modernen 2-tlg. Vorhang Parry von Home affaire lassen sich individuelle Einrichtungskonzepte verwirklichen.<br />
Er ist am oberen Saum mit eingefassten Ösen ausgestattet, um dir das Aufhängen an einer Gardinenschiene zu erleichtern.<br />
Die Reinigung des pflegeleichten Microfaser Vorhangs erfolgt maschinell bei 30 °C im Schonwaschgang.</p>
<p>Material: Parte superior: poliéster 100%<br />
Instrucciones de cuidado: Lavado suave</p>
<p>Farbe: silberfarben<br />
Patrón: sin<br />
Größe: Breite 140cm x Länge 175cm<br />
Nota: Las dimensiones indicadas son las de la tela. Cuando la ventana está totalmente decorada, la anchura se reduce aproximadamente a la mitad.</p>
<p>Se cuelga mediante ojales (diámetro aprox. 35 mm) en la barra de la cortina.</p>
<p>Nota: Se trata de un artículo de segunda mano. Se ha desprendido un hilo de uno de los dos pañuelos, véase la última foto.</p>

<table class="dv_characteristicsTable">
<tbody>
<tr>
<td class="left">Gewicht</td>
<td>90 g/m²</td>
</tr>
<tr>
<td class="left">Breite</td>
<td>140 cm</td>
</tr>
<tr>
<td class="left">Höhe</td>
<td>175 cm</td>
</tr>
</tbody>
</table>
<table class="dv_characteristicsTable">
<tbody>
<tr>
<td class="left">Aufhängung</td>
<td>Ösen</td>
</tr>
<tr>
<td class="left">Abschluss</td>
<td>gerader Abschluss</td>
</tr>
</tbody>
</table>
<table class="dv_characteristicsTable">
<tbody>
<tr>
<td class="left">Color</td>
<td>silberfarben</td>
</tr>
<tr>
<td class="left">Transparenz</td>
<td>blickdicht</td>
</tr>
<tr>
<td class="left">Oberflächenstruktur</td>
<td>glatt</td>
</tr>
<tr>
<td class="left">Design</td>
<td>unifarben</td>
</tr>
<tr>
<td class="left">Designerstellungsart</td>
<td>gewebt</td>
</tr>
</tbody>
</table>
<table class="dv_characteristicsTable">
<tbody>
<tr>
<td class="left">Materialart</td>
<td>Poliéster</td>
</tr>
<tr>
<td class="left">Composición del material</td>
<td>Material superior: poliéster 100%</td>
</tr>
<tr>
<td class="left">Material</td>
<td>Poliéster</td>
</tr>
<tr>
<td class="left">Material Aufhängung</td>
<td>Metall</td>
</tr>
</tbody>
</table>
<table class="dv_characteristicsTable">
<tbody>
<tr>
<td class="left">Anzahl Teile</td>
<td>2 St.</td>
</tr>
</tbody>
</table>
<table class="dv_characteristicsTable">
<tbody>
<tr>
<td class="left">Instrucciones de cuidado</td>
<td>30°C Schonwäsche</td>
</tr>
</tbody>
</table>
