{"id":82483,"date":"2023-12-14T02:25:45","date_gmt":"2023-12-14T01:25:45","guid":{"rendered":"https:\/\/www.soanam.de\/?post_type=product&#038;p=82483"},"modified":"2023-12-14T02:26:13","modified_gmt":"2023-12-14T01:26:13","slug":"mi-casa-cortina-napala-2-piezas-con-ojales-en-gris-tamano-140cmx145cm","status":"publish","type":"product","link":"https:\/\/www.soanam.de\/es\/produkt\/my-home-gardine-napala-2-stk-mit-oesen-in-grau-groesse-140cmx145cm\/","title":{"rendered":"cortina my home Napala, 2 piezas, con ojales, en gris, tama\u00f1o 140cmx145cm"},"content":{"rendered":"<p>Tejido transparente<br \/>\nImpreso por una cara<br \/>\nVoile aut\u00e9ntico<br \/>\nCalidad ligera, s\u00f3lo 50 g\/m\u00b2.<\/p>\n<p>La moderna cortina Napala en un juego de 2 de la marca my home es digna de ver y est\u00e1 de moda gracias al moderno estampado de rayas con motivos gr\u00e1ficos adicionales.<br \/>\nLos colores est\u00e1n armoniosamente coordinados y crean un ambiente animado en el sal\u00f3n o el dormitorio.<br \/>\nComo aut\u00e9ntico gasa, el tejido transparente deja pasar la luz del d\u00eda y gana puntos por su ligereza y su ca\u00edda holgada.<br \/>\nF\u00e1cil de cuidar, se puede lavar a m\u00e1quina en ciclo delicado y se puede colgar en la barra de la cortina en un abrir y cerrar de ojos.<\/p>\n<p>Material: Parte superior: poli\u00e9ster 100%<br \/>\nInstrucciones de cuidado: Lavado suave<\/p>\n<p>Color: gris<br \/>\nPatr\u00f3n: gr\u00e1fico<br \/>\nTama\u00f1o: ancho 140 cm x largo 145 cm<br \/>\nNota: Las dimensiones indicadas son las de la tela. Cuando la ventana est\u00e1 totalmente decorada, la anchura se reduce aproximadamente a la mitad.<\/p>\n<p>Se cuelga mediante ojales (di\u00e1metro aprox. 35 mm) en la barra de la cortina.<\/p>","protected":false},"excerpt":{"rendered":"<table class=\"dv_characteristicsTable\">\n<tbody>\n<tr>\n<td class=\"left\">Gewicht<\/td>\n<td>50 g\/m\u00b2<\/td>\n<\/tr>\n<tr>\n<td class=\"left\">Breite<\/td>\n<td>140 cm<\/td>\n<\/tr>\n<tr>\n<td class=\"left\">H\u00f6he<\/td>\n<td>145 cm<\/td>\n<\/tr>\n<\/tbody>\n<\/table>\n<table class=\"dv_characteristicsTable\">\n<tbody>\n<tr>\n<td class=\"left\">Aufh\u00e4ngung<\/td>\n<td>\u00d6sen<\/td>\n<\/tr>\n<\/tbody>\n<\/table>\n<table class=\"dv_characteristicsTable\">\n<tbody>\n<tr>\n<td class=\"left\">Color<\/td>\n<td>grau<\/td>\n<\/tr>\n<tr>\n<td class=\"left\">Transparenz<\/td>\n<td>transparent<\/td>\n<\/tr>\n<tr>\n<td class=\"left\">Oberfl\u00e4chenstruktur<\/td>\n<td>glatt<\/td>\n<\/tr>\n<tr>\n<td class=\"left\">Design<\/td>\n<td>grafisch<br \/>\nMotiv einseitig<\/td>\n<\/tr>\n<tr>\n<td class=\"left\">Designerstellungsart<\/td>\n<td>bedruckt<\/td>\n<\/tr>\n<\/tbody>\n<\/table>\n<table class=\"dv_characteristicsTable\">\n<tbody>\n<tr>\n<td class=\"left\">Materialart<\/td>\n<td>Voile<\/td>\n<\/tr>\n<tr>\n<td class=\"left\">Composici\u00f3n del material<\/td>\n<td>Material superior: poli\u00e9ster 100%<\/td>\n<\/tr>\n<tr>\n<td class=\"left\">Material<\/td>\n<td>Poli\u00e9ster<\/td>\n<\/tr>\n<tr>\n<td class=\"left\">Material Aufh\u00e4ngung<\/td>\n<td>Metall<\/td>\n<\/tr>\n<\/tbody>\n<\/table>\n<table class=\"dv_characteristicsTable\">\n<tbody>\n<tr>\n<td class=\"left\">Anzahl Teile<\/td>\n<td>2 St.<\/td>\n<\/tr>\n<\/tbody>\n<\/table>\n<table class=\"dv_characteristicsTable\">\n<tbody>\n<tr>\n<td class=\"left\">Instrucciones de cuidado<\/td>\n<td>30\u00b0C Schonw\u00e4sche<\/td>\n<\/tr>\n<\/tbody>\n<\/table>","protected":false},"featured_media":82516,"comment_status":"open","ping_status":"closed","template":"","meta":{"_seopress_robots_primary_cat":"","_seopress_titles_title":"","_seopress_titles_desc":"","_seopress_robots_index":""},"product_brand":[],"product_cat":[1400,1420],"product_tag":[],"class_list":{"0":"post-82483","1":"product","2":"type-product","3":"status-publish","4":"has-post-thumbnail","6":"product_cat-wohnzubehoer","7":"product_cat-wohndekoration","8":"product_shipping_class-standard-versand","10":"first","11":"instock","12":"sale","13":"taxable","14":"shipping-taxable","15":"purchasable","16":"product-type-simple"},"_links":{"self":[{"href":"https:\/\/www.soanam.de\/es\/wp-json\/wp\/v2\/product\/82483","targetHints":{"allow":["GET"]}}],"collection":[{"href":"https:\/\/www.soanam.de\/es\/wp-json\/wp\/v2\/product"}],"about":[{"href":"https:\/\/www.soanam.de\/es\/wp-json\/wp\/v2\/types\/product"}],"replies":[{"embeddable":true,"href":"https:\/\/www.soanam.de\/es\/wp-json\/wp\/v2\/comments?post=82483"}],"wp:featuredmedia":[{"embeddable":true,"href":"https:\/\/www.soanam.de\/es\/wp-json\/wp\/v2\/media\/82516"}],"wp:attachment":[{"href":"https:\/\/www.soanam.de\/es\/wp-json\/wp\/v2\/media?parent=82483"}],"wp:term":[{"taxonomy":"product_brand","embeddable":true,"href":"https:\/\/www.soanam.de\/es\/wp-json\/wp\/v2\/product_brand?post=82483"},{"taxonomy":"product_cat","embeddable":true,"href":"https:\/\/www.soanam.de\/es\/wp-json\/wp\/v2\/product_cat?post=82483"},{"taxonomy":"product_tag","embeddable":true,"href":"https:\/\/www.soanam.de\/es\/wp-json\/wp\/v2\/product_tag?post=82483"}],"curies":[{"name":"wp","href":"https:\/\/api.w.org\/{rel}","templated":true}]}}

cortina my home Napala, 2 piezas, con ojales, en gris, tamaño 140cmx145cm

<p>Tejido transparente<br />
Impreso por una cara<br />
Voile auténtico<br />
Calidad ligera, sólo 50 g/m².</p>
<p>La moderna cortina Napala en un juego de 2 de la marca my home es digna de ver y está de moda gracias al moderno estampado de rayas con motivos gráficos adicionales.<br />
Los colores están armoniosamente coordinados y crean un ambiente animado en el salón o el dormitorio.<br />
Como auténtico gasa, el tejido transparente deja pasar la luz del día y gana puntos por su ligereza y su caída holgada.<br />
Fácil de cuidar, se puede lavar a máquina en ciclo delicado y se puede colgar en la barra de la cortina en un abrir y cerrar de ojos.</p>
<p>Material: Parte superior: poliéster 100%<br />
Instrucciones de cuidado: Lavado suave</p>
<p>Color: gris<br />
Patrón: gráfico<br />
Tamaño: ancho 140 cm x largo 145 cm<br />
Nota: Las dimensiones indicadas son las de la tela. Cuando la ventana está totalmente decorada, la anchura se reduce aproximadamente a la mitad.</p>
<p>Se cuelga mediante ojales (diámetro aprox. 35 mm) en la barra de la cortina.</p>

<table class="dv_characteristicsTable">
<tbody>
<tr>
<td class="left">Gewicht</td>
<td>50 g/m²</td>
</tr>
<tr>
<td class="left">Breite</td>
<td>140 cm</td>
</tr>
<tr>
<td class="left">Höhe</td>
<td>145 cm</td>
</tr>
</tbody>
</table>
<table class="dv_characteristicsTable">
<tbody>
<tr>
<td class="left">Aufhängung</td>
<td>Ösen</td>
</tr>
</tbody>
</table>
<table class="dv_characteristicsTable">
<tbody>
<tr>
<td class="left">Color</td>
<td>grau</td>
</tr>
<tr>
<td class="left">Transparenz</td>
<td>transparent</td>
</tr>
<tr>
<td class="left">Oberflächenstruktur</td>
<td>glatt</td>
</tr>
<tr>
<td class="left">Design</td>
<td>grafisch<br />
Motiv einseitig</td>
</tr>
<tr>
<td class="left">Designerstellungsart</td>
<td>bedruckt</td>
</tr>
</tbody>
</table>
<table class="dv_characteristicsTable">
<tbody>
<tr>
<td class="left">Materialart</td>
<td>Voile</td>
</tr>
<tr>
<td class="left">Composición del material</td>
<td>Material superior: poliéster 100%</td>
</tr>
<tr>
<td class="left">Material</td>
<td>Poliéster</td>
</tr>
<tr>
<td class="left">Material Aufhängung</td>
<td>Metall</td>
</tr>
</tbody>
</table>
<table class="dv_characteristicsTable">
<tbody>
<tr>
<td class="left">Anzahl Teile</td>
<td>2 St.</td>
</tr>
</tbody>
</table>
<table class="dv_characteristicsTable">
<tbody>
<tr>
<td class="left">Instrucciones de cuidado</td>
<td>30°C Schonwäsche</td>
</tr>
</tbody>
</table>
